-- --------------------------------------------------------
-- Versión del servidor:         8.4.3 - MySQL Community Server - GPL
-- SO del servidor:              Win64
-- HeidiSQL Versión:             12.8.0.6908
-- --------------------------------------------------------



-- Volcando estructura de base de datos para tpv_fastfood_crm
CREATE DATABASE IF NOT EXISTS `tpv_fastfood_crm` /*!40100 DEFAULT CHARACTER SET utf8mb4 COLLATE utf8mb4_0900_ai_ci */ /*!80016 DEFAULT ENCRYPTION='N' */;
USE `tpv_fastfood_crm`;

-- Volcando estructura para tabla tpv_fastfood_crm.cajas
CREATE TABLE IF NOT EXISTS `cajas` (
  `id` bigint unsigned NOT NULL AUTO_INCREMENT,
  `user_id` bigint unsigned NOT NULL,
  `fecha_apertura` datetime NOT NULL,
  `fecha_cierre` datetime DEFAULT NULL,
  `saldo_inicial` decimal(12,2) NOT NULL DEFAULT '0.00',
  `total_efectivo` decimal(12,2) NOT NULL DEFAULT '0.00',
  `total_tarjeta` decimal(12,2) NOT NULL DEFAULT '0.00',
  `total_transferencia` decimal(12,2) NOT NULL DEFAULT '0.00',
  `total_otros` decimal(12,2) NOT NULL DEFAULT '0.00',
  `total_ventas` decimal(12,2) NOT NULL DEFAULT '0.00',
  `total_gastos` decimal(12,2) NOT NULL DEFAULT '0.00',
  `saldo_final_calculado` decimal(12,2) NOT NULL DEFAULT '0.00',
  `saldo_final_real` decimal(12,2) DEFAULT NULL,
  `descuadre` decimal(12,2) NOT NULL DEFAULT '0.00',
  `num_pedidos` int NOT NULL DEFAULT '0',
  `observaciones` text COLLATE utf8mb4_unicode_ci,
  `estado` enum('abierta','cerrada') COLLATE utf8mb4_unicode_ci NOT NULL DEFAULT 'abierta',
  `created_at` timestamp NULL DEFAULT NULL,
  `updated_at` timestamp NULL DEFAULT NULL,
  PRIMARY KEY (`id`),
  KEY `cajas_user_id_foreign` (`user_id`),
  CONSTRAINT `cajas_user_id_foreign` FOREIGN KEY (`user_id`) REFERENCES `users` (`id`)
) ENGINE=InnoDB AUTO_INCREMENT=22 DEFAULT CHARSET=utf8mb4 COLLATE=utf8mb4_unicode_ci;

-- Volcando datos para la tabla tpv_fastfood_crm.cajas: ~21 rows (aproximadamente)
DELETE FROM `cajas`;
INSERT INTO `cajas` (`id`, `user_id`, `fecha_apertura`, `fecha_cierre`, `saldo_inicial`, `total_efectivo`, `total_tarjeta`, `total_transferencia`, `total_otros`, `total_ventas`, `total_gastos`, `saldo_final_calculado`, `saldo_final_real`, `descuadre`, `num_pedidos`, `observaciones`, `estado`, `created_at`, `updated_at`) VALUES
	(1, 1, '2026-05-05 11:00:00', '2026-05-05 23:30:00', 100.00, 146.00, 506.72, 0.00, 209.70, 862.42, 90.00, 156.00, 154.02, -1.98, 16, 'Caja del 05/05/2026', 'cerrada', '2026-05-05 16:00:00', '2026-05-15 07:19:44'),
	(2, 3, '2026-05-06 11:00:00', '2026-05-06 23:30:00', 100.00, 323.00, 286.13, 43.30, 0.00, 652.43, 90.00, 333.00, 331.84, -1.16, 13, 'Caja del 06/05/2026', 'cerrada', '2026-05-06 16:00:00', '2026-05-15 07:19:44'),
	(3, 1, '2026-05-07 11:00:00', '2026-05-07 23:30:00', 100.00, 343.10, 430.60, 19.90, 0.00, 793.60, 113.50, 329.60, 331.23, 1.63, 17, 'Caja del 07/05/2026', 'cerrada', '2026-05-07 16:00:00', '2026-05-15 07:19:44'),
	(4, 3, '2026-05-08 11:00:00', '2026-05-08 23:30:00', 100.00, 257.70, 126.90, 0.00, 71.30, 455.90, 95.00, 262.70, 264.65, 1.95, 13, 'Caja del 08/05/2026', 'cerrada', '2026-05-08 16:00:00', '2026-05-15 07:19:44'),
	(5, 1, '2026-05-09 11:00:00', '2026-05-09 23:30:00', 100.00, 613.96, 221.11, 0.00, 181.00, 1016.07, 12.50, 701.46, 702.40, 0.94, 23, 'Caja del 09/05/2026', 'cerrada', '2026-05-09 16:00:00', '2026-05-15 07:19:44'),
	(6, 3, '2026-05-10 11:00:00', '2026-05-10 23:30:00', 100.00, 579.60, 323.65, 0.00, 68.30, 971.55, 175.50, 504.10, 505.60, 1.50, 19, 'Caja del 10/05/2026', 'cerrada', '2026-05-10 16:00:00', '2026-05-15 07:19:44'),
	(7, 1, '2026-05-11 11:00:00', '2026-05-11 23:30:00', 100.00, 196.24, 195.60, 166.20, 35.06, 593.10, 71.00, 225.24, 224.19, -1.05, 13, 'Caja del 11/05/2026', 'cerrada', '2026-05-11 16:00:00', '2026-05-15 07:19:44'),
	(8, 3, '2026-05-12 11:00:00', '2026-05-12 23:30:00', 100.00, 137.50, 188.90, 0.00, 76.10, 402.50, 95.00, 142.50, 142.02, -0.48, 8, 'Caja del 12/05/2026', 'cerrada', '2026-05-12 16:00:00', '2026-05-15 07:19:44'),
	(9, 1, '2026-05-13 11:00:00', '2026-05-13 23:30:00', 100.00, 415.00, 218.61, 0.00, 52.80, 686.41, 35.00, 480.00, 481.02, 1.02, 11, 'Caja del 13/05/2026', 'cerrada', '2026-05-13 16:00:00', '2026-05-15 07:19:44'),
	(10, 3, '2026-05-14 11:00:00', '2026-05-14 23:30:00', 100.00, 455.02, 415.87, 0.00, 149.00, 1019.89, 98.00, 457.02, 457.76, 0.74, 15, 'Caja del 14/05/2026', 'cerrada', '2026-05-14 16:00:00', '2026-05-15 07:19:44'),
	(11, 1, '2026-05-15 10:30:00', NULL, 100.00, 0.00, 0.00, 0.00, 0.00, 0.00, 0.00, 100.00, NULL, 0.00, 0, 'Caja del día actual', 'abierta', '2026-05-15 15:30:00', '2026-05-15 07:19:44'),
	(12, 1, '2026-04-04 10:30:00', '2026-04-04 23:45:00', 150.00, 0.00, 0.00, 0.00, 0.00, 0.00, 0.00, 0.00, NULL, 0.00, 0, 'Caja extra del 04/04/2026', 'cerrada', '2026-04-04 15:30:00', '2026-04-05 04:45:00'),
	(13, 3, '2026-04-11 10:30:00', '2026-04-11 23:45:00', 150.00, 0.00, 0.00, 0.00, 0.00, 0.00, 0.00, 0.00, NULL, 0.00, 0, 'Caja extra del 11/04/2026', 'cerrada', '2026-04-11 15:30:00', '2026-04-12 04:45:00'),
	(14, 1, '2026-04-19 10:30:00', '2026-04-19 23:45:00', 150.00, 0.00, 0.00, 0.00, 0.00, 0.00, 0.00, 0.00, NULL, 0.00, 0, 'Caja extra del 19/04/2026', 'cerrada', '2026-04-19 15:30:00', '2026-04-20 04:45:00'),
	(15, 3, '2026-04-27 10:30:00', '2026-04-27 23:45:00', 150.00, 0.00, 0.00, 0.00, 0.00, 0.00, 0.00, 0.00, NULL, 0.00, 0, 'Caja extra del 27/04/2026', 'cerrada', '2026-04-27 15:30:00', '2026-04-28 04:45:00'),
	(16, 1, '2026-05-01 10:30:00', '2026-05-01 23:45:00', 150.00, 0.00, 0.00, 0.00, 0.00, 0.00, 0.00, 0.00, NULL, 0.00, 0, 'Caja extra del 01/05/2026', 'cerrada', '2026-05-01 15:30:00', '2026-05-02 04:45:00'),
	(17, 3, '2026-05-07 10:30:00', '2026-05-07 23:45:00', 150.00, 0.00, 0.00, 0.00, 0.00, 0.00, 0.00, 0.00, NULL, 0.00, 0, 'Caja extra del 07/05/2026', 'cerrada', '2026-05-07 15:30:00', '2026-05-08 04:45:00'),
	(18, 1, '2026-05-10 10:30:00', '2026-05-10 23:45:00', 150.00, 0.00, 0.00, 0.00, 0.00, 0.00, 0.00, 0.00, NULL, 0.00, 0, 'Caja extra del 10/05/2026', 'cerrada', '2026-05-10 15:30:00', '2026-05-11 04:45:00'),
	(19, 3, '2026-05-14 10:30:00', '2026-05-14 23:45:00', 150.00, 0.00, 0.00, 0.00, 0.00, 0.00, 0.00, 0.00, NULL, 0.00, 0, 'Caja extra del 14/05/2026', 'cerrada', '2026-05-14 15:30:00', '2026-05-15 04:45:00'),
	(20, 1, '2026-05-16 10:30:00', '2026-05-16 23:45:00', 150.00, 0.00, 0.00, 0.00, 0.00, 0.00, 0.00, 0.00, NULL, 0.00, 0, 'Caja extra del 16/05/2026', 'cerrada', '2026-05-16 15:30:00', '2026-05-17 04:45:00'),
	(21, 3, '2026-05-18 10:30:00', '2026-05-18 23:45:00', 150.00, 0.00, 0.00, 0.00, 0.00, 0.00, 0.00, 0.00, NULL, 0.00, 0, 'Caja extra del 18/05/2026', 'cerrada', '2026-05-18 15:30:00', '2026-05-19 04:45:00');

-- Volcando estructura para tabla tpv_fastfood_crm.caja_movimientos
CREATE TABLE IF NOT EXISTS `caja_movimientos` (
  `id` bigint unsigned NOT NULL AUTO_INCREMENT,
  `caja_id` bigint unsigned NOT NULL,
  `user_id` bigint unsigned NOT NULL,
  `tipo` enum('ingreso','gasto','apertura','cierre','ajuste') COLLATE utf8mb4_unicode_ci NOT NULL DEFAULT 'gasto',
  `concepto` varchar(200) COLLATE utf8mb4_unicode_ci NOT NULL,
  `importe` decimal(12,2) NOT NULL,
  `metodo` varchar(30) COLLATE utf8mb4_unicode_ci NOT NULL DEFAULT 'efectivo',
  `fecha` datetime NOT NULL,
  `created_at` timestamp NULL DEFAULT NULL,
  `updated_at` timestamp NULL DEFAULT NULL,
  PRIMARY KEY (`id`),
  KEY `caja_movimientos_caja_id_foreign` (`caja_id`),
  KEY `caja_movimientos_user_id_foreign` (`user_id`),
  CONSTRAINT `caja_movimientos_caja_id_foreign` FOREIGN KEY (`caja_id`) REFERENCES `cajas` (`id`) ON DELETE CASCADE,
  CONSTRAINT `caja_movimientos_user_id_foreign` FOREIGN KEY (`user_id`) REFERENCES `users` (`id`)
) ENGINE=InnoDB AUTO_INCREMENT=36 DEFAULT CHARSET=utf8mb4 COLLATE=utf8mb4_unicode_ci;

-- Volcando datos para la tabla tpv_fastfood_crm.caja_movimientos: ~35 rows (aproximadamente)
DELETE FROM `caja_movimientos`;
INSERT INTO `caja_movimientos` (`id`, `caja_id`, `user_id`, `tipo`, `concepto`, `importe`, `metodo`, `fecha`, `created_at`, `updated_at`) VALUES
	(1, 1, 1, 'gasto', 'Cambio de billetes en banco', 0.00, 'efectivo', '2026-05-05 17:00:00', '2026-05-15 07:19:29', '2026-05-15 07:19:29'),
	(2, 1, 1, 'gasto', 'Pago repartidor (efectivo)', 45.00, 'efectivo', '2026-05-05 13:00:00', '2026-05-15 07:19:29', '2026-05-15 07:19:29'),
	(3, 1, 1, 'gasto', 'Pago repartidor (efectivo)', 45.00, 'efectivo', '2026-05-05 15:00:00', '2026-05-15 07:19:29', '2026-05-15 07:19:29'),
	(4, 2, 3, 'gasto', 'Pago repartidor (efectivo)', 45.00, 'efectivo', '2026-05-06 19:00:00', '2026-05-15 07:19:29', '2026-05-15 07:19:29'),
	(5, 2, 3, 'gasto', 'Pago repartidor (efectivo)', 45.00, 'efectivo', '2026-05-06 18:00:00', '2026-05-15 07:19:29', '2026-05-15 07:19:29'),
	(6, 3, 1, 'gasto', 'Compra fruta', 28.00, 'efectivo', '2026-05-07 13:00:00', '2026-05-15 07:19:29', '2026-05-15 07:19:29'),
	(7, 3, 1, 'gasto', 'Cambio de billetes en banco', 0.00, 'efectivo', '2026-05-07 16:00:00', '2026-05-15 07:19:29', '2026-05-15 07:19:29'),
	(8, 3, 1, 'gasto', 'Pago proveedor refrescos', 85.50, 'efectivo', '2026-05-07 17:00:00', '2026-05-15 07:19:29', '2026-05-15 07:19:29'),
	(9, 4, 3, 'gasto', 'Limpieza local', 15.00, 'efectivo', '2026-05-08 21:00:00', '2026-05-15 07:19:29', '2026-05-15 07:19:29'),
	(10, 4, 3, 'gasto', 'Arreglo cafetera', 35.00, 'efectivo', '2026-05-08 14:00:00', '2026-05-15 07:19:29', '2026-05-15 07:19:29'),
	(11, 4, 3, 'gasto', 'Pago repartidor (efectivo)', 45.00, 'efectivo', '2026-05-08 13:00:00', '2026-05-15 07:19:29', '2026-05-15 07:19:29'),
	(12, 5, 1, 'gasto', 'Compra de servilletas', 12.50, 'efectivo', '2026-05-09 12:00:00', '2026-05-15 07:19:29', '2026-05-15 07:19:29'),
	(13, 5, 1, 'gasto', 'Cambio de billetes en banco', 0.00, 'efectivo', '2026-05-09 15:00:00', '2026-05-15 07:19:29', '2026-05-15 07:19:29'),
	(14, 6, 3, 'gasto', 'Pago proveedor refrescos', 85.50, 'efectivo', '2026-05-10 17:00:00', '2026-05-15 07:19:29', '2026-05-15 07:19:29'),
	(15, 6, 3, 'gasto', 'Pago repartidor (efectivo)', 45.00, 'efectivo', '2026-05-10 17:00:00', '2026-05-15 07:19:29', '2026-05-15 07:19:29'),
	(16, 6, 3, 'gasto', 'Pago repartidor (efectivo)', 45.00, 'efectivo', '2026-05-10 14:00:00', '2026-05-15 07:19:29', '2026-05-15 07:19:29'),
	(17, 7, 1, 'gasto', 'Compra fruta', 28.00, 'efectivo', '2026-05-11 13:00:00', '2026-05-15 07:19:29', '2026-05-15 07:19:29'),
	(18, 7, 1, 'gasto', 'Limpieza local', 15.00, 'efectivo', '2026-05-11 14:00:00', '2026-05-15 07:19:29', '2026-05-15 07:19:29'),
	(19, 7, 1, 'gasto', 'Compra fruta', 28.00, 'efectivo', '2026-05-11 21:00:00', '2026-05-15 07:19:29', '2026-05-15 07:19:29'),
	(20, 8, 3, 'gasto', 'Limpieza local', 15.00, 'efectivo', '2026-05-12 19:00:00', '2026-05-15 07:19:29', '2026-05-15 07:19:29'),
	(21, 8, 3, 'gasto', 'Arreglo cafetera', 35.00, 'efectivo', '2026-05-12 18:00:00', '2026-05-15 07:19:29', '2026-05-15 07:19:29'),
	(22, 8, 3, 'gasto', 'Pago repartidor (efectivo)', 45.00, 'efectivo', '2026-05-12 16:00:00', '2026-05-15 07:19:29', '2026-05-15 07:19:29'),
	(23, 9, 1, 'gasto', 'Arreglo cafetera', 35.00, 'efectivo', '2026-05-13 21:00:00', '2026-05-15 07:19:29', '2026-05-15 07:19:29'),
	(24, 10, 3, 'gasto', 'Compra de servilletas', 12.50, 'efectivo', '2026-05-14 14:00:00', '2026-05-15 07:19:29', '2026-05-15 07:19:29'),
	(25, 10, 3, 'gasto', 'Pago proveedor refrescos', 85.50, 'efectivo', '2026-05-14 20:00:00', '2026-05-15 07:19:29', '2026-05-15 07:19:29'),
	(26, 12, 1, 'gasto', 'Compra de servilletas premium', 18.40, 'efectivo', '2026-04-04 16:30:00', '2026-04-05 00:30:00', '2026-04-04 19:30:00'),
	(27, 13, 3, 'gasto', 'Pago propinas repartidor', 32.00, 'efectivo', '2026-04-11 12:30:00', '2026-04-12 01:30:00', '2026-04-11 20:30:00'),
	(28, 14, 1, 'gasto', 'Reposición productos limpieza', 47.85, 'efectivo', '2026-04-19 16:30:00', '2026-04-20 01:30:00', '2026-04-19 22:30:00'),
	(29, 15, 3, 'gasto', 'Compra de pan a panadería local', 25.60, 'efectivo', '2026-04-27 14:30:00', '2026-04-27 19:30:00', '2026-04-27 17:30:00'),
	(30, 16, 1, 'gasto', 'Mantenimiento horno de pizza', 120.00, 'tarjeta', '2026-05-01 16:30:00', '2026-05-02 00:30:00', '2026-05-01 16:30:00'),
	(31, 17, 3, 'gasto', 'Pago a proveedor de bebidas', 210.50, 'transferencia', '2026-05-07 15:30:00', '2026-05-07 21:30:00', '2026-05-08 01:30:00'),
	(32, 18, 1, 'gasto', 'Reposición de cambio en banco', 50.00, 'efectivo', '2026-05-10 13:30:00', '2026-05-10 16:30:00', '2026-05-10 18:30:00'),
	(33, 19, 3, 'gasto', 'Compra de verduras frescas', 65.30, 'efectivo', '2026-05-14 17:30:00', '2026-05-14 17:30:00', '2026-05-14 16:30:00'),
	(34, 20, 1, 'gasto', 'Pago publicidad redes sociales', 75.00, 'tarjeta', '2026-05-16 12:30:00', '2026-05-16 23:30:00', '2026-05-16 22:30:00'),
	(35, 21, 3, 'gasto', 'Compra de menaje desechable', 38.90, 'efectivo', '2026-05-18 20:30:00', '2026-05-18 19:30:00', '2026-05-18 18:30:00');

-- Volcando estructura para tabla tpv_fastfood_crm.categorias
CREATE TABLE IF NOT EXISTS `categorias` (
  `id` bigint unsigned NOT NULL AUTO_INCREMENT,
  `nombre` varchar(100) COLLATE utf8mb4_unicode_ci NOT NULL,
  `slug` varchar(120) COLLATE utf8mb4_unicode_ci NOT NULL,
  `descripcion` text COLLATE utf8mb4_unicode_ci,
  `icono` varchar(50) COLLATE utf8mb4_unicode_ci DEFAULT NULL COMMENT 'FontAwesome icon class',
  `color` varchar(7) COLLATE utf8mb4_unicode_ci NOT NULL DEFAULT '#28a745',
  `imagen` varchar(250) COLLATE utf8mb4_unicode_ci DEFAULT NULL,
  `orden` int NOT NULL DEFAULT '0',
  `activa` tinyint(1) NOT NULL DEFAULT '1',
  `mostrar_tpv` tinyint(1) NOT NULL DEFAULT '1',
  `created_at` timestamp NULL DEFAULT NULL,
  `updated_at` timestamp NULL DEFAULT NULL,
  PRIMARY KEY (`id`),
  UNIQUE KEY `categorias_slug_unique` (`slug`),
  KEY `categorias_activa_orden_index` (`activa`,`orden`)
) ENGINE=InnoDB AUTO_INCREMENT=21 DEFAULT CHARSET=utf8mb4 COLLATE=utf8mb4_unicode_ci;

-- Volcando datos para la tabla tpv_fastfood_crm.categorias: ~20 rows (aproximadamente)
DELETE FROM `categorias`;
INSERT INTO `categorias` (`id`, `nombre`, `slug`, `descripcion`, `icono`, `color`, `imagen`, `orden`, `activa`, `mostrar_tpv`, `created_at`, `updated_at`) VALUES
	(1, 'Pizzas', 'pizzas', 'Nuestras pizzas artesanales al horno de leña', 'pizza-slice', '#dc3545', NULL, 1, 1, 1, '2025-11-25 07:19:29', '2026-05-15 07:19:29'),
	(2, 'Hamburguesas', 'hamburguesas', 'Hamburguesas 100% carne fresca', 'hamburger', '#ffc107', NULL, 2, 1, 1, '2025-12-02 07:19:29', '2026-05-15 07:19:29'),
	(3, 'Bocadillos', 'bocadillos', 'Bocadillos calientes y fríos', 'bread-slice', '#fd7e14', NULL, 3, 1, 1, '2026-03-04 07:19:29', '2026-05-15 07:19:29'),
	(4, 'Pastas', 'pastas', 'Pasta italiana auténtica', 'utensils', '#28a745', NULL, 4, 1, 1, '2026-01-26 07:19:29', '2026-05-15 07:19:29'),
	(5, 'Ensaladas', 'ensaladas', 'Ensaladas frescas y saludables', 'leaf', '#20c997', NULL, 5, 1, 1, '2026-02-24 07:19:29', '2026-05-15 07:19:29'),
	(6, 'Bebidas', 'bebidas', 'Refrescos, cervezas y agua', 'glass-whiskey', '#17a2b8', NULL, 6, 1, 1, '2026-02-28 07:19:29', '2026-05-15 07:19:29'),
	(7, 'Postres', 'postres', 'Postres caseros y helados', 'ice-cream', '#e83e8c', NULL, 7, 1, 1, '2026-02-15 07:19:29', '2026-05-15 07:19:29'),
	(8, 'Acompañamientos', 'acompanamientos', 'Patatas, aros y guarniciones', 'cookie-bite', '#6f42c1', NULL, 8, 1, 1, '2025-11-10 07:19:29', '2026-05-15 07:19:29'),
	(9, 'Menús del día', 'menus-del-dia', 'Menús completos con descuento', 'concierge-bell', '#007bff', NULL, 9, 1, 1, '2025-12-31 07:19:29', '2026-05-15 07:19:29'),
	(10, 'Promociones', 'promociones', 'Ofertas especiales y combos', 'percent', '#dc3545', NULL, 10, 1, 1, '2025-11-10 07:19:29', '2026-05-15 07:19:29'),
	(11, 'Sushi y Asiático', 'sushi-y-asiatico-hbOU', 'Sushi, makis y especialidades asiáticas', 'fish', '#0d6efd', NULL, 11, 1, 1, '2026-03-05 18:44:54', '2026-03-05 18:44:54'),
	(12, 'Tacos Mexicanos', 'tacos-mexicanos-vG0e', 'Auténticos tacos y burritos', 'pepper-hot', '#ff6b35', NULL, 12, 1, 1, '2026-03-15 18:44:54', '2026-03-15 18:44:54'),
	(13, 'Wraps y Kebabs', 'wraps-y-kebabs-SXDg', 'Wraps de pollo, ternera y vegetales', 'drumstick-bite', '#8b4513', NULL, 13, 1, 1, '2026-03-25 18:44:54', '2026-03-25 18:44:54'),
	(14, 'Bowls Saludables', 'bowls-saludables-bMKt', 'Poke bowls y buddha bowls', 'bowl-food', '#16a085', NULL, 14, 1, 1, '2026-04-04 18:44:54', '2026-04-04 18:44:54'),
	(15, 'Cafés y Tés', 'cafes-y-tes-9rml', 'Cafés especiales, tés e infusiones', 'mug-hot', '#795548', NULL, 15, 1, 1, '2026-04-11 18:44:54', '2026-04-11 18:44:54'),
	(16, 'Desayunos', 'desayunos-7JHz', 'Desayunos completos y tostadas', 'egg', '#f39c12', NULL, 16, 1, 1, '2026-04-19 18:44:54', '2026-04-19 18:44:54'),
	(17, 'Veggie & Vegano', 'veggie-vegano-w1jJ', 'Opciones 100% vegetales', 'seedling', '#27ae60', NULL, 17, 1, 1, '2026-04-27 18:44:54', '2026-04-27 18:44:54'),
	(18, 'Sin Gluten', 'sin-gluten-Mejy', 'Productos certificados sin gluten', 'wheat-awn-circle-exclamation', '#9b59b6', NULL, 18, 1, 1, '2026-05-01 18:44:54', '2026-05-01 18:44:54'),
	(19, 'Sopas y Cremas', 'sopas-y-cremas-LXkT', 'Sopas calientes y caldos', 'bowl-rice', '#e67e22', NULL, 19, 1, 1, '2026-05-09 18:44:54', '2026-05-09 18:44:54'),
	(20, 'Catering Eventos', 'catering-eventos-mRum', 'Servicio de catering para eventos especiales', 'champagne-glasses', '#c0392b', NULL, 20, 1, 1, '2026-05-16 18:44:54', '2026-05-16 18:44:54');

-- Volcando estructura para tabla tpv_fastfood_crm.clientes
CREATE TABLE IF NOT EXISTS `clientes` (
  `id` bigint unsigned NOT NULL AUTO_INCREMENT,
  `codigo` varchar(30) COLLATE utf8mb4_unicode_ci DEFAULT NULL,
  `nombre` varchar(100) COLLATE utf8mb4_unicode_ci NOT NULL,
  `apellidos` varchar(150) COLLATE utf8mb4_unicode_ci DEFAULT NULL,
  `razon_social` varchar(250) COLLATE utf8mb4_unicode_ci DEFAULT NULL,
  `nif_cif` varchar(30) COLLATE utf8mb4_unicode_ci DEFAULT NULL,
  `tipo_documento_pe` enum('0','1','4','6','7','A','B','C','D','E') COLLATE utf8mb4_unicode_ci DEFAULT NULL COMMENT 'Catálogo 06 SUNAT: 1=DNI, 6=RUC, 7=Pasaporte, 4=CE, 0=Sin documento',
  `email` varchar(150) COLLATE utf8mb4_unicode_ci DEFAULT NULL,
  `telefono` varchar(30) COLLATE utf8mb4_unicode_ci DEFAULT NULL,
  `movil` varchar(30) COLLATE utf8mb4_unicode_ci DEFAULT NULL,
  `fecha_nacimiento` date DEFAULT NULL,
  `genero` enum('M','F','Otro') COLLATE utf8mb4_unicode_ci DEFAULT NULL,
  `direccion` varchar(250) COLLATE utf8mb4_unicode_ci DEFAULT NULL,
  `numero` varchar(20) COLLATE utf8mb4_unicode_ci DEFAULT NULL,
  `piso` varchar(20) COLLATE utf8mb4_unicode_ci DEFAULT NULL,
  `puerta` varchar(10) COLLATE utf8mb4_unicode_ci DEFAULT NULL,
  `codigo_postal` varchar(15) COLLATE utf8mb4_unicode_ci DEFAULT NULL,
  `ciudad` varchar(100) COLLATE utf8mb4_unicode_ci DEFAULT NULL,
  `provincia` varchar(100) COLLATE utf8mb4_unicode_ci DEFAULT NULL,
  `pais` varchar(80) COLLATE utf8mb4_unicode_ci NOT NULL DEFAULT 'España',
  `referencia_direccion` text COLLATE utf8mb4_unicode_ci COMMENT 'Indicaciones para el repartidor',
  `latitud` decimal(10,7) DEFAULT NULL,
  `longitud` decimal(10,7) DEFAULT NULL,
  `tipo` enum('particular','empresa','vip') COLLATE utf8mb4_unicode_ci NOT NULL DEFAULT 'particular',
  `notas` text COLLATE utf8mb4_unicode_ci,
  `preferencias` json DEFAULT NULL COMMENT 'Alergias, productos favoritos, etc.',
  `puntos_fidelidad` int NOT NULL DEFAULT '0',
  `saldo_credito` decimal(10,2) NOT NULL DEFAULT '0.00',
  `descuento_fijo` decimal(5,2) NOT NULL DEFAULT '0.00' COMMENT '% de descuento permanente',
  `total_pedidos` int NOT NULL DEFAULT '0',
  `total_gastado` decimal(12,2) NOT NULL DEFAULT '0.00',
  `ultimo_pedido_at` timestamp NULL DEFAULT NULL,
  `acepta_marketing` tinyint(1) NOT NULL DEFAULT '0',
  `activo` tinyint(1) NOT NULL DEFAULT '1',
  `created_at` timestamp NULL DEFAULT NULL,
  `updated_at` timestamp NULL DEFAULT NULL,
  PRIMARY KEY (`id`),
  UNIQUE KEY `clientes_codigo_unique` (`codigo`),
  KEY `clientes_nombre_apellidos_index` (`nombre`,`apellidos`),
  KEY `clientes_email_index` (`email`),
  KEY `clientes_telefono_index` (`telefono`),
  KEY `clientes_movil_index` (`movil`)
) ENGINE=InnoDB AUTO_INCREMENT=23 DEFAULT CHARSET=utf8mb4 COLLATE=utf8mb4_unicode_ci;

-- Volcando datos para la tabla tpv_fastfood_crm.clientes: ~22 rows (aproximadamente)
DELETE FROM `clientes`;
INSERT INTO `clientes` (`id`, `codigo`, `nombre`, `apellidos`, `razon_social`, `nif_cif`, `tipo_documento_pe`, `email`, `telefono`, `movil`, `fecha_nacimiento`, `genero`, `direccion`, `numero`, `piso`, `puerta`, `codigo_postal`, `ciudad`, `provincia`, `pais`, `referencia_direccion`, `latitud`, `longitud`, `tipo`, `notas`, `preferencias`, `puntos_fidelidad`, `saldo_credito`, `descuento_fijo`, `total_pedidos`, `total_gastado`, `ultimo_pedido_at`, `acepta_marketing`, `activo`, `created_at`, `updated_at`) VALUES
	(1, 'CLI-0001', 'Juan', 'García López', NULL, NULL, NULL, 'juan@email.com', '912345001', '611111111', '1985-05-06', NULL, 'Calle Goya', '14', NULL, NULL, '28009', 'Madrid', 'Madrid', 'España', NULL, NULL, NULL, 'particular', NULL, NULL, 2184, 0.00, 0.00, 38, 2184.12, '2026-05-13 03:25:00', 1, 1, '2026-03-10 07:19:29', '2026-05-15 07:19:44'),
	(2, 'CLI-0002', 'María', 'Fernández Ruiz', NULL, NULL, NULL, 'maria@email.com', '932000002', '622222222', '1990-03-15', NULL, 'Avenida Diagonal', '200', NULL, NULL, '08018', 'Barcelona', 'Barcelona', 'España', NULL, NULL, NULL, 'vip', NULL, NULL, 2415, 0.00, 0.00, 55, 2415.59, '2026-05-14 20:47:00', 1, 1, '2026-01-19 07:19:29', '2026-05-15 07:19:44'),
	(3, 'CLI-0003', 'Carlos', 'Martínez Soto', NULL, NULL, NULL, 'carlos@email.com', '954000003', '633333333', '1978-08-22', NULL, 'Calle Sierpes', '30', NULL, NULL, '41003', 'Sevilla', 'Sevilla', 'España', NULL, NULL, NULL, 'particular', NULL, NULL, 1953, 0.00, 0.00, 40, 1953.29, '2026-05-12 01:57:00', 1, 1, '2026-02-09 07:19:29', '2026-05-15 07:19:44'),
	(4, 'CLI-0004', 'Lucía', 'Pérez Sanz', NULL, NULL, NULL, 'lucia@email.com', '923000004', '644444444', '1992-11-30', NULL, 'Plaza Mayor', '1', NULL, NULL, '37002', 'Salamanca', 'Salamanca', 'España', NULL, NULL, NULL, 'particular', NULL, NULL, 1397, 0.00, 0.00, 33, 1397.85, '2026-05-15 02:32:00', 1, 1, '2026-04-23 07:19:29', '2026-05-15 07:19:44'),
	(5, 'CLI-0005', 'Restaurante Pizza Express', '', NULL, NULL, NULL, 'demo@empresa.com', '963000005', '655555555', NULL, NULL, 'Avenida Principal', '100', NULL, NULL, '46001', 'Valencia', 'Valencia', 'España', NULL, NULL, NULL, 'empresa', NULL, NULL, 2758, 0.00, 0.00, 45, 2758.56, '2026-05-13 19:10:00', 1, 1, '2026-01-17 07:19:29', '2026-05-15 07:19:44'),
	(6, 'CLI-0006', 'Andrea', 'Sánchez Vega', NULL, NULL, NULL, 'andrea@email.com', '981000006', '666666666', '1988-05-06', NULL, 'Rúa do Vilar', '47', NULL, NULL, '15705', 'Santiago', 'A Coruña', 'España', NULL, NULL, NULL, 'vip', NULL, NULL, 2512, 0.00, 0.00, 47, 2512.16, '2026-05-10 23:01:00', 1, 1, '2025-12-14 07:19:29', '2026-05-15 07:19:44'),
	(7, 'CLI-0007', 'David', 'Rodríguez Núñez', NULL, NULL, NULL, 'david@email.com', '976000007', '677777777', '1983-07-10', NULL, 'Paseo Independencia', '12', NULL, NULL, '50001', 'Zaragoza', 'Zaragoza', 'España', NULL, NULL, NULL, 'particular', NULL, NULL, 2201, 0.00, 0.00, 45, 2201.75, '2026-05-14 03:48:00', 1, 1, '2026-04-12 07:19:29', '2026-05-15 07:19:44'),
	(8, 'CLI-0008', 'Patricia', 'González Pardo', NULL, NULL, NULL, 'patricia@email.com', '948000008', '688888888', '1995-09-25', NULL, 'Avenida de Carlos III', '7', NULL, NULL, '31002', 'Pamplona', 'Navarra', 'España', NULL, NULL, NULL, 'particular', NULL, NULL, 1728, 0.00, 0.00, 36, 1728.10, '2026-05-13 22:26:00', 1, 1, '2025-12-05 07:19:29', '2026-05-15 07:19:44'),
	(9, 'CLI-0009', 'Miguel', 'Torres Aguilar', NULL, NULL, NULL, 'miguel@email.com', '957000009', '699999999', '1980-02-14', NULL, 'Calle Cruz Conde', '15', NULL, NULL, '14001', 'Córdoba', 'Córdoba', 'España', NULL, NULL, NULL, 'particular', NULL, NULL, 2181, 0.00, 0.00, 45, 2181.91, '2026-05-15 03:27:00', 1, 1, '2026-01-17 07:19:29', '2026-05-15 07:19:44'),
	(10, 'CLI-0010', 'Sara', 'Jiménez Ramos', NULL, NULL, NULL, 'sara@email.com', '925000010', '600101010', '1993-12-05', NULL, 'Plaza de Zocodover', '8', NULL, NULL, '45001', 'Toledo', 'Toledo', 'España', NULL, NULL, NULL, 'particular', NULL, NULL, 2123, 0.00, 0.00, 44, 2123.25, '2026-05-10 22:32:00', 1, 1, '2026-01-11 07:19:29', '2026-05-15 07:19:44'),
	(11, 'CLI-0011', 'Café Bar Central', '', NULL, NULL, NULL, 'cafebarcentral@email.com', '928000011', '600111111', NULL, NULL, 'Calle Triana', '88', NULL, NULL, '35002', 'Las Palmas', 'Las Palmas', 'España', NULL, NULL, NULL, 'empresa', NULL, NULL, 2042, 0.00, 0.00, 39, 2042.29, '2026-05-14 20:29:00', 1, 1, '2025-12-14 07:19:29', '2026-05-15 07:19:44'),
	(12, 'CLI-0012', 'Roberto', 'Domínguez Castro', NULL, NULL, NULL, 'roberto@email.com', '941000012', '600121212', '1975-04-18', NULL, 'Calle Portales', '23', NULL, NULL, '26001', 'Logroño', 'La Rioja', 'España', NULL, NULL, NULL, 'vip', NULL, NULL, 1699, 0.00, 0.00, 27, 1699.97, '2026-05-13 23:14:00', 1, 1, '2026-04-22 07:19:29', '2026-05-15 07:19:44'),
	(13, 'CLI-0112', 'Elena', 'Vázquez Cortés', NULL, NULL, NULL, 'elena.v@email.com', '915001001', '612001001', '1989-05-18', NULL, 'Calle Alcalá', '210', NULL, NULL, '28028', 'Madrid', 'Madrid', 'España', NULL, NULL, NULL, 'vip', NULL, NULL, 0, 0.00, 10.00, 0, 0.00, NULL, 1, 1, '2026-02-18 18:44:54', '2026-02-18 18:44:54'),
	(14, 'CLI-0113', 'Javier', 'Mendoza Pinto', NULL, NULL, NULL, 'jmendoza@email.com', '915001002', '612001002', '1991-02-14', NULL, 'Gran Vía', '50', NULL, NULL, '28013', 'Madrid', 'Madrid', 'España', NULL, NULL, NULL, 'particular', NULL, NULL, 0, 0.00, 0.00, 0, 0.00, NULL, 1, 1, '2026-02-28 18:44:54', '2026-02-28 18:44:54'),
	(15, 'CLI-0114', 'Inés', 'Herrera Caro', NULL, NULL, NULL, 'ines.h@email.com', '935001003', '612001003', '1986-09-30', NULL, 'Carrer de Mallorca', '270', NULL, NULL, '08008', 'Barcelona', 'Barcelona', 'España', NULL, NULL, NULL, 'particular', NULL, NULL, 0, 0.00, 0.00, 0, 0.00, NULL, 1, 1, '2026-03-10 18:44:54', '2026-03-10 18:44:54'),
	(16, 'CLI-0115', 'Tomás', 'Salazar Ríos', NULL, NULL, NULL, 'tsalazar@email.com', '955001004', '612001004', '1979-11-11', NULL, 'Calle Betis', '15', NULL, NULL, '41010', 'Sevilla', 'Sevilla', 'España', NULL, NULL, NULL, 'vip', NULL, NULL, 0, 0.00, 10.00, 0, 0.00, NULL, 1, 1, '2026-03-20 18:44:54', '2026-03-20 18:44:54'),
	(17, 'CLI-0116', 'Mariana', 'Flores Quintana', NULL, NULL, NULL, 'mariana@email.com', '965001005', '612001005', '1994-07-22', NULL, 'Rambla', '88', NULL, NULL, '03002', 'Alicante', 'Alicante', 'España', NULL, NULL, NULL, 'particular', NULL, NULL, 0, 0.00, 0.00, 0, 0.00, NULL, 1, 1, '2026-03-30 18:44:54', '2026-03-30 18:44:54'),
	(18, 'CLI-0117', 'Restaurante Don Pepe', '', NULL, NULL, NULL, 'donpepe@empresa.com', '935001006', '612001006', NULL, NULL, 'Av. Meridiana', '300', NULL, NULL, '08020', 'Barcelona', 'Barcelona', 'España', NULL, NULL, NULL, 'empresa', NULL, NULL, 0, 0.00, 0.00, 0, 0.00, NULL, 1, 1, '2026-04-09 18:44:54', '2026-04-09 18:44:54'),
	(19, 'CLI-0118', 'Catering Bonjour', '', NULL, NULL, NULL, 'bonjour@empresa.com', '912001007', '612001007', NULL, NULL, 'Paseo de la Castellana', '45', NULL, NULL, '28046', 'Madrid', 'Madrid', 'España', NULL, NULL, NULL, 'empresa', NULL, NULL, 0, 0.00, 0.00, 0, 0.00, NULL, 1, 1, '2026-04-19 18:44:54', '2026-04-19 18:44:54'),
	(20, 'CLI-0119', 'Daniela', 'Ortiz Bravo', NULL, NULL, NULL, 'daniela.o@email.com', '961001008', '612001008', '1996-03-08', NULL, 'Av. del Puerto', '110', NULL, NULL, '46023', 'Valencia', 'Valencia', 'España', NULL, NULL, NULL, 'particular', NULL, NULL, 0, 0.00, 0.00, 0, 0.00, NULL, 1, 1, '2026-04-29 18:44:54', '2026-04-29 18:44:54'),
	(21, 'CLI-0120', 'Sergio', 'Ramírez Cabrera', NULL, NULL, NULL, 'sramirez@email.com', '948001009', '612001009', '1982-08-14', NULL, 'Av. Pío XII', '20', NULL, NULL, '31008', 'Pamplona', 'Navarra', 'España', NULL, NULL, NULL, 'particular', NULL, NULL, 0, 0.00, 0.00, 0, 0.00, NULL, 1, 1, '2026-05-09 18:44:54', '2026-05-09 18:44:54'),
	(22, 'CLI-0121', 'Lorena', 'Cabrera Soler', NULL, NULL, NULL, 'lcabrera@email.com', '922001010', '612001010', '1990-12-02', NULL, 'Calle Castillo', '30', NULL, NULL, '38002', 'Sta. Cruz', 'Tenerife', 'España', NULL, NULL, NULL, 'vip', NULL, NULL, 0, 0.00, 10.00, 0, 0.00, NULL, 1, 1, '2026-05-16 18:44:54', '2026-05-16 18:44:54');

-- Volcando estructura para tabla tpv_fastfood_crm.cliente_direcciones
CREATE TABLE IF NOT EXISTS `cliente_direcciones` (
  `id` bigint unsigned NOT NULL AUTO_INCREMENT,
  `cliente_id` bigint unsigned NOT NULL,
  `alias` varchar(50) COLLATE utf8mb4_unicode_ci NOT NULL DEFAULT 'Dirección',
  `direccion` varchar(250) COLLATE utf8mb4_unicode_ci NOT NULL,
  `numero` varchar(20) COLLATE utf8mb4_unicode_ci DEFAULT NULL,
  `piso` varchar(20) COLLATE utf8mb4_unicode_ci DEFAULT NULL,
  `puerta` varchar(10) COLLATE utf8mb4_unicode_ci DEFAULT NULL,
  `codigo_postal` varchar(15) COLLATE utf8mb4_unicode_ci DEFAULT NULL,
  `ciudad` varchar(100) COLLATE utf8mb4_unicode_ci DEFAULT NULL,
  `referencia` text COLLATE utf8mb4_unicode_ci,
  `latitud` decimal(10,7) DEFAULT NULL,
  `longitud` decimal(10,7) DEFAULT NULL,
  `predeterminada` tinyint(1) NOT NULL DEFAULT '0',
  `created_at` timestamp NULL DEFAULT NULL,
  `updated_at` timestamp NULL DEFAULT NULL,
  PRIMARY KEY (`id`),
  KEY `cliente_direcciones_cliente_id_foreign` (`cliente_id`),
  CONSTRAINT `cliente_direcciones_cliente_id_foreign` FOREIGN KEY (`cliente_id`) REFERENCES `clientes` (`id`) ON DELETE CASCADE
) ENGINE=InnoDB AUTO_INCREMENT=11 DEFAULT CHARSET=utf8mb4 COLLATE=utf8mb4_unicode_ci;

-- Volcando datos para la tabla tpv_fastfood_crm.cliente_direcciones: ~10 rows (aproximadamente)
DELETE FROM `cliente_direcciones`;
INSERT INTO `cliente_direcciones` (`id`, `cliente_id`, `alias`, `direccion`, `numero`, `piso`, `puerta`, `codigo_postal`, `ciudad`, `referencia`, `latitud`, `longitud`, `predeterminada`, `created_at`, `updated_at`) VALUES
	(1, 22, 'Casa', 'Calle Mayor', '15', NULL, NULL, '28013', 'Madrid', NULL, NULL, NULL, 1, '2026-04-17 18:44:54', '2026-04-08 18:44:54'),
	(2, 21, 'Trabajo', 'Avenida Diagonal', '450', NULL, NULL, '08036', 'Barcelona', NULL, NULL, NULL, 0, '2026-04-11 18:44:54', '2026-05-15 18:44:54'),
	(3, 20, 'Casa', 'Carrer Pelai', '12', NULL, NULL, '08001', 'Barcelona', NULL, NULL, NULL, 0, '2026-05-03 18:44:54', '2026-03-31 18:44:54'),
	(4, 19, 'Oficina', 'Paseo de Gracia', '90', NULL, NULL, '08008', 'Barcelona', NULL, NULL, NULL, 0, '2026-03-22 18:44:54', '2026-03-30 18:44:54'),
	(5, 18, 'Familiar', 'Calle Larios', '4', NULL, NULL, '29005', 'Málaga', NULL, NULL, NULL, 0, '2026-04-10 18:44:54', '2026-04-03 18:44:54'),
	(6, 17, 'Trabajo', 'Calle Sierpes', '50', NULL, NULL, '41004', 'Sevilla', NULL, NULL, NULL, 0, '2026-04-27 18:44:54', '2026-05-08 18:44:54'),
	(7, 16, 'Casa', 'Av. de la Constitución', '3', NULL, NULL, '41001', 'Sevilla', NULL, NULL, NULL, 0, '2026-04-05 18:44:54', '2026-03-20 18:44:54'),
	(8, 15, 'Estudio', 'Calle de Atocha', '100', NULL, NULL, '28012', 'Madrid', NULL, NULL, NULL, 0, '2026-03-26 18:44:54', '2026-04-27 18:44:54'),
	(9, 14, 'Casa', 'Calle del Carmen', '20', NULL, NULL, '46003', 'Valencia', NULL, NULL, NULL, 0, '2026-04-13 18:44:54', '2026-05-14 18:44:54'),
	(10, 13, 'Trabajo', 'Rambla de Catalunya', '60', NULL, NULL, '08007', 'Barcelona', NULL, NULL, NULL, 0, '2026-03-24 18:44:54', '2026-04-24 18:44:54');

-- Volcando estructura para tabla tpv_fastfood_crm.comprobantes_electronicos
CREATE TABLE IF NOT EXISTS `comprobantes_electronicos` (
  `id` bigint unsigned NOT NULL AUTO_INCREMENT,
  `pedido_id` bigint unsigned DEFAULT NULL,
  `cliente_id` bigint unsigned DEFAULT NULL,
  `user_id` bigint unsigned DEFAULT NULL,
  `tipo` enum('01','03','07','08') COLLATE utf8mb4_unicode_ci NOT NULL COMMENT '01=Factura, 03=Boleta, 07=NC, 08=ND',
  `serie` varchar(10) COLLATE utf8mb4_unicode_ci NOT NULL,
  `numero` int NOT NULL,
  `numero_completo` varchar(30) COLLATE utf8mb4_unicode_ci NOT NULL COMMENT 'SERIE-NUMERO ej F001-00000001',
  `fecha_emision` date NOT NULL,
  `hora_emision` time DEFAULT NULL,
  `fecha_vencimiento` date DEFAULT NULL,
  `tipo_doc_receptor` varchar(2) COLLATE utf8mb4_unicode_ci NOT NULL COMMENT '1=DNI, 6=RUC, 7=Pasaporte, 4=CE, 0=Sin doc',
  `num_doc_receptor` varchar(20) COLLATE utf8mb4_unicode_ci NOT NULL,
  `razon_social_receptor` varchar(250) COLLATE utf8mb4_unicode_ci NOT NULL,
  `direccion_receptor` varchar(300) COLLATE utf8mb4_unicode_ci DEFAULT NULL,
  `email_receptor` varchar(150) COLLATE utf8mb4_unicode_ci DEFAULT NULL,
  `moneda` varchar(3) COLLATE utf8mb4_unicode_ci NOT NULL DEFAULT 'PEN',
  `total_gravado` decimal(14,2) NOT NULL DEFAULT '0.00' COMMENT 'Operaciones gravadas',
  `total_exonerado` decimal(14,2) NOT NULL DEFAULT '0.00',
  `total_inafecto` decimal(14,2) NOT NULL DEFAULT '0.00',
  `total_exportacion` decimal(14,2) NOT NULL DEFAULT '0.00',
  `total_gratuito` decimal(14,2) NOT NULL DEFAULT '0.00',
  `total_descuento` decimal(14,2) NOT NULL DEFAULT '0.00',
  `igv` decimal(14,2) NOT NULL DEFAULT '0.00',
  `total` decimal(14,2) NOT NULL DEFAULT '0.00',
  `total_letras` varchar(300) COLLATE utf8mb4_unicode_ci DEFAULT NULL,
  `doc_modificado_tipo` varchar(2) COLLATE utf8mb4_unicode_ci DEFAULT NULL,
  `doc_modificado_numero` varchar(30) COLLATE utf8mb4_unicode_ci DEFAULT NULL,
  `motivo_anulacion` varchar(250) COLLATE utf8mb4_unicode_ci DEFAULT NULL,
  `codigo_motivo_nota` varchar(5) COLLATE utf8mb4_unicode_ci DEFAULT NULL COMMENT 'Catálogo 09 (NC) / 10 (ND)',
  `estado` enum('borrador','generado','firmado','enviado','aceptado','observado','rechazado','anulado','error') COLLATE utf8mb4_unicode_ci NOT NULL DEFAULT 'borrador',
  `xml_path` varchar(300) COLLATE utf8mb4_unicode_ci DEFAULT NULL,
  `xml_firmado_path` varchar(300) COLLATE utf8mb4_unicode_ci DEFAULT NULL,
  `cdr_path` varchar(300) COLLATE utf8mb4_unicode_ci DEFAULT NULL,
  `pdf_path` varchar(300) COLLATE utf8mb4_unicode_ci DEFAULT NULL,
  `hash_xml` varchar(100) COLLATE utf8mb4_unicode_ci DEFAULT NULL COMMENT 'DigestValue de la firma',
  `codigo_sunat` varchar(10) COLLATE utf8mb4_unicode_ci DEFAULT NULL,
  `mensaje_sunat` varchar(500) COLLATE utf8mb4_unicode_ci DEFAULT NULL,
  `observaciones` json DEFAULT NULL,
  `intentos_envio` int NOT NULL DEFAULT '0',
  `enviado_at` timestamp NULL DEFAULT NULL,
  `aceptado_at` timestamp NULL DEFAULT NULL,
  `notas` text COLLATE utf8mb4_unicode_ci,
  `created_at` timestamp NULL DEFAULT NULL,
  `updated_at` timestamp NULL DEFAULT NULL,
  PRIMARY KEY (`id`),
  UNIQUE KEY `comprobantes_electronicos_numero_completo_unique` (`numero_completo`),
  KEY `comprobantes_electronicos_pedido_id_foreign` (`pedido_id`),
  KEY `comprobantes_electronicos_cliente_id_foreign` (`cliente_id`),
  KEY `comprobantes_electronicos_user_id_foreign` (`user_id`),
  KEY `comprobantes_electronicos_tipo_estado_index` (`tipo`,`estado`),
  KEY `comprobantes_electronicos_fecha_emision_index` (`fecha_emision`),
  CONSTRAINT `comprobantes_electronicos_cliente_id_foreign` FOREIGN KEY (`cliente_id`) REFERENCES `clientes` (`id`) ON DELETE SET NULL,
  CONSTRAINT `comprobantes_electronicos_pedido_id_foreign` FOREIGN KEY (`pedido_id`) REFERENCES `pedidos` (`id`) ON DELETE SET NULL,
  CONSTRAINT `comprobantes_electronicos_user_id_foreign` FOREIGN KEY (`user_id`) REFERENCES `users` (`id`) ON DELETE SET NULL
) ENGINE=InnoDB AUTO_INCREMENT=11 DEFAULT CHARSET=utf8mb4 COLLATE=utf8mb4_unicode_ci;

-- Volcando datos para la tabla tpv_fastfood_crm.comprobantes_electronicos: ~10 rows (aproximadamente)
DELETE FROM `comprobantes_electronicos`;
INSERT INTO `comprobantes_electronicos` (`id`, `pedido_id`, `cliente_id`, `user_id`, `tipo`, `serie`, `numero`, `numero_completo`, `fecha_emision`, `hora_emision`, `fecha_vencimiento`, `tipo_doc_receptor`, `num_doc_receptor`, `razon_social_receptor`, `direccion_receptor`, `email_receptor`, `moneda`, `total_gravado`, `total_exonerado`, `total_inafecto`, `total_exportacion`, `total_gratuito`, `total_descuento`, `igv`, `total`, `total_letras`, `doc_modificado_tipo`, `doc_modificado_numero`, `motivo_anulacion`, `codigo_motivo_nota`, `estado`, `xml_path`, `xml_firmado_path`, `cdr_path`, `pdf_path`, `hash_xml`, `codigo_sunat`, `mensaje_sunat`, `observaciones`, `intentos_envio`, `enviado_at`, `aceptado_at`, `notas`, `created_at`, `updated_at`) VALUES
	(1, NULL, 1, 4, '03', 'B001', 1, 'B001-00000001', '2026-05-19', '13:24:00', '2026-06-03', '1', '12358243', 'Juan García López', 'Calle Goya', 'juan@email.com', 'PEN', 8.47, 0.00, 0.00, 0.00, 0.00, 0.00, 1.53, 10.00, 'SON 10 CON 00 SOLES', NULL, NULL, NULL, NULL, 'aceptado', NULL, NULL, NULL, 'comprobantes/2026/05/20123456789-03-B001-00000001.pdf', NULL, '0', 'La Factura ha sido aceptada', NULL, 1, '2026-05-19 05:00:00', '2026-05-19 05:00:00', NULL, '2026-05-19 05:00:00', '2026-05-20 03:01:14'),
	(2, NULL, 2, 9, '03', 'B001', 2, 'B001-00000002', '2026-05-18', '13:48:00', '2026-06-02', '1', '64800220', 'María Fernández Ruiz', 'Avenida Diagonal', 'maria@email.com', 'PEN', 37.71, 0.00, 0.00, 0.00, 0.00, 0.00, 6.79, 44.50, 'SON 44 CON 50 SOLES', NULL, NULL, NULL, NULL, 'aceptado', NULL, NULL, NULL, NULL, NULL, '0', 'La Factura ha sido aceptada', NULL, 1, '2026-05-18 05:00:00', '2026-05-18 05:00:00', NULL, '2026-05-18 05:00:00', '2026-05-18 05:00:00'),
	(3, NULL, 3, 7, '01', 'F001', 1, 'F001-00000001', '2026-05-17', '13:08:00', '2026-06-01', '6', '20265461466', 'EMPRESA CARLOS SAC', 'Calle Sierpes', 'carlos@email.com', 'PEN', 39.41, 0.00, 0.00, 0.00, 0.00, 0.00, 7.09, 46.50, 'SON 46 CON 50 SOLES', NULL, NULL, NULL, NULL, 'aceptado', NULL, NULL, NULL, NULL, NULL, '0', 'La Factura ha sido aceptada', NULL, 1, '2026-05-17 05:00:00', '2026-05-17 05:00:00', NULL, '2026-05-17 05:00:00', '2026-05-17 05:00:00'),
	(4, NULL, 4, 15, '03', 'B001', 3, 'B001-00000003', '2026-05-14', '13:54:00', '2026-05-29', '1', '60384892', 'Lucía Pérez Sanz', 'Plaza Mayor', 'lucia@email.com', 'PEN', 27.54, 0.00, 0.00, 0.00, 0.00, 0.00, 4.96, 32.50, 'SON 32 CON 50 SOLES', NULL, NULL, NULL, NULL, 'enviado', NULL, NULL, NULL, NULL, NULL, NULL, NULL, NULL, 1, '2026-05-14 05:00:00', NULL, NULL, '2026-05-14 05:00:00', '2026-05-14 05:00:00'),
	(5, NULL, 5, 4, '01', 'F001', 2, 'F001-00000002', '2026-05-11', '13:15:00', '2026-05-26', '6', '20263145699', 'Restaurante Pizza Express', 'Avenida Principal', 'demo@empresa.com', 'PEN', 40.68, 0.00, 0.00, 0.00, 0.00, 0.00, 7.32, 48.00, 'SON 48 CON 00 SOLES', NULL, NULL, NULL, NULL, 'aceptado', NULL, NULL, NULL, NULL, NULL, '0', 'La Factura ha sido aceptada', NULL, 1, '2026-05-11 05:00:00', '2026-05-11 05:00:00', NULL, '2026-05-11 05:00:00', '2026-05-11 05:00:00'),
	(6, NULL, 6, 3, '03', 'B001', 4, 'B001-00000004', '2026-05-05', '13:50:00', '2026-05-20', '1', '54779019', 'Andrea Sánchez Vega', 'Rúa do Vilar', 'andrea@email.com', 'PEN', 17.80, 0.00, 0.00, 0.00, 0.00, 0.00, 3.20, 21.00, 'SON 21 CON 00 SOLES', NULL, NULL, NULL, NULL, 'aceptado', NULL, NULL, NULL, NULL, NULL, '0', 'La Factura ha sido aceptada', NULL, 1, '2026-05-05 05:00:00', '2026-05-05 05:00:00', NULL, '2026-05-05 05:00:00', '2026-05-05 05:00:00'),
	(7, NULL, 7, 4, '01', 'F001', 3, 'F001-00000003', '2026-04-29', '13:20:00', '2026-05-14', '6', '20774624546', 'EMPRESA DAVID SAC', 'Paseo Independencia', 'david@email.com', 'PEN', 25.42, 0.00, 0.00, 0.00, 0.00, 0.00, 4.58, 30.00, 'SON 30 CON 00 SOLES', NULL, NULL, NULL, NULL, 'observado', NULL, NULL, NULL, NULL, NULL, NULL, 'Aceptado con observación', NULL, 1, '2026-04-29 05:00:00', '2026-04-29 05:00:00', NULL, '2026-04-29 05:00:00', '2026-04-29 05:00:00'),
	(8, NULL, 8, 5, '03', 'B001', 5, 'B001-00000005', '2026-04-21', '13:06:00', '2026-05-06', '1', '95270601', 'Patricia González Pardo', 'Avenida de Carlos III', 'patricia@email.com', 'PEN', 11.86, 0.00, 0.00, 0.00, 0.00, 0.00, 2.14, 14.00, 'SON 14 CON 00 SOLES', NULL, NULL, NULL, NULL, 'aceptado', NULL, NULL, NULL, NULL, NULL, '0', 'La Factura ha sido aceptada', NULL, 1, '2026-04-21 05:00:00', '2026-04-21 05:00:00', NULL, '2026-04-21 05:00:00', '2026-04-21 05:00:00'),
	(9, NULL, 9, 14, '03', 'B001', 6, 'B001-00000006', '2026-04-09', '13:39:00', '2026-04-24', '1', '65234421', 'Miguel Torres Aguilar', 'Calle Cruz Conde', 'miguel@email.com', 'PEN', 41.10, 0.00, 0.00, 0.00, 0.00, 0.00, 7.40, 48.50, 'SON 48 CON 50 SOLES', NULL, NULL, NULL, NULL, 'rechazado', NULL, NULL, NULL, NULL, NULL, '2335', NULL, NULL, 1, '2026-04-09 05:00:00', NULL, NULL, '2026-04-09 05:00:00', '2026-04-09 05:00:00'),
	(10, NULL, 10, 5, '07', 'FC01', 1, 'FC01-00000001', '2026-03-30', '13:52:00', '2026-04-14', '1', '55732854', 'Sara Jiménez Ramos', 'Plaza de Zocodover', 'sara@email.com', 'PEN', 37.71, 0.00, 0.00, 0.00, 0.00, 0.00, 6.79, 44.50, 'SON 44 CON 50 SOLES', NULL, NULL, NULL, NULL, 'aceptado', NULL, NULL, NULL, NULL, NULL, '0', 'La Factura ha sido aceptada', NULL, 1, '2026-03-30 05:00:00', '2026-03-30 05:00:00', NULL, '2026-03-30 05:00:00', '2026-03-30 05:00:00');

-- Volcando estructura para tabla tpv_fastfood_crm.comprobante_lineas
CREATE TABLE IF NOT EXISTS `comprobante_lineas` (
  `id` bigint unsigned NOT NULL AUTO_INCREMENT,
  `comprobante_id` bigint unsigned NOT NULL,
  `producto_id` bigint unsigned DEFAULT NULL,
  `orden` int NOT NULL,
  `codigo_producto` varchar(50) COLLATE utf8mb4_unicode_ci DEFAULT NULL,
  `descripcion` varchar(500) COLLATE utf8mb4_unicode_ci NOT NULL,
  `unidad_medida` varchar(10) COLLATE utf8mb4_unicode_ci NOT NULL DEFAULT 'NIU' COMMENT 'NIU=Unidad, KGM=Kilogramo',
  `cantidad` decimal(12,4) NOT NULL,
  `valor_unitario` decimal(14,4) NOT NULL COMMENT 'Sin IGV',
  `precio_unitario` decimal(14,4) NOT NULL COMMENT 'Con IGV',
  `descuento` decimal(14,2) NOT NULL DEFAULT '0.00',
  `tipo_afectacion_igv` varchar(2) COLLATE utf8mb4_unicode_ci NOT NULL DEFAULT '10' COMMENT 'Cat. 07: 10=Gravado, 20=Exonerado, 30=Inafecto',
  `igv` decimal(14,2) NOT NULL DEFAULT '0.00',
  `valor_total` decimal(14,2) NOT NULL COMMENT 'Sin IGV',
  `total` decimal(14,2) NOT NULL COMMENT 'Con IGV',
  `created_at` timestamp NULL DEFAULT NULL,
  `updated_at` timestamp NULL DEFAULT NULL,
  PRIMARY KEY (`id`),
  KEY `comprobante_lineas_comprobante_id_foreign` (`comprobante_id`),
  KEY `comprobante_lineas_producto_id_foreign` (`producto_id`),
  CONSTRAINT `comprobante_lineas_comprobante_id_foreign` FOREIGN KEY (`comprobante_id`) REFERENCES `comprobantes_electronicos` (`id`) ON DELETE CASCADE,
  CONSTRAINT `comprobante_lineas_producto_id_foreign` FOREIGN KEY (`producto_id`) REFERENCES `productos` (`id`) ON DELETE SET NULL
) ENGINE=InnoDB AUTO_INCREMENT=19 DEFAULT CHARSET=utf8mb4 COLLATE=utf8mb4_unicode_ci;

-- Volcando datos para la tabla tpv_fastfood_crm.comprobante_lineas: ~18 rows (aproximadamente)
DELETE FROM `comprobante_lineas`;
INSERT INTO `comprobante_lineas` (`id`, `comprobante_id`, `producto_id`, `orden`, `codigo_producto`, `descripcion`, `unidad_medida`, `cantidad`, `valor_unitario`, `precio_unitario`, `descuento`, `tipo_afectacion_igv`, `igv`, `valor_total`, `total`, `created_at`, `updated_at`) VALUES
	(1, 1, 5, 1, 'P-5', 'Vegetal', 'NIU', 1.0000, 8.4746, 10.0000, 0.00, '10', 1.53, 8.47, 10.00, '2026-05-19 05:00:00', '2026-05-19 05:00:00'),
	(2, 2, 17, 1, 'P-17', 'Carbonara', 'NIU', 2.0000, 8.0508, 9.5000, 0.00, '10', 2.90, 16.10, 19.00, '2026-05-18 05:00:00', '2026-05-18 05:00:00'),
	(3, 2, 10, 2, 'P-10', 'BBQ Bacon', 'NIU', 3.0000, 7.2034, 8.5000, 0.00, '10', 3.89, 21.61, 25.50, '2026-05-18 05:00:00', '2026-05-18 05:00:00'),
	(4, 3, 4, 1, 'P-4', 'Diavola', 'NIU', 1.0000, 8.8983, 10.5000, 0.00, '10', 1.60, 8.90, 10.50, '2026-05-17 05:00:00', '2026-05-17 05:00:00'),
	(5, 3, 18, 2, 'P-18', 'Boloñesa', 'NIU', 4.0000, 7.6271, 9.0000, 0.00, '10', 5.49, 30.51, 36.00, '2026-05-17 05:00:00', '2026-05-17 05:00:00'),
	(6, 4, 11, 1, 'P-11', 'Vegetal', 'NIU', 1.0000, 5.9322, 7.0000, 0.00, '10', 1.07, 5.93, 7.00, '2026-05-14 05:00:00', '2026-05-14 05:00:00'),
	(7, 4, 19, 2, 'P-19', 'Pesto', 'NIU', 3.0000, 7.2034, 8.5000, 0.00, '10', 3.89, 21.61, 25.50, '2026-05-14 05:00:00', '2026-05-14 05:00:00'),
	(8, 5, 13, 1, 'P-13', 'Jamón Serrano', 'NIU', 2.0000, 3.8136, 4.5000, 0.00, '10', 1.37, 7.63, 9.00, '2026-05-11 05:00:00', '2026-05-11 05:00:00'),
	(9, 5, 8, 2, 'P-8', 'Clásica', 'NIU', 4.0000, 6.3559, 7.5000, 0.00, '10', 4.58, 25.42, 30.00, '2026-05-11 05:00:00', '2026-05-11 05:00:00'),
	(10, 5, 18, 3, 'P-18', 'Boloñesa', 'NIU', 1.0000, 7.6271, 9.0000, 0.00, '10', 1.37, 7.63, 9.00, '2026-05-11 05:00:00', '2026-05-11 05:00:00'),
	(11, 6, 11, 1, 'P-11', 'Vegetal', 'NIU', 3.0000, 5.9322, 7.0000, 0.00, '10', 3.20, 17.80, 21.00, '2026-05-05 05:00:00', '2026-05-05 05:00:00'),
	(12, 7, 8, 1, 'P-8', 'Clásica', 'NIU', 4.0000, 6.3559, 7.5000, 0.00, '10', 4.58, 25.42, 30.00, '2026-04-29 05:00:00', '2026-04-29 05:00:00'),
	(13, 8, 11, 1, 'P-11', 'Vegetal', 'NIU', 2.0000, 5.9322, 7.0000, 0.00, '10', 2.14, 11.86, 14.00, '2026-04-21 05:00:00', '2026-04-21 05:00:00'),
	(14, 9, 9, 1, 'P-9', 'Doble', 'NIU', 3.0000, 8.0508, 9.5000, 0.00, '10', 4.35, 24.15, 28.50, '2026-04-09 05:00:00', '2026-04-09 05:00:00'),
	(15, 9, 14, 2, 'P-14', 'Calamares', 'NIU', 4.0000, 4.2373, 5.0000, 0.00, '10', 3.05, 16.95, 20.00, '2026-04-09 05:00:00', '2026-04-09 05:00:00'),
	(16, 10, 8, 1, 'P-8', 'Clásica', 'NIU', 3.0000, 6.3559, 7.5000, 0.00, '10', 3.43, 19.07, 22.50, '2026-03-30 05:00:00', '2026-03-30 05:00:00'),
	(17, 10, 16, 2, 'P-16', 'Lomo y Queso', 'NIU', 2.0000, 4.6610, 5.5000, 0.00, '10', 1.68, 9.32, 11.00, '2026-03-30 05:00:00', '2026-03-30 05:00:00'),
	(18, 10, 16, 3, 'P-16', 'Lomo y Queso', 'NIU', 2.0000, 4.6610, 5.5000, 0.00, '10', 1.68, 9.32, 11.00, '2026-03-30 05:00:00', '2026-03-30 05:00:00');

-- Volcando estructura para tabla tpv_fastfood_crm.failed_jobs
CREATE TABLE IF NOT EXISTS `failed_jobs` (
  `id` bigint unsigned NOT NULL AUTO_INCREMENT,
  `uuid` varchar(255) COLLATE utf8mb4_unicode_ci NOT NULL,
  `connection` text COLLATE utf8mb4_unicode_ci NOT NULL,
  `queue` text COLLATE utf8mb4_unicode_ci NOT NULL,
  `payload` longtext COLLATE utf8mb4_unicode_ci NOT NULL,
  `exception` longtext COLLATE utf8mb4_unicode_ci NOT NULL,
  `failed_at` timestamp NOT NULL DEFAULT CURRENT_TIMESTAMP,
  PRIMARY KEY (`id`),
  UNIQUE KEY `failed_jobs_uuid_unique` (`uuid`)
) ENGINE=InnoDB DEFAULT CHARSET=utf8mb4 COLLATE=utf8mb4_unicode_ci;

-- Volcando datos para la tabla tpv_fastfood_crm.failed_jobs: ~0 rows (aproximadamente)
DELETE FROM `failed_jobs`;

-- Volcando estructura para tabla tpv_fastfood_crm.jobs
CREATE TABLE IF NOT EXISTS `jobs` (
  `id` bigint unsigned NOT NULL AUTO_INCREMENT,
  `queue` varchar(255) COLLATE utf8mb4_unicode_ci NOT NULL,
  `payload` longtext COLLATE utf8mb4_unicode_ci NOT NULL,
  `attempts` tinyint unsigned NOT NULL,
  `reserved_at` int unsigned DEFAULT NULL,
  `available_at` int unsigned NOT NULL,
  `created_at` int unsigned NOT NULL,
  PRIMARY KEY (`id`),
  KEY `jobs_queue_index` (`queue`)
) ENGINE=InnoDB DEFAULT CHARSET=utf8mb4 COLLATE=utf8mb4_unicode_ci;

-- Volcando datos para la tabla tpv_fastfood_crm.jobs: ~0 rows (aproximadamente)
DELETE FROM `jobs`;

-- Volcando estructura para tabla tpv_fastfood_crm.job_batches
CREATE TABLE IF NOT EXISTS `job_batches` (
  `id` varchar(255) COLLATE utf8mb4_unicode_ci NOT NULL,
  `name` varchar(255) COLLATE utf8mb4_unicode_ci NOT NULL,
  `total_jobs` int NOT NULL,
  `pending_jobs` int NOT NULL,
  `failed_jobs` int NOT NULL,
  `failed_job_ids` longtext COLLATE utf8mb4_unicode_ci NOT NULL,
  `options` mediumtext COLLATE utf8mb4_unicode_ci,
  `cancelled_at` int DEFAULT NULL,
  `created_at` int NOT NULL,
  `finished_at` int DEFAULT NULL,
  PRIMARY KEY (`id`)
) ENGINE=InnoDB DEFAULT CHARSET=utf8mb4 COLLATE=utf8mb4_unicode_ci;

-- Volcando datos para la tabla tpv_fastfood_crm.job_batches: ~0 rows (aproximadamente)
DELETE FROM `job_batches`;

-- Volcando estructura para tabla tpv_fastfood_crm.mesas
CREATE TABLE IF NOT EXISTS `mesas` (
  `id` bigint unsigned NOT NULL AUTO_INCREMENT,
  `zona_id` bigint unsigned DEFAULT NULL,
  `numero` varchar(20) COLLATE utf8mb4_unicode_ci NOT NULL,
  `nombre` varchar(80) COLLATE utf8mb4_unicode_ci DEFAULT NULL,
  `capacidad` int NOT NULL DEFAULT '4',
  `estado` enum('libre','ocupada','reservada','cobrando','cerrada') COLLATE utf8mb4_unicode_ci NOT NULL DEFAULT 'libre',
  `pos_x` int NOT NULL DEFAULT '0' COMMENT 'Posición en plano',
  `pos_y` int NOT NULL DEFAULT '0',
  `forma` varchar(20) COLLATE utf8mb4_unicode_ci NOT NULL DEFAULT 'cuadrada',
  `activa` tinyint(1) NOT NULL DEFAULT '1',
  `created_at` timestamp NULL DEFAULT NULL,
  `updated_at` timestamp NULL DEFAULT NULL,
  PRIMARY KEY (`id`),
  UNIQUE KEY `mesas_zona_id_numero_unique` (`zona_id`,`numero`),
  CONSTRAINT `mesas_zona_id_foreign` FOREIGN KEY (`zona_id`) REFERENCES `zonas` (`id`) ON DELETE SET NULL
) ENGINE=InnoDB AUTO_INCREMENT=42 DEFAULT CHARSET=utf8mb4 COLLATE=utf8mb4_unicode_ci;

-- Volcando datos para la tabla tpv_fastfood_crm.mesas: ~41 rows (aproximadamente)
DELETE FROM `mesas`;
INSERT INTO `mesas` (`id`, `zona_id`, `numero`, `nombre`, `capacidad`, `estado`, `pos_x`, `pos_y`, `forma`, `activa`, `created_at`, `updated_at`) VALUES
	(1, 1, 'M1', NULL, 4, 'libre', 0, 0, 'cuadrada', 1, '2026-02-03 07:19:29', '2026-05-15 07:19:29'),
	(2, 1, 'M2', NULL, 4, 'libre', 0, 0, 'cuadrada', 1, '2026-04-08 07:19:29', '2026-05-15 07:19:29'),
	(3, 1, 'M3', NULL, 4, 'libre', 0, 0, 'cuadrada', 1, '2026-02-17 07:19:29', '2026-05-15 07:19:29'),
	(4, 1, 'M4', NULL, 4, 'libre', 0, 0, 'cuadrada', 1, '2026-02-14 07:19:29', '2026-05-15 07:19:29'),
	(5, 1, 'M5', NULL, 4, 'libre', 0, 0, 'cuadrada', 1, '2026-01-24 07:19:29', '2026-05-15 07:19:29'),
	(6, 1, 'M6', NULL, 4, 'libre', 0, 0, 'cuadrada', 1, '2026-01-29 07:19:29', '2026-05-15 07:19:29'),
	(7, 2, 'T1', NULL, 4, 'libre', 0, 0, 'cuadrada', 1, '2026-03-30 07:19:29', '2026-05-15 07:19:29'),
	(8, 2, 'T2', NULL, 4, 'libre', 0, 0, 'cuadrada', 1, '2026-04-08 07:19:29', '2026-05-15 07:19:29'),
	(9, 2, 'T3', NULL, 4, 'libre', 0, 0, 'cuadrada', 1, '2025-12-13 07:19:29', '2026-05-15 07:19:29'),
	(10, 2, 'T4', NULL, 4, 'libre', 0, 0, 'cuadrada', 1, '2026-02-01 07:19:29', '2026-05-15 07:19:29'),
	(11, 3, 'B1', NULL, 2, 'libre', 0, 0, 'cuadrada', 1, '2026-04-09 07:19:29', '2026-05-15 07:19:29'),
	(12, 3, 'B2', NULL, 2, 'libre', 0, 0, 'cuadrada', 1, '2025-12-17 07:19:29', '2026-05-15 07:19:29'),
	(13, 3, 'B3', NULL, 2, 'libre', 0, 0, 'cuadrada', 1, '2026-02-04 07:19:29', '2026-05-15 07:19:29'),
	(14, 3, 'B4', NULL, 2, 'libre', 0, 0, 'cuadrada', 1, '2025-12-19 07:19:29', '2026-05-15 07:19:29'),
	(15, 4, 'R1', NULL, 6, 'libre', 0, 0, 'cuadrada', 1, '2026-03-19 07:19:29', '2026-05-15 07:19:29'),
	(16, 4, 'R2', NULL, 6, 'libre', 0, 0, 'cuadrada', 1, '2025-12-29 07:19:29', '2026-05-15 07:19:29'),
	(17, 4, 'R3', NULL, 6, 'libre', 0, 0, 'cuadrada', 1, '2025-12-02 07:19:29', '2026-05-15 07:19:29'),
	(18, 5, 'P1', NULL, 4, 'libre', 0, 0, 'cuadrada', 1, '2026-01-12 07:19:29', '2026-05-15 07:19:29'),
	(19, 5, 'P2', NULL, 4, 'libre', 0, 0, 'cuadrada', 1, '2026-01-15 07:19:29', '2026-05-15 07:19:29'),
	(20, 5, 'P3', NULL, 4, 'libre', 0, 0, 'cuadrada', 1, '2026-03-24 07:19:29', '2026-05-15 07:19:29'),
	(21, 5, 'P4', NULL, 4, 'libre', 0, 0, 'cuadrada', 1, '2025-12-03 07:19:29', '2026-05-15 07:19:29'),
	(22, 6, 'J1', NULL, 4, 'libre', 0, 0, 'cuadrada', 1, '2026-04-15 07:19:29', '2026-05-15 07:19:29'),
	(23, 6, 'J2', NULL, 4, 'libre', 0, 0, 'cuadrada', 1, '2025-12-31 07:19:29', '2026-05-15 07:19:29'),
	(24, 6, 'J3', NULL, 4, 'libre', 0, 0, 'cuadrada', 1, '2026-03-20 07:19:29', '2026-05-15 07:19:29'),
	(25, 6, 'J4', NULL, 4, 'libre', 0, 0, 'cuadrada', 1, '2025-12-10 07:19:29', '2026-05-15 07:19:29'),
	(26, 7, 'V1', NULL, 8, 'libre', 0, 0, 'cuadrada', 1, '2026-04-12 07:19:29', '2026-05-15 07:19:29'),
	(27, 7, 'V2', NULL, 8, 'libre', 0, 0, 'cuadrada', 1, '2026-01-30 07:19:29', '2026-05-15 07:19:29'),
	(28, 8, 'E1', NULL, 10, 'libre', 0, 0, 'cuadrada', 1, '2026-01-22 07:19:29', '2026-05-15 07:19:29'),
	(29, 8, 'E2', NULL, 10, 'libre', 0, 0, 'cuadrada', 1, '2026-01-28 07:19:29', '2026-05-15 07:19:29'),
	(30, 9, 'TA1', NULL, 1, 'libre', 0, 0, 'cuadrada', 1, '2025-12-22 07:19:29', '2026-05-15 07:19:29'),
	(31, 10, 'D1', NULL, 1, 'libre', 0, 0, 'cuadrada', 1, '2026-03-06 07:19:29', '2026-05-15 07:19:29'),
	(32, 20, 'X1', 'Mesa Extra 1', 2, 'libre', 246, 246, 'cuadrada', 1, '2026-02-18 18:44:54', '2026-02-18 18:44:54'),
	(33, 19, 'X2', 'Mesa Extra 2', 8, 'libre', 64, 37, 'rectangular', 1, '2026-02-27 18:44:54', '2026-02-27 18:44:54'),
	(34, 18, 'X3', 'Mesa Extra 3', 6, 'libre', 397, 115, 'redonda', 1, '2026-03-08 18:44:54', '2026-03-08 18:44:54'),
	(35, 17, 'X4', 'Mesa Extra 4', 4, 'ocupada', 381, 309, 'redonda', 1, '2026-03-17 18:44:54', '2026-03-17 18:44:54'),
	(36, 16, 'X5', 'Mesa Extra 5', 6, 'reservada', 357, 215, 'rectangular', 1, '2026-03-26 18:44:54', '2026-03-26 18:44:54'),
	(37, 15, 'X6', 'Mesa Extra 6', 8, 'libre', 325, 174, 'rectangular', 1, '2026-04-04 18:44:54', '2026-04-04 18:44:54'),
	(38, 14, 'X7', 'Mesa Extra 7', 4, 'libre', 368, 319, 'cuadrada', 1, '2026-04-13 18:44:54', '2026-04-13 18:44:54'),
	(39, 13, 'X8', 'Mesa Extra 8', 8, 'cobrando', 315, 32, 'redonda', 1, '2026-04-22 18:44:54', '2026-04-22 18:44:54'),
	(40, 12, 'X9', 'Mesa Extra 9', 6, 'libre', 359, 86, 'redonda', 1, '2026-05-01 18:44:54', '2026-05-01 18:44:54'),
	(41, 11, 'X10', 'Mesa Extra 10', 2, 'libre', 149, 43, 'rectangular', 1, '2026-05-10 18:44:54', '2026-05-10 18:44:54');

-- Volcando estructura para tabla tpv_fastfood_crm.migrations
CREATE TABLE IF NOT EXISTS `migrations` (
  `id` int unsigned NOT NULL AUTO_INCREMENT,
  `migration` varchar(255) COLLATE utf8mb4_unicode_ci NOT NULL,
  `batch` int NOT NULL,
  PRIMARY KEY (`id`)
) ENGINE=InnoDB AUTO_INCREMENT=11 DEFAULT CHARSET=utf8mb4 COLLATE=utf8mb4_unicode_ci;

-- Volcando datos para la tabla tpv_fastfood_crm.migrations: ~0 rows (aproximadamente)
DELETE FROM `migrations`;
INSERT INTO `migrations` (`id`, `migration`, `batch`) VALUES
	(1, '2025_01_01_000001_create_users_table', 1),
	(2, '2025_01_01_000002_create_cache_table', 1),
	(3, '2025_01_01_000003_create_jobs_table', 1),
	(4, '2025_01_01_000010_create_configuracion_table', 1),
	(5, '2025_01_01_000011_create_categorias_table', 1),
	(6, '2025_01_01_000012_create_productos_table', 1),
	(7, '2025_01_01_000013_create_clientes_table', 1),
	(8, '2025_01_01_000014_create_mesas_zonas_table', 1),
	(9, '2025_01_01_000015_create_pedidos_table', 1),
	(10, '2025_01_01_000020_add_peru_sunat_fields', 2);

-- Volcando estructura para tabla tpv_fastfood_crm.pedidos
CREATE TABLE IF NOT EXISTS `pedidos` (
  `id` bigint unsigned NOT NULL AUTO_INCREMENT,
  `caja_id` bigint unsigned DEFAULT NULL,
  `user_id` bigint unsigned NOT NULL,
  `cliente_id` bigint unsigned DEFAULT NULL,
  `mesa_id` bigint unsigned DEFAULT NULL,
  `numero` varchar(30) COLLATE utf8mb4_unicode_ci NOT NULL,
  `serie` varchar(10) COLLATE utf8mb4_unicode_ci NOT NULL DEFAULT 'P',
  `tipo` enum('mesa','mostrador','domicilio','recogida','telefono') COLLATE utf8mb4_unicode_ci NOT NULL DEFAULT 'mostrador',
  `estado` enum('borrador','pendiente','en_preparacion','preparado','en_camino','entregado','cobrado','anulado') COLLATE utf8mb4_unicode_ci NOT NULL DEFAULT 'borrador',
  `fecha_pedido` datetime NOT NULL,
  `fecha_entrega` datetime DEFAULT NULL,
  `fecha_cobro` datetime DEFAULT NULL,
  `cliente_nombre` varchar(200) COLLATE utf8mb4_unicode_ci DEFAULT NULL,
  `cliente_telefono` varchar(30) COLLATE utf8mb4_unicode_ci DEFAULT NULL,
  `cliente_direccion` varchar(300) COLLATE utf8mb4_unicode_ci DEFAULT NULL,
  `cliente_referencia` text COLLATE utf8mb4_unicode_ci,
  `subtotal` decimal(12,2) NOT NULL DEFAULT '0.00',
  `descuento` decimal(12,2) NOT NULL DEFAULT '0.00',
  `coste_envio` decimal(10,2) NOT NULL DEFAULT '0.00',
  `total_iva` decimal(12,2) NOT NULL DEFAULT '0.00',
  `total` decimal(12,2) NOT NULL DEFAULT '0.00',
  `pagado` decimal(12,2) NOT NULL DEFAULT '0.00',
  `cambio` decimal(10,2) NOT NULL DEFAULT '0.00',
  `notas` text COLLATE utf8mb4_unicode_ci,
  `notas_cocina` text COLLATE utf8mb4_unicode_ci,
  `num_comensales` int DEFAULT NULL,
  `factura_emitida` tinyint(1) NOT NULL DEFAULT '0',
  `numero_factura` varchar(30) COLLATE utf8mb4_unicode_ci DEFAULT NULL,
  `created_at` timestamp NULL DEFAULT NULL,
  `updated_at` timestamp NULL DEFAULT NULL,
  PRIMARY KEY (`id`),
  UNIQUE KEY `pedidos_numero_unique` (`numero`),
  KEY `pedidos_caja_id_foreign` (`caja_id`),
  KEY `pedidos_user_id_foreign` (`user_id`),
  KEY `pedidos_cliente_id_foreign` (`cliente_id`),
  KEY `pedidos_mesa_id_foreign` (`mesa_id`),
  KEY `pedidos_estado_fecha_pedido_index` (`estado`,`fecha_pedido`),
  KEY `pedidos_tipo_estado_index` (`tipo`,`estado`),
  KEY `pedidos_fecha_pedido_index` (`fecha_pedido`),
  CONSTRAINT `pedidos_caja_id_foreign` FOREIGN KEY (`caja_id`) REFERENCES `cajas` (`id`) ON DELETE SET NULL,
  CONSTRAINT `pedidos_cliente_id_foreign` FOREIGN KEY (`cliente_id`) REFERENCES `clientes` (`id`) ON DELETE SET NULL,
  CONSTRAINT `pedidos_mesa_id_foreign` FOREIGN KEY (`mesa_id`) REFERENCES `mesas` (`id`) ON DELETE SET NULL,
  CONSTRAINT `pedidos_user_id_foreign` FOREIGN KEY (`user_id`) REFERENCES `users` (`id`)
) ENGINE=InnoDB AUTO_INCREMENT=1002 DEFAULT CHARSET=utf8mb4 COLLATE=utf8mb4_unicode_ci;

-- Volcando datos para la tabla tpv_fastfood_crm.pedidos: ~991 rows (aproximadamente)
DELETE FROM `pedidos`;
INSERT INTO `pedidos` (`id`, `caja_id`, `user_id`, `cliente_id`, `mesa_id`, `numero`, `serie`, `tipo`, `estado`, `fecha_pedido`, `fecha_entrega`, `fecha_cobro`, `cliente_nombre`, `cliente_telefono`, `cliente_direccion`, `cliente_referencia`, `subtotal`, `descuento`, `coste_envio`, `total_iva`, `total`, `pagado`, `cambio`, `notas`, `notas_cocina`, `num_comensales`, `factura_emitida`, `numero_factura`, `created_at`, `updated_at`) VALUES
	(1, NULL, 3, 5, NULL, 'P000001', 'P', 'domicilio', 'cobrado', '2026-03-16 20:51:00', NULL, '2026-03-16 21:13:00', 'Restaurante Pizza Express', '963000005', 'Avenida Principal', NULL, 33.18, 0.00, 2.50, 3.32, 39.00, 39.00, 0.00, NULL, NULL, NULL, 0, NULL, '2026-03-17 01:51:00', '2026-03-17 01:51:00'),
	(2, NULL, 1, 1, NULL, 'P000002', 'P', 'domicilio', 'cobrado', '2026-03-16 19:16:00', NULL, '2026-03-16 19:57:00', 'Juan García López', '912345001', 'Calle Goya', NULL, 47.55, 0.00, 2.50, 4.75, 54.80, 54.80, 0.00, NULL, NULL, NULL, 0, NULL, '2026-03-17 00:16:00', '2026-03-17 00:16:00'),
	(3, NULL, 2, 7, NULL, 'P000003', 'P', 'domicilio', 'cobrado', '2026-03-16 17:32:00', NULL, '2026-03-16 17:47:00', 'David Rodríguez Núñez', '976000007', 'Paseo Independencia', NULL, 4.00, 0.00, 2.50, 0.40, 6.90, 6.90, 0.00, NULL, NULL, NULL, 0, NULL, '2026-03-16 22:32:00', '2026-03-16 22:32:00'),
	(4, NULL, 3, 5, NULL, 'P000004', 'P', 'mostrador', 'cobrado', '2026-03-16 21:57:00', NULL, '2026-03-16 22:18:00', 'Restaurante Pizza Express', '963000005', NULL, NULL, 12.18, 0.00, 0.00, 1.22, 13.40, 13.40, 0.00, NULL, NULL, NULL, 0, NULL, '2026-03-17 02:57:00', '2026-03-17 02:57:00'),
	(5, NULL, 2, NULL, NULL, 'P000005', 'P', 'mostrador', 'cobrado', '2026-03-16 15:45:00', NULL, '2026-03-16 16:30:00', NULL, NULL, NULL, NULL, 83.73, 0.00, 0.00, 8.37, 92.10, 92.10, 0.00, NULL, NULL, NULL, 0, NULL, '2026-03-16 20:45:00', '2026-03-16 20:45:00'),
	(6, NULL, 4, 10, 29, 'P000006', 'P', 'mesa', 'cobrado', '2026-03-16 23:52:00', NULL, '2026-03-17 00:10:00', 'Sara Jiménez Ramos', '925000010', NULL, NULL, 81.18, 0.00, 0.00, 8.12, 89.30, 89.30, 0.00, NULL, NULL, 4, 0, NULL, '2026-03-17 04:52:00', '2026-03-17 04:52:00'),
	(7, NULL, 4, 6, NULL, 'P000007', 'P', 'mostrador', 'cobrado', '2026-03-16 13:29:00', NULL, '2026-03-16 14:11:00', 'Andrea Sánchez Vega', '981000006', NULL, NULL, 85.64, 0.00, 0.00, 8.56, 94.20, 94.20, 0.00, NULL, NULL, NULL, 0, NULL, '2026-03-16 18:29:00', '2026-03-16 18:29:00'),
	(8, NULL, 6, NULL, 21, 'P000008', 'P', 'mesa', 'cobrado', '2026-03-16 22:42:00', NULL, '2026-03-16 23:10:00', NULL, NULL, NULL, NULL, 27.64, 0.00, 0.00, 2.76, 30.40, 30.40, 0.00, NULL, NULL, 1, 0, NULL, '2026-03-17 03:42:00', '2026-03-17 03:42:00'),
	(9, NULL, 6, NULL, NULL, 'P000009', 'P', 'mostrador', 'cobrado', '2026-03-16 13:30:00', NULL, '2026-03-16 14:13:00', NULL, NULL, NULL, NULL, 38.64, 0.00, 0.00, 3.86, 42.50, 42.50, 0.00, NULL, NULL, NULL, 0, NULL, '2026-03-16 18:30:00', '2026-03-16 18:30:00'),
	(10, NULL, 3, NULL, NULL, 'P000010', 'P', 'mostrador', 'cobrado', '2026-03-16 20:25:00', NULL, '2026-03-16 21:25:00', NULL, NULL, NULL, NULL, 19.09, 0.00, 0.00, 1.91, 21.00, 21.00, 0.00, NULL, NULL, NULL, 0, NULL, '2026-03-17 01:25:00', '2026-03-17 01:25:00'),
	(11, NULL, 1, 5, NULL, 'P000011', 'P', 'telefono', 'cobrado', '2026-03-16 21:36:00', NULL, '2026-03-16 22:25:00', 'Restaurante Pizza Express', '963000005', NULL, NULL, 89.09, 0.00, 0.00, 8.91, 98.00, 98.00, 0.00, NULL, NULL, NULL, 0, NULL, '2026-03-17 02:36:00', '2026-03-17 02:36:00'),
	(12, NULL, 3, NULL, 3, 'P000012', 'P', 'mesa', 'cobrado', '2026-03-17 23:35:00', NULL, '2026-03-18 00:13:00', NULL, NULL, NULL, NULL, 8.09, 0.00, 0.00, 0.81, 8.90, 8.90, 0.00, NULL, NULL, 4, 0, NULL, '2026-03-18 04:35:00', '2026-03-18 04:35:00'),
	(13, NULL, 1, NULL, NULL, 'P000013', 'P', 'mostrador', 'anulado', '2026-03-17 18:40:00', NULL, NULL, NULL, NULL, NULL, NULL, 108.91, 2.60, 0.00, 10.89, 117.20, 0.00, 0.00, NULL, NULL, NULL, 0, NULL, '2026-03-17 23:40:00', '2026-03-17 23:40:00'),
	(14, NULL, 3, NULL, NULL, 'P000014', 'P', 'mostrador', 'cobrado', '2026-03-17 12:09:00', NULL, '2026-03-17 12:33:00', NULL, NULL, NULL, NULL, 47.27, 0.00, 0.00, 4.73, 52.00, 52.00, 0.00, NULL, NULL, NULL, 0, NULL, '2026-03-17 17:09:00', '2026-03-17 17:09:00'),
	(15, NULL, 2, 8, 1, 'P000015', 'P', 'mesa', 'cobrado', '2026-03-17 22:51:00', NULL, '2026-03-17 23:21:00', 'Patricia González Pardo', '948000008', NULL, NULL, 117.09, 0.00, 0.00, 11.71, 128.80, 128.80, 0.00, NULL, NULL, 1, 0, NULL, '2026-03-18 03:51:00', '2026-03-18 03:51:00'),
	(16, NULL, 6, 2, NULL, 'P000016', 'P', 'mostrador', 'cobrado', '2026-03-17 20:49:00', NULL, '2026-03-17 21:31:00', 'María Fernández Ruiz', '932000002', NULL, NULL, 48.73, 0.00, 0.00, 4.87, 53.60, 53.60, 0.00, NULL, NULL, NULL, 0, NULL, '2026-03-18 01:49:00', '2026-03-18 01:49:00'),
	(17, NULL, 3, 4, 27, 'P000017', 'P', 'mesa', 'cobrado', '2026-03-17 16:30:00', NULL, '2026-03-17 17:24:00', 'Lucía Pérez Sanz', '923000004', NULL, NULL, 19.09, 0.00, 0.00, 1.91, 21.00, 21.00, 0.00, NULL, NULL, 4, 0, NULL, '2026-03-17 21:30:00', '2026-03-17 21:30:00'),
	(18, NULL, 4, NULL, NULL, 'P000018', 'P', 'mostrador', 'cobrado', '2026-03-17 21:22:00', NULL, '2026-03-17 21:37:00', NULL, NULL, NULL, NULL, 54.45, 0.00, 0.00, 5.45, 59.90, 59.90, 0.00, NULL, NULL, NULL, 0, NULL, '2026-03-18 02:22:00', '2026-03-18 02:22:00'),
	(19, NULL, 1, NULL, NULL, 'P000019', 'P', 'recogida', 'cobrado', '2026-03-17 20:02:00', NULL, '2026-03-17 20:54:00', NULL, NULL, NULL, NULL, 18.09, 0.00, 0.00, 1.81, 19.90, 19.90, 0.00, NULL, NULL, NULL, 0, NULL, '2026-03-18 01:02:00', '2026-03-18 01:02:00'),
	(20, NULL, 5, 2, 3, 'P000020', 'P', 'mesa', 'cobrado', '2026-03-17 12:50:00', NULL, '2026-03-17 13:28:00', 'María Fernández Ruiz', '932000002', NULL, NULL, 14.73, 0.00, 0.00, 1.47, 16.20, 16.20, 0.00, NULL, NULL, 4, 0, NULL, '2026-03-17 17:50:00', '2026-03-17 17:50:00'),
	(21, NULL, 5, NULL, NULL, 'P000021', 'P', 'recogida', 'cobrado', '2026-03-17 21:14:00', NULL, '2026-03-17 22:02:00', NULL, NULL, NULL, NULL, 30.00, 0.00, 0.00, 3.00, 33.00, 33.00, 0.00, NULL, NULL, NULL, 0, NULL, '2026-03-18 02:14:00', '2026-03-18 02:14:00'),
	(22, NULL, 2, 4, NULL, 'P000022', 'P', 'domicilio', 'cobrado', '2026-03-17 14:34:00', NULL, '2026-03-17 15:18:00', 'Lucía Pérez Sanz', '923000004', 'Plaza Mayor', NULL, 34.73, 0.00, 2.50, 3.47, 40.70, 40.70, 0.00, NULL, NULL, NULL, 0, NULL, '2026-03-17 19:34:00', '2026-03-17 19:34:00'),
	(23, NULL, 4, 5, NULL, 'P000023', 'P', 'mostrador', 'cobrado', '2026-03-17 14:28:00', NULL, '2026-03-17 15:04:00', 'Restaurante Pizza Express', '963000005', NULL, NULL, 26.82, 0.00, 0.00, 2.68, 29.50, 29.50, 0.00, NULL, NULL, NULL, 0, NULL, '2026-03-17 19:28:00', '2026-03-17 19:28:00'),
	(24, NULL, 4, NULL, NULL, 'P000024', 'P', 'recogida', 'cobrado', '2026-03-18 17:36:00', NULL, '2026-03-18 18:09:00', NULL, NULL, NULL, NULL, 59.00, 0.00, 0.00, 5.90, 64.90, 64.90, 0.00, NULL, NULL, NULL, 0, NULL, '2026-03-18 22:36:00', '2026-03-18 22:36:00'),
	(25, NULL, 1, 5, NULL, 'P000025', 'P', 'mostrador', 'cobrado', '2026-03-18 23:52:00', NULL, '2026-03-19 00:42:00', 'Restaurante Pizza Express', '963000005', NULL, NULL, 21.09, 0.00, 0.00, 2.11, 23.20, 23.20, 0.00, NULL, NULL, NULL, 0, NULL, '2026-03-19 04:52:00', '2026-03-19 04:52:00'),
	(26, NULL, 5, NULL, 20, 'P000026', 'P', 'mesa', 'cobrado', '2026-03-18 21:44:00', NULL, '2026-03-18 22:01:00', NULL, NULL, NULL, NULL, 26.64, 0.00, 0.00, 2.66, 29.30, 29.30, 0.00, NULL, NULL, 3, 0, NULL, '2026-03-19 02:44:00', '2026-03-19 02:44:00'),
	(27, NULL, 1, 1, NULL, 'P000027', 'P', 'mostrador', 'cobrado', '2026-03-18 23:52:00', NULL, '2026-03-19 00:37:00', 'Juan García López', '912345001', NULL, NULL, 63.91, 0.00, 0.00, 6.39, 70.30, 70.30, 0.00, NULL, NULL, NULL, 0, NULL, '2026-03-19 04:52:00', '2026-03-19 04:52:00'),
	(28, NULL, 2, NULL, NULL, 'P000028', 'P', 'mostrador', 'cobrado', '2026-03-18 21:39:00', NULL, '2026-03-18 21:57:00', NULL, NULL, NULL, NULL, 25.45, 0.00, 0.00, 2.55, 28.00, 28.00, 0.00, NULL, NULL, NULL, 0, NULL, '2026-03-19 02:39:00', '2026-03-19 02:39:00'),
	(29, NULL, 2, 1, 17, 'P000029', 'P', 'mesa', 'cobrado', '2026-03-18 22:05:00', NULL, '2026-03-18 22:33:00', 'Juan García López', '912345001', NULL, NULL, 26.82, 0.00, 0.00, 2.68, 29.50, 29.50, 0.00, NULL, NULL, 2, 0, NULL, '2026-03-19 03:05:00', '2026-03-19 03:05:00'),
	(30, NULL, 5, NULL, NULL, 'P000030', 'P', 'mostrador', 'cobrado', '2026-03-18 12:49:00', NULL, '2026-03-18 13:44:00', NULL, NULL, NULL, NULL, 32.73, 0.00, 0.00, 3.27, 36.00, 36.00, 0.00, NULL, NULL, NULL, 0, NULL, '2026-03-18 17:49:00', '2026-03-18 17:49:00'),
	(31, NULL, 5, 3, NULL, 'P000031', 'P', 'domicilio', 'cobrado', '2026-03-18 21:24:00', NULL, '2026-03-18 22:04:00', 'Carlos Martínez Soto', '954000003', 'Calle Sierpes', NULL, 7.27, 0.00, 2.50, 0.73, 10.50, 10.50, 0.00, NULL, NULL, NULL, 0, NULL, '2026-03-19 02:24:00', '2026-03-19 02:24:00'),
	(32, NULL, 4, 5, NULL, 'P000032', 'P', 'domicilio', 'cobrado', '2026-03-18 17:42:00', NULL, '2026-03-18 18:36:00', 'Restaurante Pizza Express', '963000005', 'Avenida Principal', NULL, 31.36, 0.00, 2.50, 3.14, 37.00, 37.00, 0.00, NULL, NULL, NULL, 0, NULL, '2026-03-18 22:42:00', '2026-03-18 22:42:00'),
	(33, NULL, 5, NULL, 7, 'P000033', 'P', 'mesa', 'cobrado', '2026-03-18 15:39:00', NULL, '2026-03-18 16:08:00', NULL, NULL, NULL, NULL, 75.00, 0.00, 0.00, 7.50, 82.50, 82.50, 0.00, NULL, NULL, 2, 0, NULL, '2026-03-18 20:39:00', '2026-03-18 20:39:00'),
	(34, NULL, 4, NULL, NULL, 'P000034', 'P', 'recogida', 'cobrado', '2026-03-18 13:39:00', NULL, '2026-03-18 14:29:00', NULL, NULL, NULL, NULL, 8.18, 0.00, 0.00, 0.82, 9.00, 9.00, 0.00, NULL, NULL, NULL, 0, NULL, '2026-03-18 18:39:00', '2026-03-18 18:39:00'),
	(35, NULL, 2, NULL, NULL, 'P000035', 'P', 'recogida', 'cobrado', '2026-03-18 21:37:00', NULL, '2026-03-18 22:27:00', NULL, NULL, NULL, NULL, 94.55, 0.00, 0.00, 9.45, 104.00, 104.00, 0.00, NULL, NULL, NULL, 0, NULL, '2026-03-19 02:37:00', '2026-03-19 02:37:00'),
	(36, NULL, 1, NULL, NULL, 'P000036', 'P', 'mostrador', 'cobrado', '2026-03-18 20:14:00', NULL, '2026-03-18 21:05:00', NULL, NULL, NULL, NULL, 23.09, 0.00, 0.00, 2.31, 25.40, 25.40, 0.00, NULL, NULL, NULL, 0, NULL, '2026-03-19 01:14:00', '2026-03-19 01:14:00'),
	(37, NULL, 2, NULL, NULL, 'P000037', 'P', 'mostrador', 'cobrado', '2026-03-18 20:21:00', NULL, '2026-03-18 20:40:00', NULL, NULL, NULL, NULL, 40.36, 0.00, 0.00, 4.04, 44.40, 44.40, 0.00, NULL, NULL, NULL, 0, NULL, '2026-03-19 01:21:00', '2026-03-19 01:21:00'),
	(38, NULL, 2, 10, 25, 'P000038', 'P', 'mesa', 'cobrado', '2026-03-18 13:15:00', NULL, '2026-03-18 13:37:00', 'Sara Jiménez Ramos', '925000010', NULL, NULL, 45.27, 0.00, 0.00, 4.53, 49.80, 49.80, 0.00, NULL, NULL, 3, 0, NULL, '2026-03-18 18:15:00', '2026-03-18 18:15:00'),
	(39, NULL, 6, NULL, 30, 'P000039', 'P', 'mesa', 'cobrado', '2026-03-18 23:19:00', NULL, '2026-03-18 23:41:00', NULL, NULL, NULL, NULL, 9.09, 0.00, 0.00, 0.91, 10.00, 10.00, 0.00, NULL, NULL, 3, 0, NULL, '2026-03-19 04:19:00', '2026-03-19 04:19:00'),
	(40, NULL, 6, NULL, NULL, 'P000040', 'P', 'mostrador', 'anulado', '2026-03-18 20:12:00', NULL, NULL, NULL, NULL, NULL, NULL, 82.27, 0.00, 0.00, 8.23, 90.50, 0.00, 0.00, NULL, NULL, NULL, 0, NULL, '2026-03-19 01:12:00', '2026-03-19 01:12:00'),
	(41, NULL, 6, 11, NULL, 'P000041', 'P', 'telefono', 'cobrado', '2026-03-19 15:31:00', NULL, '2026-03-19 16:29:00', 'Café Bar Central', '928000011', NULL, NULL, 48.18, 0.00, 0.00, 4.82, 53.00, 53.00, 0.00, NULL, NULL, NULL, 0, NULL, '2026-03-19 20:31:00', '2026-03-19 20:31:00'),
	(42, NULL, 1, 11, NULL, 'P000042', 'P', 'domicilio', 'cobrado', '2026-03-19 22:23:00', NULL, '2026-03-19 22:48:00', 'Café Bar Central', '928000011', 'Calle Triana', NULL, 23.18, 0.00, 2.50, 2.32, 28.00, 28.00, 0.00, NULL, NULL, NULL, 0, NULL, '2026-03-20 03:23:00', '2026-03-20 03:23:00'),
	(43, NULL, 5, NULL, 24, 'P000043', 'P', 'mesa', 'cobrado', '2026-03-19 22:07:00', NULL, '2026-03-19 22:39:00', NULL, NULL, NULL, NULL, 9.55, 0.00, 0.00, 0.95, 10.50, 10.50, 0.00, NULL, NULL, 4, 0, NULL, '2026-03-20 03:07:00', '2026-03-20 03:07:00'),
	(44, NULL, 3, NULL, 14, 'P000044', 'P', 'mesa', 'cobrado', '2026-03-19 22:29:00', NULL, '2026-03-19 23:06:00', NULL, NULL, NULL, NULL, 70.27, 0.00, 0.00, 7.03, 77.30, 77.30, 0.00, NULL, NULL, 2, 0, NULL, '2026-03-20 03:29:00', '2026-03-20 03:29:00'),
	(45, NULL, 3, NULL, 21, 'P000045', 'P', 'mesa', 'cobrado', '2026-03-19 14:10:00', NULL, '2026-03-19 14:50:00', NULL, NULL, NULL, NULL, 19.09, 0.00, 0.00, 1.91, 21.00, 21.00, 0.00, NULL, NULL, 2, 0, NULL, '2026-03-19 19:10:00', '2026-03-19 19:10:00'),
	(46, NULL, 2, NULL, NULL, 'P000046', 'P', 'recogida', 'cobrado', '2026-03-19 15:24:00', NULL, '2026-03-19 15:57:00', NULL, NULL, NULL, NULL, 61.82, 0.00, 0.00, 6.18, 68.00, 68.00, 0.00, NULL, NULL, NULL, 0, NULL, '2026-03-19 20:24:00', '2026-03-19 20:24:00'),
	(47, NULL, 3, NULL, NULL, 'P000047', 'P', 'mostrador', 'cobrado', '2026-03-19 14:07:00', NULL, '2026-03-19 14:45:00', NULL, NULL, NULL, NULL, 80.82, 0.00, 0.00, 8.08, 88.90, 88.90, 0.00, NULL, NULL, NULL, 0, NULL, '2026-03-19 19:07:00', '2026-03-19 19:07:00'),
	(48, NULL, 3, 5, NULL, 'P000048', 'P', 'domicilio', 'cobrado', '2026-03-19 14:46:00', NULL, '2026-03-19 15:05:00', 'Restaurante Pizza Express', '963000005', 'Avenida Principal', NULL, 2.73, 2.73, 2.50, 0.27, 2.77, 2.77, 0.00, NULL, NULL, NULL, 0, NULL, '2026-03-19 19:46:00', '2026-03-19 19:46:00'),
	(49, NULL, 2, 7, NULL, 'P000049', 'P', 'domicilio', 'cobrado', '2026-03-19 16:37:00', NULL, '2026-03-19 17:03:00', 'David Rodríguez Núñez', '976000007', 'Paseo Independencia', NULL, 33.64, 0.00, 2.50, 3.36, 39.50, 39.50, 0.00, NULL, NULL, NULL, 0, NULL, '2026-03-19 21:37:00', '2026-03-19 21:37:00'),
	(50, NULL, 3, 2, NULL, 'P000050', 'P', 'mostrador', 'cobrado', '2026-03-19 20:29:00', NULL, '2026-03-19 21:20:00', 'María Fernández Ruiz', '932000002', NULL, NULL, 50.55, 0.00, 0.00, 5.05, 55.60, 55.60, 0.00, NULL, NULL, NULL, 0, NULL, '2026-03-20 01:29:00', '2026-03-20 01:29:00'),
	(51, NULL, 5, 8, NULL, 'P000051', 'P', 'domicilio', 'cobrado', '2026-03-19 21:36:00', NULL, '2026-03-19 22:05:00', 'Patricia González Pardo', '948000008', 'Avenida de Carlos III', NULL, 40.09, 0.00, 2.50, 4.01, 46.60, 46.60, 0.00, NULL, NULL, NULL, 0, NULL, '2026-03-20 02:36:00', '2026-03-20 02:36:00'),
	(52, NULL, 2, 3, NULL, 'P000052', 'P', 'domicilio', 'anulado', '2026-03-19 22:52:00', NULL, NULL, 'Carlos Martínez Soto', '954000003', 'Calle Sierpes', NULL, 84.36, 0.00, 2.50, 8.44, 95.30, 0.00, 0.00, NULL, NULL, NULL, 0, NULL, '2026-03-20 03:52:00', '2026-03-20 03:52:00'),
	(53, NULL, 4, 6, NULL, 'P000053', 'P', 'mostrador', 'cobrado', '2026-03-19 15:47:00', NULL, '2026-03-19 16:40:00', 'Andrea Sánchez Vega', '981000006', NULL, NULL, 31.91, 0.00, 0.00, 3.19, 35.10, 35.10, 0.00, NULL, NULL, NULL, 0, NULL, '2026-03-19 20:47:00', '2026-03-19 20:47:00'),
	(54, NULL, 2, NULL, NULL, 'P000054', 'P', 'mostrador', 'cobrado', '2026-03-19 15:17:00', NULL, '2026-03-19 15:48:00', NULL, NULL, NULL, NULL, 29.55, 0.00, 0.00, 2.95, 32.50, 32.50, 0.00, NULL, NULL, NULL, 0, NULL, '2026-03-19 20:17:00', '2026-03-19 20:17:00'),
	(55, NULL, 5, NULL, 27, 'P000055', 'P', 'mesa', 'cobrado', '2026-03-19 19:31:00', NULL, '2026-03-19 20:08:00', NULL, NULL, NULL, NULL, 79.91, 0.00, 0.00, 7.99, 87.90, 87.90, 0.00, NULL, NULL, 3, 0, NULL, '2026-03-20 00:31:00', '2026-03-20 00:31:00'),
	(56, NULL, 5, 1, NULL, 'P000056', 'P', 'telefono', 'cobrado', '2026-03-20 13:11:00', NULL, '2026-03-20 13:52:00', 'Juan García López', '912345001', NULL, NULL, 142.09, 0.00, 0.00, 14.21, 156.30, 156.30, 0.00, NULL, NULL, NULL, 0, NULL, '2026-03-20 18:11:00', '2026-03-20 18:11:00'),
	(57, NULL, 5, 5, NULL, 'P000057', 'P', 'mostrador', 'cobrado', '2026-03-20 20:07:00', NULL, '2026-03-20 20:55:00', 'Restaurante Pizza Express', '963000005', NULL, NULL, 94.36, 0.00, 0.00, 9.44, 103.80, 103.80, 0.00, NULL, NULL, NULL, 0, NULL, '2026-03-21 01:07:00', '2026-03-21 01:07:00'),
	(58, NULL, 5, NULL, 21, 'P000058', 'P', 'mesa', 'cobrado', '2026-03-20 13:11:00', NULL, '2026-03-20 14:05:00', NULL, NULL, NULL, NULL, 43.64, 0.00, 0.00, 4.36, 48.00, 48.00, 0.00, NULL, NULL, 4, 0, NULL, '2026-03-20 18:11:00', '2026-03-20 18:11:00'),
	(59, NULL, 6, 10, 24, 'P000059', 'P', 'mesa', 'cobrado', '2026-03-20 23:28:00', NULL, '2026-03-21 00:11:00', 'Sara Jiménez Ramos', '925000010', NULL, NULL, 20.91, 0.00, 0.00, 2.09, 23.00, 23.00, 0.00, NULL, NULL, 4, 0, NULL, '2026-03-21 04:28:00', '2026-03-21 04:28:00'),
	(60, NULL, 5, NULL, 24, 'P000060', 'P', 'mesa', 'cobrado', '2026-03-20 21:27:00', NULL, '2026-03-20 21:54:00', NULL, NULL, NULL, NULL, 16.82, 0.00, 0.00, 1.68, 18.50, 18.50, 0.00, NULL, NULL, 3, 0, NULL, '2026-03-21 02:27:00', '2026-03-21 02:27:00'),
	(61, NULL, 6, NULL, 7, 'P000061', 'P', 'mesa', 'cobrado', '2026-03-20 14:26:00', NULL, '2026-03-20 15:13:00', NULL, NULL, NULL, NULL, 35.45, 0.00, 0.00, 3.55, 39.00, 39.00, 0.00, NULL, NULL, 4, 0, NULL, '2026-03-20 19:26:00', '2026-03-20 19:26:00'),
	(62, NULL, 5, 4, NULL, 'P000062', 'P', 'mostrador', 'cobrado', '2026-03-20 20:29:00', NULL, '2026-03-20 20:44:00', 'Lucía Pérez Sanz', '923000004', NULL, NULL, 4.09, 0.00, 0.00, 0.41, 4.50, 4.50, 0.00, NULL, NULL, NULL, 0, NULL, '2026-03-21 01:29:00', '2026-03-21 01:29:00'),
	(63, NULL, 3, NULL, NULL, 'P000063', 'P', 'mostrador', 'cobrado', '2026-03-20 22:34:00', NULL, '2026-03-20 23:05:00', NULL, NULL, NULL, NULL, 10.91, 0.00, 0.00, 1.09, 12.00, 12.00, 0.00, NULL, NULL, NULL, 0, NULL, '2026-03-21 03:34:00', '2026-03-21 03:34:00'),
	(64, NULL, 5, 7, NULL, 'P000064', 'P', 'domicilio', 'cobrado', '2026-03-20 17:35:00', NULL, '2026-03-20 18:14:00', 'David Rodríguez Núñez', '976000007', 'Paseo Independencia', NULL, 31.64, 0.00, 2.50, 3.16, 37.30, 37.30, 0.00, NULL, NULL, NULL, 0, NULL, '2026-03-20 22:35:00', '2026-03-20 22:35:00'),
	(65, NULL, 2, 2, NULL, 'P000065', 'P', 'mostrador', 'cobrado', '2026-03-20 21:00:00', NULL, '2026-03-20 21:58:00', 'María Fernández Ruiz', '932000002', NULL, NULL, 20.45, 0.00, 0.00, 2.05, 22.50, 22.50, 0.00, NULL, NULL, NULL, 0, NULL, '2026-03-21 02:00:00', '2026-03-21 02:00:00'),
	(66, NULL, 2, NULL, NULL, 'P000066', 'P', 'mostrador', 'cobrado', '2026-03-20 15:45:00', NULL, '2026-03-20 16:08:00', NULL, NULL, NULL, NULL, 71.00, 0.00, 0.00, 7.10, 78.10, 78.10, 0.00, NULL, NULL, NULL, 0, NULL, '2026-03-20 20:45:00', '2026-03-20 20:45:00'),
	(67, NULL, 4, 9, NULL, 'P000067', 'P', 'domicilio', 'cobrado', '2026-03-20 22:51:00', NULL, '2026-03-20 23:48:00', 'Miguel Torres Aguilar', '957000009', 'Calle Cruz Conde', NULL, 33.18, 0.00, 2.50, 3.32, 39.00, 39.00, 0.00, NULL, NULL, NULL, 0, NULL, '2026-03-21 03:51:00', '2026-03-21 03:51:00'),
	(68, NULL, 4, NULL, 15, 'P000068', 'P', 'mesa', 'cobrado', '2026-03-21 13:07:00', NULL, '2026-03-21 13:33:00', NULL, NULL, NULL, NULL, 101.09, 0.00, 0.00, 10.11, 111.20, 111.20, 0.00, NULL, NULL, 1, 0, NULL, '2026-03-21 18:07:00', '2026-03-21 18:07:00'),
	(69, NULL, 2, 2, 5, 'P000069', 'P', 'mesa', 'cobrado', '2026-03-21 18:15:00', NULL, '2026-03-21 18:37:00', 'María Fernández Ruiz', '932000002', NULL, NULL, 32.00, 0.00, 0.00, 3.20, 35.20, 35.20, 0.00, NULL, NULL, 3, 0, NULL, '2026-03-21 23:15:00', '2026-03-21 23:15:00'),
	(70, NULL, 6, NULL, NULL, 'P000070', 'P', 'mostrador', 'cobrado', '2026-03-21 15:52:00', NULL, '2026-03-21 16:36:00', NULL, NULL, NULL, NULL, 34.09, 0.00, 0.00, 3.41, 37.50, 37.50, 0.00, NULL, NULL, NULL, 0, NULL, '2026-03-21 20:52:00', '2026-03-21 20:52:00'),
	(71, NULL, 1, 6, 6, 'P000071', 'P', 'mesa', 'cobrado', '2026-03-21 22:32:00', NULL, '2026-03-21 23:11:00', 'Andrea Sánchez Vega', '981000006', NULL, NULL, 36.18, 0.00, 0.00, 3.62, 39.80, 39.80, 0.00, NULL, NULL, 3, 0, NULL, '2026-03-22 03:32:00', '2026-03-22 03:32:00'),
	(72, NULL, 4, 8, NULL, 'P000072', 'P', 'telefono', 'cobrado', '2026-03-21 15:09:00', NULL, '2026-03-21 16:09:00', 'Patricia González Pardo', '948000008', NULL, NULL, 94.91, 0.00, 0.00, 9.49, 104.40, 104.40, 0.00, NULL, NULL, NULL, 0, NULL, '2026-03-21 20:09:00', '2026-03-21 20:09:00'),
	(73, NULL, 6, 6, NULL, 'P000073', 'P', 'telefono', 'cobrado', '2026-03-21 19:10:00', NULL, '2026-03-21 19:29:00', 'Andrea Sánchez Vega', '981000006', NULL, NULL, 41.82, 0.00, 0.00, 4.18, 46.00, 46.00, 0.00, NULL, NULL, NULL, 0, NULL, '2026-03-22 00:10:00', '2026-03-22 00:10:00'),
	(74, NULL, 2, NULL, 24, 'P000074', 'P', 'mesa', 'cobrado', '2026-03-21 17:28:00', NULL, '2026-03-21 18:13:00', NULL, NULL, NULL, NULL, 32.27, 2.66, 0.00, 3.23, 32.84, 32.84, 0.00, NULL, NULL, 2, 0, NULL, '2026-03-21 22:28:00', '2026-03-21 22:28:00'),
	(75, NULL, 6, NULL, 2, 'P000075', 'P', 'mesa', 'cobrado', '2026-03-21 20:41:00', NULL, '2026-03-21 21:09:00', NULL, NULL, NULL, NULL, 10.00, 0.00, 0.00, 1.00, 11.00, 11.00, 0.00, NULL, NULL, 2, 0, NULL, '2026-03-22 01:41:00', '2026-03-22 01:41:00'),
	(76, NULL, 3, 7, NULL, 'P000076', 'P', 'mostrador', 'cobrado', '2026-03-21 20:32:00', NULL, '2026-03-21 21:24:00', 'David Rodríguez Núñez', '976000007', NULL, NULL, 19.55, 0.00, 0.00, 1.95, 21.50, 21.50, 0.00, NULL, NULL, NULL, 0, NULL, '2026-03-22 01:32:00', '2026-03-22 01:32:00'),
	(77, NULL, 5, NULL, NULL, 'P000077', 'P', 'mostrador', 'cobrado', '2026-03-21 22:05:00', NULL, '2026-03-21 22:30:00', NULL, NULL, NULL, NULL, 61.09, 0.00, 0.00, 6.11, 67.20, 67.20, 0.00, NULL, NULL, NULL, 0, NULL, '2026-03-22 03:05:00', '2026-03-22 03:05:00'),
	(78, NULL, 6, 3, NULL, 'P000078', 'P', 'domicilio', 'cobrado', '2026-03-21 15:33:00', NULL, '2026-03-21 16:08:00', 'Carlos Martínez Soto', '954000003', 'Calle Sierpes', NULL, 7.27, 0.00, 2.50, 0.73, 10.50, 10.50, 0.00, NULL, NULL, NULL, 0, NULL, '2026-03-21 20:33:00', '2026-03-21 20:33:00'),
	(79, NULL, 2, 7, 12, 'P000079', 'P', 'mesa', 'cobrado', '2026-03-21 17:22:00', NULL, '2026-03-21 18:07:00', 'David Rodríguez Núñez', '976000007', NULL, NULL, 58.18, 0.00, 0.00, 5.82, 64.00, 64.00, 0.00, NULL, NULL, 2, 0, NULL, '2026-03-21 22:22:00', '2026-03-21 22:22:00'),
	(80, NULL, 1, 11, NULL, 'P000080', 'P', 'domicilio', 'cobrado', '2026-03-21 21:12:00', NULL, '2026-03-21 21:34:00', 'Café Bar Central', '928000011', 'Calle Triana', NULL, 2.00, 0.00, 2.50, 0.20, 4.70, 4.70, 0.00, NULL, NULL, NULL, 0, NULL, '2026-03-22 02:12:00', '2026-03-22 02:12:00'),
	(81, NULL, 3, 5, 30, 'P000081', 'P', 'mesa', 'cobrado', '2026-03-21 13:53:00', NULL, '2026-03-21 14:45:00', 'Restaurante Pizza Express', '963000005', NULL, NULL, 51.55, 0.00, 0.00, 5.15, 56.70, 56.70, 0.00, NULL, NULL, 3, 0, NULL, '2026-03-21 18:53:00', '2026-03-21 18:53:00'),
	(82, NULL, 5, 2, NULL, 'P000082', 'P', 'mostrador', 'anulado', '2026-03-21 17:50:00', NULL, NULL, 'María Fernández Ruiz', '932000002', NULL, NULL, 38.18, 0.00, 0.00, 3.82, 42.00, 0.00, 0.00, NULL, NULL, NULL, 0, NULL, '2026-03-21 22:50:00', '2026-03-21 22:50:00'),
	(83, NULL, 1, 9, NULL, 'P000083', 'P', 'mostrador', 'anulado', '2026-03-21 22:15:00', NULL, NULL, 'Miguel Torres Aguilar', '957000009', NULL, NULL, 16.36, 0.00, 0.00, 1.64, 18.00, 0.00, 0.00, NULL, NULL, NULL, 0, NULL, '2026-03-22 03:15:00', '2026-03-22 03:15:00'),
	(84, NULL, 2, 3, NULL, 'P000084', 'P', 'domicilio', 'cobrado', '2026-03-21 22:56:00', NULL, '2026-03-21 23:46:00', 'Carlos Martínez Soto', '954000003', 'Calle Sierpes', NULL, 98.18, 0.00, 2.50, 9.82, 110.50, 110.50, 0.00, NULL, NULL, NULL, 0, NULL, '2026-03-22 03:56:00', '2026-03-22 03:56:00'),
	(85, NULL, 4, NULL, NULL, 'P000085', 'P', 'mostrador', 'cobrado', '2026-03-21 18:12:00', NULL, '2026-03-21 18:51:00', NULL, NULL, NULL, NULL, 16.82, 0.00, 0.00, 1.68, 18.50, 18.50, 0.00, NULL, NULL, NULL, 0, NULL, '2026-03-21 23:12:00', '2026-03-21 23:12:00'),
	(86, NULL, 4, 3, NULL, 'P000086', 'P', 'domicilio', 'cobrado', '2026-03-21 14:37:00', NULL, '2026-03-21 15:37:00', 'Carlos Martínez Soto', '954000003', 'Calle Sierpes', NULL, 56.00, 0.00, 2.50, 5.60, 64.10, 64.10, 0.00, NULL, NULL, NULL, 0, NULL, '2026-03-21 19:37:00', '2026-03-21 19:37:00'),
	(87, NULL, 3, 3, NULL, 'P000087', 'P', 'domicilio', 'cobrado', '2026-03-21 20:37:00', NULL, '2026-03-21 21:25:00', 'Carlos Martínez Soto', '954000003', 'Calle Sierpes', NULL, 30.45, 0.00, 2.50, 3.05, 36.00, 36.00, 0.00, NULL, NULL, NULL, 0, NULL, '2026-03-22 01:37:00', '2026-03-22 01:37:00'),
	(88, NULL, 6, NULL, 12, 'P000088', 'P', 'mesa', 'cobrado', '2026-03-21 13:06:00', NULL, '2026-03-21 14:06:00', NULL, NULL, NULL, NULL, 4.55, 0.00, 0.00, 0.45, 5.00, 5.00, 0.00, NULL, NULL, 3, 0, NULL, '2026-03-21 18:06:00', '2026-03-21 18:06:00'),
	(89, NULL, 4, NULL, NULL, 'P000089', 'P', 'recogida', 'cobrado', '2026-03-21 16:55:00', NULL, '2026-03-21 17:25:00', NULL, NULL, NULL, NULL, 23.64, 0.00, 0.00, 2.36, 26.00, 26.00, 0.00, NULL, NULL, NULL, 0, NULL, '2026-03-21 21:55:00', '2026-03-21 21:55:00'),
	(90, NULL, 3, NULL, NULL, 'P000090', 'P', 'mostrador', 'cobrado', '2026-03-21 14:03:00', NULL, '2026-03-21 14:55:00', NULL, NULL, NULL, NULL, 59.27, 0.00, 0.00, 5.93, 65.20, 65.20, 0.00, NULL, NULL, NULL, 0, NULL, '2026-03-21 19:03:00', '2026-03-21 19:03:00'),
	(91, NULL, 6, NULL, 25, 'P000091', 'P', 'mesa', 'cobrado', '2026-03-21 15:09:00', NULL, '2026-03-21 15:41:00', NULL, NULL, NULL, NULL, 38.00, 0.00, 0.00, 3.80, 41.80, 41.80, 0.00, NULL, NULL, 1, 0, NULL, '2026-03-21 20:09:00', '2026-03-21 20:09:00'),
	(92, NULL, 2, 7, NULL, 'P000092', 'P', 'telefono', 'cobrado', '2026-03-21 21:39:00', NULL, '2026-03-21 22:33:00', 'David Rodríguez Núñez', '976000007', NULL, NULL, 94.27, 0.00, 0.00, 9.43, 103.70, 103.70, 0.00, NULL, NULL, NULL, 0, NULL, '2026-03-22 02:39:00', '2026-03-22 02:39:00'),
	(93, NULL, 3, 7, NULL, 'P000093', 'P', 'mostrador', 'cobrado', '2026-03-21 22:30:00', NULL, '2026-03-21 22:45:00', 'David Rodríguez Núñez', '976000007', NULL, NULL, 31.73, 0.00, 0.00, 3.17, 34.90, 34.90, 0.00, NULL, NULL, NULL, 0, NULL, '2026-03-22 03:30:00', '2026-03-22 03:30:00'),
	(94, NULL, 4, 9, NULL, 'P000094', 'P', 'mostrador', 'cobrado', '2026-03-21 21:05:00', NULL, '2026-03-21 21:56:00', 'Miguel Torres Aguilar', '957000009', NULL, NULL, 9.27, 0.00, 0.00, 0.93, 10.20, 10.20, 0.00, NULL, NULL, NULL, 0, NULL, '2026-03-22 02:05:00', '2026-03-22 02:05:00'),
	(95, NULL, 4, 8, NULL, 'P000095', 'P', 'mostrador', 'cobrado', '2026-03-22 20:20:00', NULL, '2026-03-22 20:48:00', 'Patricia González Pardo', '948000008', NULL, NULL, 42.73, 0.00, 0.00, 4.27, 47.00, 47.00, 0.00, NULL, NULL, NULL, 0, NULL, '2026-03-23 01:20:00', '2026-03-23 01:20:00'),
	(96, NULL, 4, NULL, NULL, 'P000096', 'P', 'mostrador', 'cobrado', '2026-03-22 14:47:00', NULL, '2026-03-22 15:07:00', NULL, NULL, NULL, NULL, 36.55, 0.00, 0.00, 3.65, 40.20, 40.20, 0.00, NULL, NULL, NULL, 0, NULL, '2026-03-22 19:47:00', '2026-03-22 19:47:00'),
	(97, NULL, 4, 8, NULL, 'P000097', 'P', 'mostrador', 'cobrado', '2026-03-22 16:20:00', NULL, '2026-03-22 17:12:00', 'Patricia González Pardo', '948000008', NULL, NULL, 17.27, 0.00, 0.00, 1.73, 19.00, 19.00, 0.00, NULL, NULL, NULL, 0, NULL, '2026-03-22 21:20:00', '2026-03-22 21:20:00'),
	(98, NULL, 5, 6, NULL, 'P000098', 'P', 'mostrador', 'anulado', '2026-03-22 15:03:00', NULL, NULL, 'Andrea Sánchez Vega', '981000006', NULL, NULL, 43.64, 0.00, 0.00, 4.36, 48.00, 0.00, 0.00, NULL, NULL, NULL, 0, NULL, '2026-03-22 20:03:00', '2026-03-22 20:03:00'),
	(99, NULL, 5, NULL, 12, 'P000099', 'P', 'mesa', 'cobrado', '2026-03-22 12:51:00', NULL, '2026-03-22 13:20:00', NULL, NULL, NULL, NULL, 6.36, 2.04, 0.00, 0.64, 4.96, 4.96, 0.00, NULL, NULL, 2, 0, NULL, '2026-03-22 17:51:00', '2026-03-22 17:51:00'),
	(100, NULL, 6, 6, NULL, 'P000100', 'P', 'domicilio', 'cobrado', '2026-03-22 14:16:00', NULL, '2026-03-22 14:59:00', 'Andrea Sánchez Vega', '981000006', 'Rúa do Vilar', NULL, 39.55, 0.00, 2.50, 3.95, 46.00, 46.00, 0.00, NULL, NULL, NULL, 0, NULL, '2026-03-22 19:16:00', '2026-03-22 19:16:00'),
	(101, NULL, 5, NULL, 31, 'P000101', 'P', 'mesa', 'cobrado', '2026-03-22 22:35:00', NULL, '2026-03-22 23:16:00', NULL, NULL, NULL, NULL, 79.09, 0.00, 0.00, 7.91, 87.00, 87.00, 0.00, NULL, NULL, 4, 0, NULL, '2026-03-23 03:35:00', '2026-03-23 03:35:00'),
	(102, NULL, 1, 12, NULL, 'P000102', 'P', 'mostrador', 'cobrado', '2026-03-22 18:28:00', NULL, '2026-03-22 18:48:00', 'Roberto Domínguez Castro', '941000012', NULL, NULL, 63.18, 0.00, 0.00, 6.32, 69.50, 69.50, 0.00, NULL, NULL, NULL, 0, NULL, '2026-03-22 23:28:00', '2026-03-22 23:28:00'),
	(103, NULL, 4, NULL, NULL, 'P000103', 'P', 'mostrador', 'cobrado', '2026-03-22 23:58:00', NULL, '2026-03-23 00:16:00', NULL, NULL, NULL, NULL, 9.09, 0.00, 0.00, 0.91, 10.00, 10.00, 0.00, NULL, NULL, NULL, 0, NULL, '2026-03-23 04:58:00', '2026-03-23 04:58:00'),
	(104, NULL, 4, NULL, NULL, 'P000104', 'P', 'mostrador', 'cobrado', '2026-03-22 21:21:00', NULL, '2026-03-22 21:56:00', NULL, NULL, NULL, NULL, 75.91, 0.00, 0.00, 7.59, 83.50, 83.50, 0.00, NULL, NULL, NULL, 0, NULL, '2026-03-23 02:21:00', '2026-03-23 02:21:00'),
	(105, NULL, 1, 10, 12, 'P000105', 'P', 'mesa', 'cobrado', '2026-03-22 16:59:00', NULL, '2026-03-22 17:34:00', 'Sara Jiménez Ramos', '925000010', NULL, NULL, 61.36, 0.00, 0.00, 6.14, 67.50, 67.50, 0.00, NULL, NULL, 4, 0, NULL, '2026-03-22 21:59:00', '2026-03-22 21:59:00'),
	(106, NULL, 3, 11, 25, 'P000106', 'P', 'mesa', 'cobrado', '2026-03-22 16:11:00', NULL, '2026-03-22 16:46:00', 'Café Bar Central', '928000011', NULL, NULL, 92.00, 0.00, 0.00, 9.20, 101.20, 101.20, 0.00, NULL, NULL, 1, 0, NULL, '2026-03-22 21:11:00', '2026-03-22 21:11:00'),
	(107, NULL, 2, 9, NULL, 'P000107', 'P', 'mostrador', 'cobrado', '2026-03-22 14:59:00', NULL, '2026-03-22 15:26:00', 'Miguel Torres Aguilar', '957000009', NULL, NULL, 91.55, 0.00, 0.00, 9.15, 100.70, 100.70, 0.00, NULL, NULL, NULL, 0, NULL, '2026-03-22 19:59:00', '2026-03-22 19:59:00'),
	(108, NULL, 5, NULL, 26, 'P000108', 'P', 'mesa', 'cobrado', '2026-03-22 22:50:00', NULL, '2026-03-22 23:08:00', NULL, NULL, NULL, NULL, 27.27, 0.00, 0.00, 2.73, 30.00, 30.00, 0.00, NULL, NULL, 4, 0, NULL, '2026-03-23 03:50:00', '2026-03-23 03:50:00'),
	(109, NULL, 4, 1, NULL, 'P000109', 'P', 'domicilio', 'cobrado', '2026-03-22 16:38:00', NULL, '2026-03-22 17:15:00', 'Juan García López', '912345001', 'Calle Goya', NULL, 40.00, 0.00, 2.50, 4.00, 46.50, 46.50, 0.00, NULL, NULL, NULL, 0, NULL, '2026-03-22 21:38:00', '2026-03-22 21:38:00'),
	(110, NULL, 2, NULL, 4, 'P000110', 'P', 'mesa', 'cobrado', '2026-03-22 21:31:00', NULL, '2026-03-22 21:51:00', NULL, NULL, NULL, NULL, 59.45, 0.00, 0.00, 5.95, 65.40, 65.40, 0.00, NULL, NULL, 3, 0, NULL, '2026-03-23 02:31:00', '2026-03-23 02:31:00'),
	(111, NULL, 3, 11, NULL, 'P000111', 'P', 'domicilio', 'cobrado', '2026-03-22 14:21:00', NULL, '2026-03-22 14:46:00', 'Café Bar Central', '928000011', 'Calle Triana', NULL, 4.09, 0.00, 2.50, 0.41, 7.00, 7.00, 0.00, NULL, NULL, NULL, 0, NULL, '2026-03-22 19:21:00', '2026-03-22 19:21:00'),
	(112, NULL, 2, NULL, NULL, 'P000112', 'P', 'mostrador', 'cobrado', '2026-03-22 20:05:00', NULL, '2026-03-22 20:50:00', NULL, NULL, NULL, NULL, 20.27, 0.00, 0.00, 2.03, 22.30, 22.30, 0.00, NULL, NULL, NULL, 0, NULL, '2026-03-23 01:05:00', '2026-03-23 01:05:00'),
	(113, NULL, 4, 11, NULL, 'P000113', 'P', 'domicilio', 'cobrado', '2026-03-22 17:19:00', NULL, '2026-03-22 18:04:00', 'Café Bar Central', '928000011', 'Calle Triana', NULL, 25.00, 0.00, 2.50, 2.50, 30.00, 30.00, 0.00, NULL, NULL, NULL, 0, NULL, '2026-03-22 22:19:00', '2026-03-22 22:19:00'),
	(114, NULL, 5, NULL, 7, 'P000114', 'P', 'mesa', 'cobrado', '2026-03-22 14:26:00', NULL, '2026-03-22 15:07:00', NULL, NULL, NULL, NULL, 100.00, 0.00, 0.00, 10.00, 110.00, 110.00, 0.00, NULL, NULL, 2, 0, NULL, '2026-03-22 19:26:00', '2026-03-22 19:26:00'),
	(115, NULL, 2, 6, NULL, 'P000115', 'P', 'mostrador', 'cobrado', '2026-03-22 22:53:00', NULL, '2026-03-22 23:22:00', 'Andrea Sánchez Vega', '981000006', NULL, NULL, 11.45, 0.00, 0.00, 1.15, 12.60, 12.60, 0.00, NULL, NULL, NULL, 0, NULL, '2026-03-23 03:53:00', '2026-03-23 03:53:00'),
	(116, NULL, 5, NULL, NULL, 'P000116', 'P', 'mostrador', 'cobrado', '2026-03-22 13:58:00', NULL, '2026-03-22 14:39:00', NULL, NULL, NULL, NULL, 73.91, 0.00, 0.00, 7.39, 81.30, 81.30, 0.00, NULL, NULL, NULL, 0, NULL, '2026-03-22 18:58:00', '2026-03-22 18:58:00'),
	(117, NULL, 5, NULL, NULL, 'P000117', 'P', 'mostrador', 'cobrado', '2026-03-22 13:35:00', NULL, '2026-03-22 14:11:00', NULL, NULL, NULL, NULL, 48.36, 0.00, 0.00, 4.84, 53.20, 53.20, 0.00, NULL, NULL, NULL, 0, NULL, '2026-03-22 18:35:00', '2026-03-22 18:35:00'),
	(118, NULL, 5, 4, NULL, 'P000118', 'P', 'domicilio', 'cobrado', '2026-03-23 20:50:00', NULL, '2026-03-23 21:15:00', 'Lucía Pérez Sanz', '923000004', 'Plaza Mayor', NULL, 2.73, 0.00, 2.50, 0.27, 5.50, 5.50, 0.00, NULL, NULL, NULL, 0, NULL, '2026-03-24 01:50:00', '2026-03-24 01:50:00'),
	(119, NULL, 2, 9, NULL, 'P000119', 'P', 'telefono', 'cobrado', '2026-03-23 12:16:00', NULL, '2026-03-23 12:52:00', 'Miguel Torres Aguilar', '957000009', NULL, NULL, 45.27, 0.00, 0.00, 4.53, 49.80, 49.80, 0.00, NULL, NULL, NULL, 0, NULL, '2026-03-23 17:16:00', '2026-03-23 17:16:00'),
	(120, NULL, 2, NULL, NULL, 'P000120', 'P', 'mostrador', 'cobrado', '2026-03-23 23:47:00', NULL, '2026-03-24 00:05:00', NULL, NULL, NULL, NULL, 25.45, 0.00, 0.00, 2.55, 28.00, 28.00, 0.00, NULL, NULL, NULL, 0, NULL, '2026-03-24 04:47:00', '2026-03-24 04:47:00'),
	(121, NULL, 3, NULL, NULL, 'P000121', 'P', 'mostrador', 'cobrado', '2026-03-23 21:25:00', NULL, '2026-03-23 21:45:00', NULL, NULL, NULL, NULL, 10.45, 0.00, 0.00, 1.05, 11.50, 11.50, 0.00, NULL, NULL, NULL, 0, NULL, '2026-03-24 02:25:00', '2026-03-24 02:25:00'),
	(122, NULL, 5, 3, NULL, 'P000122', 'P', 'recogida', 'cobrado', '2026-03-23 20:47:00', NULL, '2026-03-23 21:22:00', 'Carlos Martínez Soto', '954000003', NULL, NULL, 28.64, 0.00, 0.00, 2.86, 31.50, 31.50, 0.00, NULL, NULL, NULL, 0, NULL, '2026-03-24 01:47:00', '2026-03-24 01:47:00'),
	(123, NULL, 5, NULL, NULL, 'P000123', 'P', 'mostrador', 'cobrado', '2026-03-23 21:51:00', NULL, '2026-03-23 22:15:00', NULL, NULL, NULL, NULL, 68.91, 0.00, 0.00, 6.89, 75.80, 75.80, 0.00, NULL, NULL, NULL, 0, NULL, '2026-03-24 02:51:00', '2026-03-24 02:51:00'),
	(124, NULL, 2, NULL, 10, 'P000124', 'P', 'mesa', 'cobrado', '2026-03-23 17:57:00', NULL, '2026-03-23 18:18:00', NULL, NULL, NULL, NULL, 55.45, 0.00, 0.00, 5.55, 61.00, 61.00, 0.00, NULL, NULL, 4, 0, NULL, '2026-03-23 22:57:00', '2026-03-23 22:57:00'),
	(125, NULL, 3, 5, NULL, 'P000125', 'P', 'domicilio', 'cobrado', '2026-03-23 21:21:00', NULL, '2026-03-23 22:06:00', 'Restaurante Pizza Express', '963000005', 'Avenida Principal', NULL, 21.82, 0.00, 2.50, 2.18, 26.50, 26.50, 0.00, NULL, NULL, NULL, 0, NULL, '2026-03-24 02:21:00', '2026-03-24 02:21:00'),
	(126, NULL, 6, NULL, NULL, 'P000126', 'P', 'recogida', 'cobrado', '2026-03-23 16:20:00', NULL, '2026-03-23 17:05:00', NULL, NULL, NULL, NULL, 14.64, 0.00, 0.00, 1.46, 16.10, 16.10, 0.00, NULL, NULL, NULL, 0, NULL, '2026-03-23 21:20:00', '2026-03-23 21:20:00'),
	(127, NULL, 2, NULL, NULL, 'P000127', 'P', 'mostrador', 'cobrado', '2026-03-23 15:32:00', NULL, '2026-03-23 15:59:00', NULL, NULL, NULL, NULL, 51.82, 0.00, 0.00, 5.18, 57.00, 57.00, 0.00, NULL, NULL, NULL, 0, NULL, '2026-03-23 20:32:00', '2026-03-23 20:32:00'),
	(128, NULL, 4, 10, NULL, 'P000128', 'P', 'mostrador', 'cobrado', '2026-03-23 13:40:00', NULL, '2026-03-23 13:59:00', 'Sara Jiménez Ramos', '925000010', NULL, NULL, 95.45, 0.00, 0.00, 9.55, 105.00, 105.00, 0.00, NULL, NULL, NULL, 0, NULL, '2026-03-23 18:40:00', '2026-03-23 18:40:00'),
	(129, NULL, 3, 6, NULL, 'P000129', 'P', 'domicilio', 'cobrado', '2026-03-23 17:14:00', NULL, '2026-03-23 17:55:00', 'Andrea Sánchez Vega', '981000006', 'Rúa do Vilar', NULL, 21.73, 0.00, 2.50, 2.17, 26.40, 26.40, 0.00, NULL, NULL, NULL, 0, NULL, '2026-03-23 22:14:00', '2026-03-23 22:14:00'),
	(130, NULL, 6, 2, 27, 'P000130', 'P', 'mesa', 'cobrado', '2026-03-24 16:11:00', NULL, '2026-03-24 17:03:00', 'María Fernández Ruiz', '932000002', NULL, NULL, 12.27, 0.00, 0.00, 1.23, 13.50, 13.50, 0.00, NULL, NULL, 2, 0, NULL, '2026-03-24 21:11:00', '2026-03-24 21:11:00'),
	(131, NULL, 2, 2, NULL, 'P000131', 'P', 'domicilio', 'cobrado', '2026-03-24 22:08:00', NULL, '2026-03-24 22:37:00', 'María Fernández Ruiz', '932000002', 'Avenida Diagonal', NULL, 25.36, 0.00, 2.50, 2.54, 30.40, 30.40, 0.00, NULL, NULL, NULL, 0, NULL, '2026-03-25 03:08:00', '2026-03-25 03:08:00'),
	(132, NULL, 5, NULL, 19, 'P000132', 'P', 'mesa', 'cobrado', '2026-03-24 19:54:00', NULL, '2026-03-24 20:35:00', NULL, NULL, NULL, NULL, 9.55, 0.00, 0.00, 0.95, 10.50, 10.50, 0.00, NULL, NULL, 2, 0, NULL, '2026-03-25 00:54:00', '2026-03-25 00:54:00'),
	(133, NULL, 4, 1, 29, 'P000133', 'P', 'mesa', 'cobrado', '2026-03-24 14:11:00', NULL, '2026-03-24 15:05:00', 'Juan García López', '912345001', NULL, NULL, 28.18, 0.00, 0.00, 2.82, 31.00, 31.00, 0.00, NULL, NULL, 3, 0, NULL, '2026-03-24 19:11:00', '2026-03-24 19:11:00'),
	(134, NULL, 6, NULL, 18, 'P000134', 'P', 'mesa', 'cobrado', '2026-03-24 22:58:00', NULL, '2026-03-24 23:50:00', NULL, NULL, NULL, NULL, 54.91, 0.00, 0.00, 5.49, 60.40, 60.40, 0.00, NULL, NULL, 3, 0, NULL, '2026-03-25 03:58:00', '2026-03-25 03:58:00'),
	(135, NULL, 6, 11, NULL, 'P000135', 'P', 'domicilio', 'cobrado', '2026-03-24 12:15:00', NULL, '2026-03-24 12:35:00', 'Café Bar Central', '928000011', 'Calle Triana', NULL, 55.27, 0.00, 2.50, 5.53, 63.30, 63.30, 0.00, NULL, NULL, NULL, 0, NULL, '2026-03-24 17:15:00', '2026-03-24 17:15:00'),
	(136, NULL, 4, 5, NULL, 'P000136', 'P', 'domicilio', 'cobrado', '2026-03-24 13:06:00', NULL, '2026-03-24 14:00:00', 'Restaurante Pizza Express', '963000005', 'Avenida Principal', NULL, 108.82, 1.16, 2.50, 10.88, 121.04, 121.04, 0.00, NULL, NULL, NULL, 0, NULL, '2026-03-24 18:06:00', '2026-03-24 18:06:00'),
	(137, NULL, 2, 4, NULL, 'P000137', 'P', 'telefono', 'cobrado', '2026-03-24 21:32:00', NULL, '2026-03-24 22:15:00', 'Lucía Pérez Sanz', '923000004', NULL, NULL, 40.00, 0.00, 0.00, 4.00, 44.00, 44.00, 0.00, NULL, NULL, NULL, 0, NULL, '2026-03-25 02:32:00', '2026-03-25 02:32:00'),
	(138, NULL, 6, NULL, 17, 'P000138', 'P', 'mesa', 'cobrado', '2026-03-24 20:42:00', NULL, '2026-03-24 21:05:00', NULL, NULL, NULL, NULL, 66.36, 0.00, 0.00, 6.64, 73.00, 73.00, 0.00, NULL, NULL, 2, 0, NULL, '2026-03-25 01:42:00', '2026-03-25 01:42:00'),
	(139, NULL, 6, 12, NULL, 'P000139', 'P', 'mostrador', 'cobrado', '2026-03-24 22:59:00', NULL, '2026-03-24 23:52:00', 'Roberto Domínguez Castro', '941000012', NULL, NULL, 115.91, 0.00, 0.00, 11.59, 127.50, 127.50, 0.00, NULL, NULL, NULL, 0, NULL, '2026-03-25 03:59:00', '2026-03-25 03:59:00'),
	(140, NULL, 1, NULL, NULL, 'P000140', 'P', 'mostrador', 'cobrado', '2026-03-24 18:55:00', NULL, '2026-03-24 19:27:00', NULL, NULL, NULL, NULL, 52.00, 0.00, 0.00, 5.20, 57.20, 57.20, 0.00, NULL, NULL, NULL, 0, NULL, '2026-03-24 23:55:00', '2026-03-24 23:55:00'),
	(141, NULL, 6, 5, NULL, 'P000141', 'P', 'mostrador', 'cobrado', '2026-03-24 13:32:00', NULL, '2026-03-24 14:08:00', 'Restaurante Pizza Express', '963000005', NULL, NULL, 30.18, 0.00, 0.00, 3.02, 33.20, 33.20, 0.00, NULL, NULL, NULL, 0, NULL, '2026-03-24 18:32:00', '2026-03-24 18:32:00'),
	(142, NULL, 3, NULL, NULL, 'P000142', 'P', 'mostrador', 'cobrado', '2026-03-24 15:44:00', NULL, '2026-03-24 16:12:00', NULL, NULL, NULL, NULL, 33.18, 0.00, 0.00, 3.32, 36.50, 36.50, 0.00, NULL, NULL, NULL, 0, NULL, '2026-03-24 20:44:00', '2026-03-24 20:44:00'),
	(143, NULL, 2, NULL, 24, 'P000143', 'P', 'mesa', 'cobrado', '2026-03-24 16:28:00', NULL, '2026-03-24 17:24:00', NULL, NULL, NULL, NULL, 27.27, 0.00, 0.00, 2.73, 30.00, 30.00, 0.00, NULL, NULL, 3, 0, NULL, '2026-03-24 21:28:00', '2026-03-24 21:28:00'),
	(144, NULL, 2, 8, NULL, 'P000144', 'P', 'domicilio', 'cobrado', '2026-03-24 22:13:00', NULL, '2026-03-24 22:41:00', 'Patricia González Pardo', '948000008', 'Avenida de Carlos III', NULL, 54.45, 0.00, 2.50, 5.45, 62.40, 62.40, 0.00, NULL, NULL, NULL, 0, NULL, '2026-03-25 03:13:00', '2026-03-25 03:13:00'),
	(145, NULL, 1, NULL, NULL, 'P000145', 'P', 'mostrador', 'cobrado', '2026-03-24 23:13:00', NULL, '2026-03-24 23:48:00', NULL, NULL, NULL, NULL, 89.73, 0.00, 0.00, 8.97, 98.70, 98.70, 0.00, NULL, NULL, NULL, 0, NULL, '2026-03-25 04:13:00', '2026-03-25 04:13:00'),
	(146, NULL, 5, NULL, 18, 'P000146', 'P', 'mesa', 'cobrado', '2026-03-24 22:52:00', NULL, '2026-03-24 23:09:00', NULL, NULL, NULL, NULL, 23.18, 2.55, 0.00, 2.32, 22.95, 22.95, 0.00, NULL, NULL, 2, 0, NULL, '2026-03-25 03:52:00', '2026-03-25 03:52:00'),
	(147, NULL, 2, 1, NULL, 'P000147', 'P', 'telefono', 'cobrado', '2026-03-24 14:56:00', NULL, '2026-03-24 15:49:00', 'Juan García López', '912345001', NULL, NULL, 14.09, 0.00, 0.00, 1.41, 15.50, 15.50, 0.00, NULL, NULL, NULL, 0, NULL, '2026-03-24 19:56:00', '2026-03-24 19:56:00'),
	(148, NULL, 1, NULL, 19, 'P000148', 'P', 'mesa', 'cobrado', '2026-03-25 22:11:00', NULL, '2026-03-25 23:00:00', NULL, NULL, NULL, NULL, 73.64, 0.00, 0.00, 7.36, 81.00, 81.00, 0.00, NULL, NULL, 1, 0, NULL, '2026-03-26 03:11:00', '2026-03-26 03:11:00'),
	(149, NULL, 6, 10, 10, 'P000149', 'P', 'mesa', 'cobrado', '2026-03-25 22:03:00', NULL, '2026-03-25 22:48:00', 'Sara Jiménez Ramos', '925000010', NULL, NULL, 40.27, 0.00, 0.00, 4.03, 44.30, 44.30, 0.00, NULL, NULL, 3, 0, NULL, '2026-03-26 03:03:00', '2026-03-26 03:03:00'),
	(150, NULL, 4, 6, NULL, 'P000150', 'P', 'telefono', 'cobrado', '2026-03-25 23:14:00', NULL, '2026-03-25 23:55:00', 'Andrea Sánchez Vega', '981000006', NULL, NULL, 142.18, 0.00, 0.00, 14.22, 156.40, 156.40, 0.00, NULL, NULL, NULL, 0, NULL, '2026-03-26 04:14:00', '2026-03-26 04:14:00'),
	(151, NULL, 4, 9, NULL, 'P000151', 'P', 'mostrador', 'cobrado', '2026-03-25 17:40:00', NULL, '2026-03-25 18:28:00', 'Miguel Torres Aguilar', '957000009', NULL, NULL, 26.82, 0.00, 0.00, 2.68, 29.50, 29.50, 0.00, NULL, NULL, NULL, 0, NULL, '2026-03-25 22:40:00', '2026-03-25 22:40:00'),
	(152, NULL, 4, 7, NULL, 'P000152', 'P', 'mostrador', 'cobrado', '2026-03-25 20:50:00', NULL, '2026-03-25 21:17:00', 'David Rodríguez Núñez', '976000007', NULL, NULL, 32.00, 0.00, 0.00, 3.20, 35.20, 35.20, 0.00, NULL, NULL, NULL, 0, NULL, '2026-03-26 01:50:00', '2026-03-26 01:50:00'),
	(153, NULL, 6, 12, NULL, 'P000153', 'P', 'mostrador', 'cobrado', '2026-03-25 20:57:00', NULL, '2026-03-25 21:14:00', 'Roberto Domínguez Castro', '941000012', NULL, NULL, 77.27, 0.00, 0.00, 7.73, 85.00, 85.00, 0.00, NULL, NULL, NULL, 0, NULL, '2026-03-26 01:57:00', '2026-03-26 01:57:00'),
	(154, NULL, 3, NULL, NULL, 'P000154', 'P', 'recogida', 'cobrado', '2026-03-25 22:24:00', NULL, '2026-03-25 23:06:00', NULL, NULL, NULL, NULL, 41.36, 2.98, 0.00, 4.14, 42.52, 42.52, 0.00, NULL, NULL, NULL, 0, NULL, '2026-03-26 03:24:00', '2026-03-26 03:24:00'),
	(155, NULL, 5, 9, NULL, 'P000155', 'P', 'recogida', 'cobrado', '2026-03-25 14:55:00', NULL, '2026-03-25 15:32:00', 'Miguel Torres Aguilar', '957000009', NULL, NULL, 4.09, 0.00, 0.00, 0.41, 4.50, 4.50, 0.00, NULL, NULL, NULL, 0, NULL, '2026-03-25 19:55:00', '2026-03-25 19:55:00'),
	(156, NULL, 1, 1, 5, 'P000156', 'P', 'mesa', 'cobrado', '2026-03-25 20:41:00', NULL, '2026-03-25 21:27:00', 'Juan García López', '912345001', NULL, NULL, 49.00, 0.00, 0.00, 4.90, 53.90, 53.90, 0.00, NULL, NULL, 4, 0, NULL, '2026-03-26 01:41:00', '2026-03-26 01:41:00'),
	(157, NULL, 1, 10, NULL, 'P000157', 'P', 'mostrador', 'anulado', '2026-03-25 15:09:00', NULL, NULL, 'Sara Jiménez Ramos', '925000010', NULL, NULL, 19.82, 0.00, 0.00, 1.98, 21.80, 0.00, 0.00, NULL, NULL, NULL, 0, NULL, '2026-03-25 20:09:00', '2026-03-25 20:09:00'),
	(158, NULL, 5, 3, NULL, 'P000158', 'P', 'mostrador', 'cobrado', '2026-03-25 17:10:00', NULL, '2026-03-25 17:52:00', 'Carlos Martínez Soto', '954000003', NULL, NULL, 18.82, 0.00, 0.00, 1.88, 20.70, 20.70, 0.00, NULL, NULL, NULL, 0, NULL, '2026-03-25 22:10:00', '2026-03-25 22:10:00'),
	(159, NULL, 1, NULL, NULL, 'P000159', 'P', 'mostrador', 'cobrado', '2026-03-25 13:19:00', NULL, '2026-03-25 14:12:00', NULL, NULL, NULL, NULL, 41.36, 0.00, 0.00, 4.14, 45.50, 45.50, 0.00, NULL, NULL, NULL, 0, NULL, '2026-03-25 18:19:00', '2026-03-25 18:19:00'),
	(160, NULL, 2, NULL, NULL, 'P000160', 'P', 'mostrador', 'cobrado', '2026-03-25 13:06:00', NULL, '2026-03-25 13:51:00', NULL, NULL, NULL, NULL, 61.55, 0.00, 0.00, 6.15, 67.70, 67.70, 0.00, NULL, NULL, NULL, 0, NULL, '2026-03-25 18:06:00', '2026-03-25 18:06:00'),
	(161, NULL, 1, 1, NULL, 'P000161', 'P', 'domicilio', 'cobrado', '2026-03-25 22:38:00', NULL, '2026-03-25 23:17:00', 'Juan García López', '912345001', 'Calle Goya', NULL, 131.45, 0.00, 2.50, 13.15, 147.10, 147.10, 0.00, NULL, NULL, NULL, 0, NULL, '2026-03-26 03:38:00', '2026-03-26 03:38:00'),
	(162, NULL, 1, 3, NULL, 'P000162', 'P', 'mostrador', 'cobrado', '2026-03-25 22:55:00', NULL, '2026-03-25 23:21:00', 'Carlos Martínez Soto', '954000003', NULL, NULL, 36.18, 0.00, 0.00, 3.62, 39.80, 39.80, 0.00, NULL, NULL, NULL, 0, NULL, '2026-03-26 03:55:00', '2026-03-26 03:55:00'),
	(163, NULL, 1, NULL, NULL, 'P000163', 'P', 'recogida', 'cobrado', '2026-03-25 15:40:00', NULL, '2026-03-25 16:17:00', NULL, NULL, NULL, NULL, 43.18, 0.00, 0.00, 4.32, 47.50, 47.50, 0.00, NULL, NULL, NULL, 0, NULL, '2026-03-25 20:40:00', '2026-03-25 20:40:00'),
	(164, NULL, 1, 12, 25, 'P000164', 'P', 'mesa', 'cobrado', '2026-03-26 15:40:00', NULL, '2026-03-26 16:21:00', 'Roberto Domínguez Castro', '941000012', NULL, NULL, 52.73, 0.00, 0.00, 5.27, 58.00, 58.00, 0.00, NULL, NULL, 4, 0, NULL, '2026-03-26 20:40:00', '2026-03-26 20:40:00'),
	(165, NULL, 3, NULL, NULL, 'P000165', 'P', 'mostrador', 'cobrado', '2026-03-26 20:36:00', NULL, '2026-03-26 21:01:00', NULL, NULL, NULL, NULL, 29.73, 0.00, 0.00, 2.97, 32.70, 32.70, 0.00, NULL, NULL, NULL, 0, NULL, '2026-03-27 01:36:00', '2026-03-27 01:36:00'),
	(166, NULL, 5, 5, NULL, 'P000166', 'P', 'domicilio', 'cobrado', '2026-03-26 21:55:00', NULL, '2026-03-26 22:48:00', 'Restaurante Pizza Express', '963000005', 'Avenida Principal', NULL, 38.27, 0.00, 2.50, 3.83, 44.60, 44.60, 0.00, NULL, NULL, NULL, 0, NULL, '2026-03-27 02:55:00', '2026-03-27 02:55:00'),
	(167, NULL, 5, 5, NULL, 'P000167', 'P', 'recogida', 'cobrado', '2026-03-26 20:45:00', NULL, '2026-03-26 21:24:00', 'Restaurante Pizza Express', '963000005', NULL, NULL, 49.91, 0.00, 0.00, 4.99, 54.90, 54.90, 0.00, NULL, NULL, NULL, 0, NULL, '2026-03-27 01:45:00', '2026-03-27 01:45:00'),
	(168, NULL, 3, 5, NULL, 'P000168', 'P', 'mostrador', 'cobrado', '2026-03-26 16:42:00', NULL, '2026-03-26 17:15:00', 'Restaurante Pizza Express', '963000005', NULL, NULL, 50.36, 0.00, 0.00, 5.04, 55.40, 55.40, 0.00, NULL, NULL, NULL, 0, NULL, '2026-03-26 21:42:00', '2026-03-26 21:42:00'),
	(169, NULL, 3, 8, NULL, 'P000169', 'P', 'domicilio', 'anulado', '2026-03-26 19:01:00', NULL, NULL, 'Patricia González Pardo', '948000008', 'Avenida de Carlos III', NULL, 49.27, 0.00, 2.50, 4.93, 56.70, 0.00, 0.00, NULL, NULL, NULL, 0, NULL, '2026-03-27 00:01:00', '2026-03-27 00:01:00'),
	(170, NULL, 3, 2, NULL, 'P000170', 'P', 'domicilio', 'cobrado', '2026-03-26 17:34:00', NULL, '2026-03-26 18:26:00', 'María Fernández Ruiz', '932000002', 'Avenida Diagonal', NULL, 88.36, 0.00, 2.50, 8.84, 99.70, 99.70, 0.00, NULL, NULL, NULL, 0, NULL, '2026-03-26 22:34:00', '2026-03-26 22:34:00'),
	(171, NULL, 6, NULL, NULL, 'P000171', 'P', 'mostrador', 'cobrado', '2026-03-26 23:50:00', NULL, '2026-03-27 00:07:00', NULL, NULL, NULL, NULL, 54.09, 0.00, 0.00, 5.41, 59.50, 59.50, 0.00, NULL, NULL, NULL, 0, NULL, '2026-03-27 04:50:00', '2026-03-27 04:50:00'),
	(172, NULL, 2, 3, NULL, 'P000172', 'P', 'mostrador', 'cobrado', '2026-03-26 13:01:00', NULL, '2026-03-26 13:38:00', 'Carlos Martínez Soto', '954000003', NULL, NULL, 21.82, 2.07, 0.00, 2.18, 21.93, 21.93, 0.00, NULL, NULL, NULL, 0, NULL, '2026-03-26 18:01:00', '2026-03-26 18:01:00'),
	(173, NULL, 2, NULL, NULL, 'P000173', 'P', 'mostrador', 'cobrado', '2026-03-26 14:47:00', NULL, '2026-03-26 15:21:00', NULL, NULL, NULL, NULL, 20.45, 0.00, 0.00, 2.05, 22.50, 22.50, 0.00, NULL, NULL, NULL, 0, NULL, '2026-03-26 19:47:00', '2026-03-26 19:47:00'),
	(174, NULL, 4, NULL, 2, 'P000174', 'P', 'mesa', 'cobrado', '2026-03-26 20:54:00', NULL, '2026-03-26 21:52:00', NULL, NULL, NULL, NULL, 12.73, 0.00, 0.00, 1.27, 14.00, 14.00, 0.00, NULL, NULL, 3, 0, NULL, '2026-03-27 01:54:00', '2026-03-27 01:54:00'),
	(175, NULL, 5, NULL, NULL, 'P000175', 'P', 'mostrador', 'cobrado', '2026-03-26 17:56:00', NULL, '2026-03-26 18:16:00', NULL, NULL, NULL, NULL, 35.09, 0.00, 0.00, 3.51, 38.60, 38.60, 0.00, NULL, NULL, NULL, 0, NULL, '2026-03-26 22:56:00', '2026-03-26 22:56:00'),
	(176, NULL, 6, NULL, NULL, 'P000176', 'P', 'mostrador', 'cobrado', '2026-03-26 18:40:00', NULL, '2026-03-26 19:01:00', NULL, NULL, NULL, NULL, 44.55, 0.00, 0.00, 4.45, 49.00, 49.00, 0.00, NULL, NULL, NULL, 0, NULL, '2026-03-26 23:40:00', '2026-03-26 23:40:00'),
	(177, NULL, 2, NULL, NULL, 'P000177', 'P', 'mostrador', 'cobrado', '2026-03-27 13:19:00', NULL, '2026-03-27 14:00:00', NULL, NULL, NULL, NULL, 37.36, 0.00, 0.00, 3.74, 41.10, 41.10, 0.00, NULL, NULL, NULL, 0, NULL, '2026-03-27 18:19:00', '2026-03-27 18:19:00'),
	(178, NULL, 3, 3, 3, 'P000178', 'P', 'mesa', 'cobrado', '2026-03-27 14:36:00', NULL, '2026-03-27 15:13:00', 'Carlos Martínez Soto', '954000003', NULL, NULL, 40.55, 0.00, 0.00, 4.05, 44.60, 44.60, 0.00, NULL, NULL, 3, 0, NULL, '2026-03-27 19:36:00', '2026-03-27 19:36:00'),
	(179, NULL, 6, 12, NULL, 'P000179', 'P', 'domicilio', 'cobrado', '2026-03-27 23:21:00', NULL, '2026-03-27 23:42:00', 'Roberto Domínguez Castro', '941000012', 'Calle Portales', NULL, 77.73, 0.00, 2.50, 7.77, 88.00, 88.00, 0.00, NULL, NULL, NULL, 0, NULL, '2026-03-28 04:21:00', '2026-03-28 04:21:00'),
	(180, NULL, 3, NULL, NULL, 'P000180', 'P', 'mostrador', 'cobrado', '2026-03-27 21:58:00', NULL, '2026-03-27 22:51:00', NULL, NULL, NULL, NULL, 20.91, 0.00, 0.00, 2.09, 23.00, 23.00, 0.00, NULL, NULL, NULL, 0, NULL, '2026-03-28 02:58:00', '2026-03-28 02:58:00'),
	(181, NULL, 6, NULL, NULL, 'P000181', 'P', 'recogida', 'cobrado', '2026-03-27 14:05:00', NULL, '2026-03-27 14:51:00', NULL, NULL, NULL, NULL, 67.55, 0.00, 0.00, 6.75, 74.30, 74.30, 0.00, NULL, NULL, NULL, 0, NULL, '2026-03-27 19:05:00', '2026-03-27 19:05:00'),
	(182, NULL, 1, 1, NULL, 'P000182', 'P', 'domicilio', 'cobrado', '2026-03-27 13:49:00', NULL, '2026-03-27 14:23:00', 'Juan García López', '912345001', 'Calle Goya', NULL, 62.91, 0.00, 2.50, 6.29, 71.70, 71.70, 0.00, NULL, NULL, NULL, 0, NULL, '2026-03-27 18:49:00', '2026-03-27 18:49:00'),
	(183, NULL, 2, 11, NULL, 'P000183', 'P', 'recogida', 'cobrado', '2026-03-27 12:18:00', NULL, '2026-03-27 12:46:00', 'Café Bar Central', '928000011', NULL, NULL, 20.91, 0.00, 0.00, 2.09, 23.00, 23.00, 0.00, NULL, NULL, NULL, 0, NULL, '2026-03-27 17:18:00', '2026-03-27 17:18:00'),
	(184, NULL, 5, NULL, NULL, 'P000184', 'P', 'mostrador', 'cobrado', '2026-03-27 22:53:00', NULL, '2026-03-27 23:38:00', NULL, NULL, NULL, NULL, 72.91, 0.00, 0.00, 7.29, 80.20, 80.20, 0.00, NULL, NULL, NULL, 0, NULL, '2026-03-28 03:53:00', '2026-03-28 03:53:00'),
	(185, NULL, 6, 8, NULL, 'P000185', 'P', 'mostrador', 'cobrado', '2026-03-27 13:38:00', NULL, '2026-03-27 14:03:00', 'Patricia González Pardo', '948000008', NULL, NULL, 69.55, 0.00, 0.00, 6.95, 76.50, 76.50, 0.00, NULL, NULL, NULL, 0, NULL, '2026-03-27 18:38:00', '2026-03-27 18:38:00'),
	(186, NULL, 6, NULL, NULL, 'P000186', 'P', 'mostrador', 'cobrado', '2026-03-27 20:58:00', NULL, '2026-03-27 21:46:00', NULL, NULL, NULL, NULL, 77.73, 0.00, 0.00, 7.77, 85.50, 85.50, 0.00, NULL, NULL, NULL, 0, NULL, '2026-03-28 01:58:00', '2026-03-28 01:58:00'),
	(187, NULL, 6, NULL, 26, 'P000187', 'P', 'mesa', 'anulado', '2026-03-27 22:29:00', NULL, NULL, NULL, NULL, NULL, NULL, 45.82, 0.00, 0.00, 4.58, 50.40, 0.00, 0.00, NULL, NULL, 4, 0, NULL, '2026-03-28 03:29:00', '2026-03-28 03:29:00'),
	(188, NULL, 1, NULL, NULL, 'P000188', 'P', 'mostrador', 'cobrado', '2026-03-27 12:38:00', NULL, '2026-03-27 12:59:00', NULL, NULL, NULL, NULL, 150.55, 0.00, 0.00, 15.05, 165.60, 165.60, 0.00, NULL, NULL, NULL, 0, NULL, '2026-03-27 17:38:00', '2026-03-27 17:38:00'),
	(189, NULL, 5, NULL, 5, 'P000189', 'P', 'mesa', 'cobrado', '2026-03-27 16:14:00', NULL, '2026-03-27 17:08:00', NULL, NULL, NULL, NULL, 59.64, 0.00, 0.00, 5.96, 65.60, 65.60, 0.00, NULL, NULL, 2, 0, NULL, '2026-03-27 21:14:00', '2026-03-27 21:14:00'),
	(190, NULL, 5, 12, NULL, 'P000190', 'P', 'telefono', 'cobrado', '2026-03-27 21:32:00', NULL, '2026-03-27 22:13:00', 'Roberto Domínguez Castro', '941000012', NULL, NULL, 45.27, 0.00, 0.00, 4.53, 49.80, 49.80, 0.00, NULL, NULL, NULL, 0, NULL, '2026-03-28 02:32:00', '2026-03-28 02:32:00'),
	(191, NULL, 5, 9, NULL, 'P000191', 'P', 'mostrador', 'cobrado', '2026-03-27 12:45:00', NULL, '2026-03-27 13:02:00', 'Miguel Torres Aguilar', '957000009', NULL, NULL, 34.09, 0.00, 0.00, 3.41, 37.50, 37.50, 0.00, NULL, NULL, NULL, 0, NULL, '2026-03-27 17:45:00', '2026-03-27 17:45:00'),
	(192, NULL, 2, NULL, NULL, 'P000192', 'P', 'recogida', 'cobrado', '2026-03-28 14:59:00', NULL, '2026-03-28 15:41:00', NULL, NULL, NULL, NULL, 67.64, 0.00, 0.00, 6.76, 74.40, 74.40, 0.00, NULL, NULL, NULL, 0, NULL, '2026-03-28 19:59:00', '2026-03-28 19:59:00'),
	(193, NULL, 1, 5, NULL, 'P000193', 'P', 'mostrador', 'cobrado', '2026-03-28 14:32:00', NULL, '2026-03-28 14:58:00', 'Restaurante Pizza Express', '963000005', NULL, NULL, 103.27, 0.00, 0.00, 10.33, 113.60, 113.60, 0.00, NULL, NULL, NULL, 0, NULL, '2026-03-28 19:32:00', '2026-03-28 19:32:00'),
	(194, NULL, 2, 10, NULL, 'P000194', 'P', 'telefono', 'anulado', '2026-03-28 15:13:00', NULL, NULL, 'Sara Jiménez Ramos', '925000010', NULL, NULL, 13.18, 0.00, 0.00, 1.32, 14.50, 0.00, 0.00, NULL, NULL, NULL, 0, NULL, '2026-03-28 20:13:00', '2026-03-28 20:13:00'),
	(195, NULL, 2, NULL, NULL, 'P000195', 'P', 'mostrador', 'cobrado', '2026-03-28 14:01:00', NULL, '2026-03-28 14:59:00', NULL, NULL, NULL, NULL, 75.18, 0.00, 0.00, 7.52, 82.70, 82.70, 0.00, NULL, NULL, NULL, 0, NULL, '2026-03-28 19:01:00', '2026-03-28 19:01:00'),
	(196, NULL, 3, 2, NULL, 'P000196', 'P', 'domicilio', 'cobrado', '2026-03-28 13:23:00', NULL, '2026-03-28 13:59:00', 'María Fernández Ruiz', '932000002', 'Avenida Diagonal', NULL, 96.27, 0.00, 2.50, 9.63, 108.40, 108.40, 0.00, NULL, NULL, NULL, 0, NULL, '2026-03-28 18:23:00', '2026-03-28 18:23:00'),
	(197, NULL, 5, 7, NULL, 'P000197', 'P', 'telefono', 'cobrado', '2026-03-28 20:30:00', NULL, '2026-03-28 21:13:00', 'David Rodríguez Núñez', '976000007', NULL, NULL, 39.55, 0.00, 0.00, 3.95, 43.50, 43.50, 0.00, NULL, NULL, NULL, 0, NULL, '2026-03-29 01:30:00', '2026-03-29 01:30:00'),
	(198, NULL, 3, 2, NULL, 'P000198', 'P', 'telefono', 'cobrado', '2026-03-28 17:51:00', NULL, '2026-03-28 18:13:00', 'María Fernández Ruiz', '932000002', NULL, NULL, 48.82, 0.00, 0.00, 4.88, 53.70, 53.70, 0.00, NULL, NULL, NULL, 0, NULL, '2026-03-28 22:51:00', '2026-03-28 22:51:00'),
	(199, NULL, 1, NULL, 2, 'P000199', 'P', 'mesa', 'cobrado', '2026-03-28 18:08:00', NULL, '2026-03-28 18:35:00', NULL, NULL, NULL, NULL, 45.09, 0.00, 0.00, 4.51, 49.60, 49.60, 0.00, NULL, NULL, 4, 0, NULL, '2026-03-28 23:08:00', '2026-03-28 23:08:00'),
	(200, NULL, 2, NULL, NULL, 'P000200', 'P', 'mostrador', 'cobrado', '2026-03-28 21:25:00', NULL, '2026-03-28 21:46:00', NULL, NULL, NULL, NULL, 9.55, 0.00, 0.00, 0.95, 10.50, 10.50, 0.00, NULL, NULL, NULL, 0, NULL, '2026-03-29 02:25:00', '2026-03-29 02:25:00'),
	(201, NULL, 5, 4, 20, 'P000201', 'P', 'mesa', 'cobrado', '2026-03-28 15:46:00', NULL, '2026-03-28 16:29:00', 'Lucía Pérez Sanz', '923000004', NULL, NULL, 29.36, 0.00, 0.00, 2.94, 32.30, 32.30, 0.00, NULL, NULL, 3, 0, NULL, '2026-03-28 20:46:00', '2026-03-28 20:46:00'),
	(202, NULL, 1, 10, 14, 'P000202', 'P', 'mesa', 'cobrado', '2026-03-28 14:15:00', NULL, '2026-03-28 14:30:00', 'Sara Jiménez Ramos', '925000010', NULL, NULL, 27.73, 0.00, 0.00, 2.77, 30.50, 30.50, 0.00, NULL, NULL, 2, 0, NULL, '2026-03-28 19:15:00', '2026-03-28 19:15:00'),
	(203, NULL, 4, 2, NULL, 'P000203', 'P', 'recogida', 'cobrado', '2026-03-28 21:54:00', NULL, '2026-03-28 22:47:00', 'María Fernández Ruiz', '932000002', NULL, NULL, 8.18, 0.00, 0.00, 0.82, 9.00, 9.00, 0.00, NULL, NULL, NULL, 0, NULL, '2026-03-29 02:54:00', '2026-03-29 02:54:00'),
	(204, NULL, 1, 9, 24, 'P000204', 'P', 'mesa', 'cobrado', '2026-03-28 23:08:00', NULL, '2026-03-28 23:28:00', 'Miguel Torres Aguilar', '957000009', NULL, NULL, 66.36, 0.00, 0.00, 6.64, 73.00, 73.00, 0.00, NULL, NULL, 3, 0, NULL, '2026-03-29 04:08:00', '2026-03-29 04:08:00'),
	(205, NULL, 2, NULL, 24, 'P000205', 'P', 'mesa', 'cobrado', '2026-03-28 13:52:00', NULL, '2026-03-28 14:11:00', NULL, NULL, NULL, NULL, 8.18, 0.00, 0.00, 0.82, 9.00, 9.00, 0.00, NULL, NULL, 1, 0, NULL, '2026-03-28 18:52:00', '2026-03-28 18:52:00'),
	(206, NULL, 4, NULL, NULL, 'P000206', 'P', 'mostrador', 'cobrado', '2026-03-28 22:53:00', NULL, '2026-03-28 23:16:00', NULL, NULL, NULL, NULL, 53.18, 0.00, 0.00, 5.32, 58.50, 58.50, 0.00, NULL, NULL, NULL, 0, NULL, '2026-03-29 03:53:00', '2026-03-29 03:53:00'),
	(207, NULL, 3, 3, NULL, 'P000207', 'P', 'telefono', 'cobrado', '2026-03-28 15:36:00', NULL, '2026-03-28 16:36:00', 'Carlos Martínez Soto', '954000003', NULL, NULL, 30.36, 0.00, 0.00, 3.04, 33.40, 33.40, 0.00, NULL, NULL, NULL, 0, NULL, '2026-03-28 20:36:00', '2026-03-28 20:36:00'),
	(208, NULL, 1, NULL, 5, 'P000208', 'P', 'mesa', 'cobrado', '2026-03-28 14:37:00', NULL, '2026-03-28 14:59:00', NULL, NULL, NULL, NULL, 62.18, 0.00, 0.00, 6.22, 68.40, 68.40, 0.00, NULL, NULL, 4, 0, NULL, '2026-03-28 19:37:00', '2026-03-28 19:37:00'),
	(209, NULL, 3, 2, NULL, 'P000209', 'P', 'mostrador', 'cobrado', '2026-03-28 20:05:00', NULL, '2026-03-28 21:00:00', 'María Fernández Ruiz', '932000002', NULL, NULL, 93.64, 0.00, 0.00, 9.36, 103.00, 103.00, 0.00, NULL, NULL, NULL, 0, NULL, '2026-03-29 01:05:00', '2026-03-29 01:05:00'),
	(210, NULL, 2, NULL, 9, 'P000210', 'P', 'mesa', 'anulado', '2026-03-28 13:13:00', NULL, NULL, NULL, NULL, NULL, NULL, 28.73, 1.02, 0.00, 2.87, 30.58, 0.00, 0.00, NULL, NULL, 3, 0, NULL, '2026-03-28 18:13:00', '2026-03-28 18:13:00'),
	(211, NULL, 2, NULL, 1, 'P000211', 'P', 'mesa', 'cobrado', '2026-03-28 23:41:00', NULL, '2026-03-29 00:01:00', NULL, NULL, NULL, NULL, 91.18, 0.00, 0.00, 9.12, 100.30, 100.30, 0.00, NULL, NULL, 2, 0, NULL, '2026-03-29 04:41:00', '2026-03-29 04:41:00'),
	(212, NULL, 6, 12, NULL, 'P000212', 'P', 'mostrador', 'cobrado', '2026-03-28 20:42:00', NULL, '2026-03-28 21:34:00', 'Roberto Domínguez Castro', '941000012', NULL, NULL, 21.36, 0.00, 0.00, 2.14, 23.50, 23.50, 0.00, NULL, NULL, NULL, 0, NULL, '2026-03-29 01:42:00', '2026-03-29 01:42:00'),
	(213, NULL, 1, 2, NULL, 'P000213', 'P', 'domicilio', 'cobrado', '2026-03-28 18:15:00', NULL, '2026-03-28 19:00:00', 'María Fernández Ruiz', '932000002', 'Avenida Diagonal', NULL, 148.36, 0.00, 2.50, 14.84, 165.70, 165.70, 0.00, NULL, NULL, NULL, 0, NULL, '2026-03-28 23:15:00', '2026-03-28 23:15:00'),
	(214, NULL, 2, 5, NULL, 'P000214', 'P', 'mostrador', 'cobrado', '2026-03-28 15:03:00', NULL, '2026-03-28 15:21:00', 'Restaurante Pizza Express', '963000005', NULL, NULL, 41.09, 0.00, 0.00, 4.11, 45.20, 45.20, 0.00, NULL, NULL, NULL, 0, NULL, '2026-03-28 20:03:00', '2026-03-28 20:03:00'),
	(215, NULL, 5, 11, NULL, 'P000215', 'P', 'telefono', 'cobrado', '2026-03-28 20:06:00', NULL, '2026-03-28 20:36:00', 'Café Bar Central', '928000011', NULL, NULL, 46.36, 0.00, 0.00, 4.64, 51.00, 51.00, 0.00, NULL, NULL, NULL, 0, NULL, '2026-03-29 01:06:00', '2026-03-29 01:06:00'),
	(216, NULL, 6, NULL, NULL, 'P000216', 'P', 'recogida', 'cobrado', '2026-03-29 14:01:00', NULL, '2026-03-29 14:36:00', NULL, NULL, NULL, NULL, 37.55, 0.00, 0.00, 3.75, 41.30, 41.30, 0.00, NULL, NULL, NULL, 0, NULL, '2026-03-29 19:01:00', '2026-03-29 19:01:00'),
	(217, NULL, 1, NULL, NULL, 'P000217', 'P', 'recogida', 'cobrado', '2026-03-29 15:35:00', NULL, '2026-03-29 16:09:00', NULL, NULL, NULL, NULL, 120.00, 2.70, 0.00, 12.00, 129.30, 129.30, 0.00, NULL, NULL, NULL, 0, NULL, '2026-03-29 20:35:00', '2026-03-29 20:35:00'),
	(218, NULL, 5, 10, NULL, 'P000218', 'P', 'mostrador', 'cobrado', '2026-03-29 17:58:00', NULL, '2026-03-29 18:54:00', 'Sara Jiménez Ramos', '925000010', NULL, NULL, 17.27, 0.00, 0.00, 1.73, 19.00, 19.00, 0.00, NULL, NULL, NULL, 0, NULL, '2026-03-29 22:58:00', '2026-03-29 22:58:00'),
	(219, NULL, 6, 5, NULL, 'P000219', 'P', 'mostrador', 'cobrado', '2026-03-29 21:29:00', NULL, '2026-03-29 22:21:00', 'Restaurante Pizza Express', '963000005', NULL, NULL, 74.09, 0.00, 0.00, 7.41, 81.50, 81.50, 0.00, NULL, NULL, NULL, 0, NULL, '2026-03-30 02:29:00', '2026-03-30 02:29:00'),
	(220, NULL, 4, NULL, NULL, 'P000220', 'P', 'mostrador', 'anulado', '2026-03-29 12:49:00', NULL, NULL, NULL, NULL, NULL, NULL, 27.27, 0.00, 0.00, 2.73, 30.00, 0.00, 0.00, NULL, NULL, NULL, 0, NULL, '2026-03-29 17:49:00', '2026-03-29 17:49:00'),
	(221, NULL, 4, NULL, NULL, 'P000221', 'P', 'mostrador', 'cobrado', '2026-03-29 21:53:00', NULL, '2026-03-29 22:12:00', NULL, NULL, NULL, NULL, 26.45, 0.00, 0.00, 2.65, 29.10, 29.10, 0.00, NULL, NULL, NULL, 0, NULL, '2026-03-30 02:53:00', '2026-03-30 02:53:00'),
	(222, NULL, 2, 4, NULL, 'P000222', 'P', 'telefono', 'cobrado', '2026-03-29 22:22:00', NULL, '2026-03-29 22:45:00', 'Lucía Pérez Sanz', '923000004', NULL, NULL, 110.45, 1.85, 0.00, 11.05, 119.65, 119.65, 0.00, NULL, NULL, NULL, 0, NULL, '2026-03-30 03:22:00', '2026-03-30 03:22:00'),
	(223, NULL, 6, 12, 17, 'P000223', 'P', 'mesa', 'cobrado', '2026-03-29 13:29:00', NULL, '2026-03-29 14:29:00', 'Roberto Domínguez Castro', '941000012', NULL, NULL, 49.09, 0.00, 0.00, 4.91, 54.00, 54.00, 0.00, NULL, NULL, 3, 0, NULL, '2026-03-29 18:29:00', '2026-03-29 18:29:00'),
	(224, NULL, 4, 7, NULL, 'P000224', 'P', 'domicilio', 'cobrado', '2026-03-29 20:51:00', NULL, '2026-03-29 21:46:00', 'David Rodríguez Núñez', '976000007', 'Paseo Independencia', NULL, 63.09, 0.00, 2.50, 6.31, 71.90, 71.90, 0.00, NULL, NULL, NULL, 0, NULL, '2026-03-30 01:51:00', '2026-03-30 01:51:00'),
	(225, NULL, 1, 1, NULL, 'P000225', 'P', 'domicilio', 'cobrado', '2026-03-29 21:09:00', NULL, '2026-03-29 21:55:00', 'Juan García López', '912345001', 'Calle Goya', NULL, 30.36, 1.59, 2.50, 3.04, 34.31, 34.31, 0.00, NULL, NULL, NULL, 0, NULL, '2026-03-30 02:09:00', '2026-03-30 02:09:00'),
	(226, NULL, 5, NULL, 20, 'P000226', 'P', 'mesa', 'cobrado', '2026-03-29 23:45:00', NULL, '2026-03-30 00:09:00', NULL, NULL, NULL, NULL, 6.00, 0.00, 0.00, 0.60, 6.60, 6.60, 0.00, NULL, NULL, 1, 0, NULL, '2026-03-30 04:45:00', '2026-03-30 04:45:00'),
	(227, NULL, 2, NULL, NULL, 'P000227', 'P', 'mostrador', 'cobrado', '2026-03-29 17:50:00', NULL, '2026-03-29 18:41:00', NULL, NULL, NULL, NULL, 16.82, 2.93, 0.00, 1.68, 15.57, 15.57, 0.00, NULL, NULL, NULL, 0, NULL, '2026-03-29 22:50:00', '2026-03-29 22:50:00'),
	(228, NULL, 4, NULL, NULL, 'P000228', 'P', 'mostrador', 'cobrado', '2026-03-29 13:24:00', NULL, '2026-03-29 13:51:00', NULL, NULL, NULL, NULL, 69.36, 0.00, 0.00, 6.94, 76.30, 76.30, 0.00, NULL, NULL, NULL, 0, NULL, '2026-03-29 18:24:00', '2026-03-29 18:24:00'),
	(229, NULL, 6, 8, NULL, 'P000229', 'P', 'mostrador', 'cobrado', '2026-03-29 13:20:00', NULL, '2026-03-29 14:05:00', 'Patricia González Pardo', '948000008', NULL, NULL, 7.64, 0.00, 0.00, 0.76, 8.40, 8.40, 0.00, NULL, NULL, NULL, 0, NULL, '2026-03-29 18:20:00', '2026-03-29 18:20:00'),
	(230, NULL, 4, 8, NULL, 'P000230', 'P', 'mostrador', 'cobrado', '2026-03-29 13:32:00', NULL, '2026-03-29 14:30:00', 'Patricia González Pardo', '948000008', NULL, NULL, 18.09, 0.00, 0.00, 1.81, 19.90, 19.90, 0.00, NULL, NULL, NULL, 0, NULL, '2026-03-29 18:32:00', '2026-03-29 18:32:00'),
	(231, NULL, 6, NULL, NULL, 'P000231', 'P', 'mostrador', 'anulado', '2026-03-29 22:14:00', NULL, NULL, NULL, NULL, NULL, NULL, 40.00, 0.00, 0.00, 4.00, 44.00, 0.00, 0.00, NULL, NULL, NULL, 0, NULL, '2026-03-30 03:14:00', '2026-03-30 03:14:00'),
	(232, NULL, 2, 12, NULL, 'P000232', 'P', 'domicilio', 'cobrado', '2026-03-29 20:42:00', NULL, '2026-03-29 20:58:00', 'Roberto Domínguez Castro', '941000012', 'Calle Portales', NULL, 59.55, 0.00, 2.50, 5.95, 68.00, 68.00, 0.00, NULL, NULL, NULL, 0, NULL, '2026-03-30 01:42:00', '2026-03-30 01:42:00'),
	(233, NULL, 6, 4, NULL, 'P000233', 'P', 'mostrador', 'cobrado', '2026-03-29 22:26:00', NULL, '2026-03-29 23:21:00', 'Lucía Pérez Sanz', '923000004', NULL, NULL, 18.18, 0.00, 0.00, 1.82, 20.00, 20.00, 0.00, NULL, NULL, NULL, 0, NULL, '2026-03-30 03:26:00', '2026-03-30 03:26:00'),
	(234, NULL, 5, NULL, NULL, 'P000234', 'P', 'recogida', 'cobrado', '2026-03-30 21:41:00', NULL, '2026-03-30 22:14:00', NULL, NULL, NULL, NULL, 70.82, 0.00, 0.00, 7.08, 77.90, 77.90, 0.00, NULL, NULL, NULL, 0, NULL, '2026-03-31 02:41:00', '2026-03-31 02:41:00'),
	(235, NULL, 5, NULL, NULL, 'P000235', 'P', 'mostrador', 'cobrado', '2026-03-30 13:25:00', NULL, '2026-03-30 13:59:00', NULL, NULL, NULL, NULL, 54.55, 0.00, 0.00, 5.45, 60.00, 60.00, 0.00, NULL, NULL, NULL, 0, NULL, '2026-03-30 18:25:00', '2026-03-30 18:25:00'),
	(236, NULL, 1, 8, NULL, 'P000236', 'P', 'mostrador', 'cobrado', '2026-03-30 17:10:00', NULL, '2026-03-30 18:00:00', 'Patricia González Pardo', '948000008', NULL, NULL, 2.55, 0.00, 0.00, 0.25, 2.80, 2.80, 0.00, NULL, NULL, NULL, 0, NULL, '2026-03-30 22:10:00', '2026-03-30 22:10:00'),
	(237, NULL, 5, NULL, 12, 'P000237', 'P', 'mesa', 'cobrado', '2026-03-30 22:49:00', NULL, '2026-03-30 23:28:00', NULL, NULL, NULL, NULL, 6.82, 2.70, 0.00, 0.68, 4.80, 4.80, 0.00, NULL, NULL, 1, 0, NULL, '2026-03-31 03:49:00', '2026-03-31 03:49:00'),
	(238, NULL, 2, 1, NULL, 'P000238', 'P', 'domicilio', 'cobrado', '2026-03-30 13:16:00', NULL, '2026-03-30 14:11:00', 'Juan García López', '912345001', 'Calle Goya', NULL, 25.09, 2.86, 2.50, 2.51, 27.24, 27.24, 0.00, NULL, NULL, NULL, 0, NULL, '2026-03-30 18:16:00', '2026-03-30 18:16:00'),
	(239, NULL, 4, 1, NULL, 'P000239', 'P', 'telefono', 'cobrado', '2026-03-30 17:23:00', NULL, '2026-03-30 18:06:00', 'Juan García López', '912345001', NULL, NULL, 29.64, 0.00, 0.00, 2.96, 32.60, 32.60, 0.00, NULL, NULL, NULL, 0, NULL, '2026-03-30 22:23:00', '2026-03-30 22:23:00'),
	(240, NULL, 5, NULL, NULL, 'P000240', 'P', 'mostrador', 'cobrado', '2026-03-30 16:27:00', NULL, '2026-03-30 16:48:00', NULL, NULL, NULL, NULL, 34.55, 0.00, 0.00, 3.45, 38.00, 38.00, 0.00, NULL, NULL, NULL, 0, NULL, '2026-03-30 21:27:00', '2026-03-30 21:27:00'),
	(241, NULL, 1, NULL, 31, 'P000241', 'P', 'mesa', 'cobrado', '2026-03-30 19:54:00', NULL, '2026-03-30 20:13:00', NULL, NULL, NULL, NULL, 40.00, 0.00, 0.00, 4.00, 44.00, 44.00, 0.00, NULL, NULL, 2, 0, NULL, '2026-03-31 00:54:00', '2026-03-31 00:54:00'),
	(242, NULL, 4, 2, NULL, 'P000242', 'P', 'mostrador', 'cobrado', '2026-03-30 12:33:00', NULL, '2026-03-30 13:31:00', 'María Fernández Ruiz', '932000002', NULL, NULL, 10.18, 0.00, 0.00, 1.02, 11.20, 11.20, 0.00, NULL, NULL, NULL, 0, NULL, '2026-03-30 17:33:00', '2026-03-30 17:33:00'),
	(243, NULL, 3, NULL, NULL, 'P000243', 'P', 'mostrador', 'anulado', '2026-03-30 22:11:00', NULL, NULL, NULL, NULL, NULL, NULL, 37.27, 0.00, 0.00, 3.73, 41.00, 0.00, 0.00, NULL, NULL, NULL, 0, NULL, '2026-03-31 03:11:00', '2026-03-31 03:11:00'),
	(244, NULL, 6, NULL, 31, 'P000244', 'P', 'mesa', 'cobrado', '2026-03-31 19:15:00', NULL, '2026-03-31 19:52:00', NULL, NULL, NULL, NULL, 59.36, 0.00, 0.00, 5.94, 65.30, 65.30, 0.00, NULL, NULL, 4, 0, NULL, '2026-04-01 00:15:00', '2026-04-01 00:15:00'),
	(245, NULL, 2, 11, NULL, 'P000245', 'P', 'mostrador', 'cobrado', '2026-03-31 13:30:00', NULL, '2026-03-31 13:46:00', 'Café Bar Central', '928000011', NULL, NULL, 45.45, 0.00, 0.00, 4.55, 50.00, 50.00, 0.00, NULL, NULL, NULL, 0, NULL, '2026-03-31 18:30:00', '2026-03-31 18:30:00'),
	(246, NULL, 2, 7, NULL, 'P000246', 'P', 'mostrador', 'cobrado', '2026-03-31 15:37:00', NULL, '2026-03-31 16:13:00', 'David Rodríguez Núñez', '976000007', NULL, NULL, 68.82, 0.00, 0.00, 6.88, 75.70, 75.70, 0.00, NULL, NULL, NULL, 0, NULL, '2026-03-31 20:37:00', '2026-03-31 20:37:00'),
	(247, NULL, 1, NULL, NULL, 'P000247', 'P', 'mostrador', 'cobrado', '2026-03-31 21:21:00', NULL, '2026-03-31 22:20:00', NULL, NULL, NULL, NULL, 85.91, 0.00, 0.00, 8.59, 94.50, 94.50, 0.00, NULL, NULL, NULL, 0, NULL, '2026-04-01 02:21:00', '2026-04-01 02:21:00'),
	(248, NULL, 1, 3, NULL, 'P000248', 'P', 'telefono', 'cobrado', '2026-03-31 14:31:00', NULL, '2026-03-31 14:47:00', 'Carlos Martínez Soto', '954000003', NULL, NULL, 60.00, 0.00, 0.00, 6.00, 66.00, 66.00, 0.00, NULL, NULL, NULL, 0, NULL, '2026-03-31 19:31:00', '2026-03-31 19:31:00'),
	(249, NULL, 6, 10, NULL, 'P000249', 'P', 'domicilio', 'cobrado', '2026-03-31 19:35:00', NULL, '2026-03-31 19:59:00', 'Sara Jiménez Ramos', '925000010', 'Plaza de Zocodover', NULL, 100.73, 0.00, 2.50, 10.07, 113.30, 113.30, 0.00, NULL, NULL, NULL, 0, NULL, '2026-04-01 00:35:00', '2026-04-01 00:35:00'),
	(250, NULL, 1, 6, NULL, 'P000250', 'P', 'domicilio', 'cobrado', '2026-03-31 22:12:00', NULL, '2026-03-31 23:08:00', 'Andrea Sánchez Vega', '981000006', 'Rúa do Vilar', NULL, 138.36, 0.00, 2.50, 13.84, 154.70, 154.70, 0.00, NULL, NULL, NULL, 0, NULL, '2026-04-01 03:12:00', '2026-04-01 03:12:00'),
	(251, NULL, 3, 11, NULL, 'P000251', 'P', 'domicilio', 'cobrado', '2026-03-31 21:41:00', NULL, '2026-03-31 22:25:00', 'Café Bar Central', '928000011', 'Calle Triana', NULL, 65.00, 0.00, 2.50, 6.50, 74.00, 74.00, 0.00, NULL, NULL, NULL, 0, NULL, '2026-04-01 02:41:00', '2026-04-01 02:41:00'),
	(252, NULL, 5, 11, NULL, 'P000252', 'P', 'mostrador', 'cobrado', '2026-03-31 22:49:00', NULL, '2026-03-31 23:31:00', 'Café Bar Central', '928000011', NULL, NULL, 82.55, 0.00, 0.00, 8.25, 90.80, 90.80, 0.00, NULL, NULL, NULL, 0, NULL, '2026-04-01 03:49:00', '2026-04-01 03:49:00'),
	(253, NULL, 4, 11, NULL, 'P000253', 'P', 'recogida', 'cobrado', '2026-03-31 21:17:00', NULL, '2026-03-31 21:42:00', 'Café Bar Central', '928000011', NULL, NULL, 27.27, 0.00, 0.00, 2.73, 30.00, 30.00, 0.00, NULL, NULL, NULL, 0, NULL, '2026-04-01 02:17:00', '2026-04-01 02:17:00'),
	(254, NULL, 2, 11, NULL, 'P000254', 'P', 'domicilio', 'cobrado', '2026-03-31 12:23:00', NULL, '2026-03-31 12:52:00', 'Café Bar Central', '928000011', 'Calle Triana', NULL, 45.73, 0.00, 2.50, 4.57, 52.80, 52.80, 0.00, NULL, NULL, NULL, 0, NULL, '2026-03-31 17:23:00', '2026-03-31 17:23:00'),
	(255, NULL, 4, NULL, NULL, 'P000255', 'P', 'mostrador', 'cobrado', '2026-03-31 14:23:00', NULL, '2026-03-31 14:49:00', NULL, NULL, NULL, NULL, 3.18, 0.00, 0.00, 0.32, 3.50, 3.50, 0.00, NULL, NULL, NULL, 0, NULL, '2026-03-31 19:23:00', '2026-03-31 19:23:00'),
	(256, NULL, 1, NULL, NULL, 'P000256', 'P', 'mostrador', 'cobrado', '2026-04-01 20:43:00', NULL, '2026-04-01 21:01:00', NULL, NULL, NULL, NULL, 40.36, 0.00, 0.00, 4.04, 44.40, 44.40, 0.00, NULL, NULL, NULL, 0, NULL, '2026-04-02 01:43:00', '2026-04-02 01:43:00'),
	(257, NULL, 2, NULL, NULL, 'P000257', 'P', 'mostrador', 'cobrado', '2026-04-01 21:49:00', NULL, '2026-04-01 22:22:00', NULL, NULL, NULL, NULL, 99.27, 0.00, 0.00, 9.93, 109.20, 109.20, 0.00, NULL, NULL, NULL, 0, NULL, '2026-04-02 02:49:00', '2026-04-02 02:49:00'),
	(258, NULL, 1, NULL, NULL, 'P000258', 'P', 'mostrador', 'cobrado', '2026-04-01 20:35:00', NULL, '2026-04-01 21:15:00', NULL, NULL, NULL, NULL, 13.64, 1.36, 0.00, 1.36, 13.64, 13.64, 0.00, NULL, NULL, NULL, 0, NULL, '2026-04-02 01:35:00', '2026-04-02 01:35:00'),
	(259, NULL, 6, NULL, NULL, 'P000259', 'P', 'mostrador', 'cobrado', '2026-04-01 22:13:00', NULL, '2026-04-01 22:44:00', NULL, NULL, NULL, NULL, 137.55, 0.00, 0.00, 13.75, 151.30, 151.30, 0.00, NULL, NULL, NULL, 0, NULL, '2026-04-02 03:13:00', '2026-04-02 03:13:00'),
	(260, NULL, 4, NULL, 2, 'P000260', 'P', 'mesa', 'cobrado', '2026-04-01 23:29:00', NULL, '2026-04-02 00:08:00', NULL, NULL, NULL, NULL, 10.91, 0.00, 0.00, 1.09, 12.00, 12.00, 0.00, NULL, NULL, 4, 0, NULL, '2026-04-02 04:29:00', '2026-04-02 04:29:00'),
	(261, NULL, 1, 12, NULL, 'P000261', 'P', 'domicilio', 'cobrado', '2026-04-01 13:59:00', NULL, '2026-04-01 14:58:00', 'Roberto Domínguez Castro', '941000012', 'Calle Portales', NULL, 43.64, 0.00, 2.50, 4.36, 50.50, 50.50, 0.00, NULL, NULL, NULL, 0, NULL, '2026-04-01 18:59:00', '2026-04-01 18:59:00'),
	(262, NULL, 4, 7, 19, 'P000262', 'P', 'mesa', 'cobrado', '2026-04-01 15:11:00', NULL, '2026-04-01 15:55:00', 'David Rodríguez Núñez', '976000007', NULL, NULL, 98.91, 1.88, 0.00, 9.89, 106.92, 106.92, 0.00, NULL, NULL, 3, 0, NULL, '2026-04-01 20:11:00', '2026-04-01 20:11:00'),
	(263, NULL, 4, NULL, NULL, 'P000263', 'P', 'mostrador', 'cobrado', '2026-04-01 14:37:00', NULL, '2026-04-01 15:09:00', NULL, NULL, NULL, NULL, 43.64, 0.00, 0.00, 4.36, 48.00, 48.00, 0.00, NULL, NULL, NULL, 0, NULL, '2026-04-01 19:37:00', '2026-04-01 19:37:00'),
	(264, NULL, 6, NULL, NULL, 'P000264', 'P', 'mostrador', 'anulado', '2026-04-01 13:05:00', NULL, NULL, NULL, NULL, NULL, NULL, 18.18, 1.52, 0.00, 1.82, 18.48, 0.00, 0.00, NULL, NULL, NULL, 0, NULL, '2026-04-01 18:05:00', '2026-04-01 18:05:00'),
	(265, NULL, 6, NULL, NULL, 'P000265', 'P', 'mostrador', 'cobrado', '2026-04-01 22:34:00', NULL, '2026-04-01 23:34:00', NULL, NULL, NULL, NULL, 23.18, 0.00, 0.00, 2.32, 25.50, 25.50, 0.00, NULL, NULL, NULL, 0, NULL, '2026-04-02 03:34:00', '2026-04-02 03:34:00'),
	(266, NULL, 4, 11, 4, 'P000266', 'P', 'mesa', 'cobrado', '2026-04-01 18:52:00', NULL, '2026-04-01 19:25:00', 'Café Bar Central', '928000011', NULL, NULL, 135.82, 0.00, 0.00, 13.58, 149.40, 149.40, 0.00, NULL, NULL, 1, 0, NULL, '2026-04-01 23:52:00', '2026-04-01 23:52:00'),
	(267, NULL, 4, NULL, NULL, 'P000267', 'P', 'mostrador', 'cobrado', '2026-04-02 20:20:00', NULL, '2026-04-02 20:48:00', NULL, NULL, NULL, NULL, 95.18, 0.00, 0.00, 9.52, 104.70, 104.70, 0.00, NULL, NULL, NULL, 0, NULL, '2026-04-03 01:20:00', '2026-04-03 01:20:00'),
	(268, NULL, 1, NULL, NULL, 'P000268', 'P', 'mostrador', 'cobrado', '2026-04-02 21:51:00', NULL, '2026-04-02 22:39:00', NULL, NULL, NULL, NULL, 29.64, 0.00, 0.00, 2.96, 32.60, 32.60, 0.00, NULL, NULL, NULL, 0, NULL, '2026-04-03 02:51:00', '2026-04-03 02:51:00'),
	(269, NULL, 2, NULL, NULL, 'P000269', 'P', 'mostrador', 'cobrado', '2026-04-02 15:12:00', NULL, '2026-04-02 15:39:00', NULL, NULL, NULL, NULL, 45.45, 0.00, 0.00, 4.55, 50.00, 50.00, 0.00, NULL, NULL, NULL, 0, NULL, '2026-04-02 20:12:00', '2026-04-02 20:12:00'),
	(270, NULL, 1, 2, NULL, 'P000270', 'P', 'domicilio', 'cobrado', '2026-04-02 14:35:00', NULL, '2026-04-02 15:18:00', 'María Fernández Ruiz', '932000002', 'Avenida Diagonal', NULL, 75.91, 0.00, 2.50, 7.59, 86.00, 86.00, 0.00, NULL, NULL, NULL, 0, NULL, '2026-04-02 19:35:00', '2026-04-02 19:35:00'),
	(271, NULL, 4, NULL, 15, 'P000271', 'P', 'mesa', 'cobrado', '2026-04-02 18:29:00', NULL, '2026-04-02 18:51:00', NULL, NULL, NULL, NULL, 46.82, 0.00, 0.00, 4.68, 51.50, 51.50, 0.00, NULL, NULL, 1, 0, NULL, '2026-04-02 23:29:00', '2026-04-02 23:29:00'),
	(272, NULL, 6, NULL, NULL, 'P000272', 'P', 'recogida', 'cobrado', '2026-04-02 20:54:00', NULL, '2026-04-02 21:20:00', NULL, NULL, NULL, NULL, 43.09, 0.00, 0.00, 4.31, 47.40, 47.40, 0.00, NULL, NULL, NULL, 0, NULL, '2026-04-03 01:54:00', '2026-04-03 01:54:00'),
	(273, NULL, 4, 1, NULL, 'P000273', 'P', 'telefono', 'cobrado', '2026-04-02 13:17:00', NULL, '2026-04-02 13:49:00', 'Juan García López', '912345001', NULL, NULL, 59.55, 0.00, 0.00, 5.95, 65.50, 65.50, 0.00, NULL, NULL, NULL, 0, NULL, '2026-04-02 18:17:00', '2026-04-02 18:17:00'),
	(274, NULL, 4, NULL, NULL, 'P000274', 'P', 'mostrador', 'cobrado', '2026-04-02 20:08:00', NULL, '2026-04-02 20:26:00', NULL, NULL, NULL, NULL, 88.00, 0.00, 0.00, 8.80, 96.80, 96.80, 0.00, NULL, NULL, NULL, 0, NULL, '2026-04-03 01:08:00', '2026-04-03 01:08:00'),
	(275, NULL, 1, 1, NULL, 'P000275', 'P', 'telefono', 'cobrado', '2026-04-02 23:27:00', NULL, '2026-04-02 23:44:00', 'Juan García López', '912345001', NULL, NULL, 30.00, 0.00, 0.00, 3.00, 33.00, 33.00, 0.00, NULL, NULL, NULL, 0, NULL, '2026-04-03 04:27:00', '2026-04-03 04:27:00'),
	(276, NULL, 3, NULL, 27, 'P000276', 'P', 'mesa', 'cobrado', '2026-04-02 16:56:00', NULL, '2026-04-02 17:12:00', NULL, NULL, NULL, NULL, 33.64, 2.37, 0.00, 3.36, 34.63, 34.63, 0.00, NULL, NULL, 4, 0, NULL, '2026-04-02 21:56:00', '2026-04-02 21:56:00'),
	(277, NULL, 3, NULL, NULL, 'P000277', 'P', 'mostrador', 'cobrado', '2026-04-02 15:32:00', NULL, '2026-04-02 16:13:00', NULL, NULL, NULL, NULL, 32.27, 0.00, 0.00, 3.23, 35.50, 35.50, 0.00, NULL, NULL, NULL, 0, NULL, '2026-04-02 20:32:00', '2026-04-02 20:32:00'),
	(278, NULL, 2, NULL, NULL, 'P000278', 'P', 'mostrador', 'cobrado', '2026-04-02 13:22:00', NULL, '2026-04-02 14:01:00', NULL, NULL, NULL, NULL, 4.00, 0.00, 0.00, 0.40, 4.40, 4.40, 0.00, NULL, NULL, NULL, 0, NULL, '2026-04-02 18:22:00', '2026-04-02 18:22:00'),
	(279, NULL, 4, 7, 12, 'P000279', 'P', 'mesa', 'cobrado', '2026-04-02 15:59:00', NULL, '2026-04-02 16:18:00', 'David Rodríguez Núñez', '976000007', NULL, NULL, 22.64, 0.00, 0.00, 2.26, 24.90, 24.90, 0.00, NULL, NULL, 1, 0, NULL, '2026-04-02 20:59:00', '2026-04-02 20:59:00'),
	(280, NULL, 5, 10, NULL, 'P000280', 'P', 'recogida', 'cobrado', '2026-04-02 14:52:00', NULL, '2026-04-02 15:51:00', 'Sara Jiménez Ramos', '925000010', NULL, NULL, 78.82, 0.00, 0.00, 7.88, 86.70, 86.70, 0.00, NULL, NULL, NULL, 0, NULL, '2026-04-02 19:52:00', '2026-04-02 19:52:00'),
	(281, NULL, 1, NULL, 23, 'P000281', 'P', 'mesa', 'cobrado', '2026-04-02 20:29:00', NULL, '2026-04-02 21:06:00', NULL, NULL, NULL, NULL, 43.64, 0.00, 0.00, 4.36, 48.00, 48.00, 0.00, NULL, NULL, 3, 0, NULL, '2026-04-03 01:29:00', '2026-04-03 01:29:00'),
	(282, NULL, 6, 6, NULL, 'P000282', 'P', 'domicilio', 'anulado', '2026-04-03 18:55:00', NULL, NULL, 'Andrea Sánchez Vega', '981000006', 'Rúa do Vilar', NULL, 9.55, 0.00, 2.50, 0.95, 13.00, 0.00, 0.00, NULL, NULL, NULL, 0, NULL, '2026-04-03 23:55:00', '2026-04-03 23:55:00'),
	(283, NULL, 2, 5, NULL, 'P000283', 'P', 'mostrador', 'cobrado', '2026-04-03 21:59:00', NULL, '2026-04-03 22:25:00', 'Restaurante Pizza Express', '963000005', NULL, NULL, 58.00, 1.21, 0.00, 5.80, 62.59, 62.59, 0.00, NULL, NULL, NULL, 0, NULL, '2026-04-04 02:59:00', '2026-04-04 02:59:00'),
	(284, NULL, 6, 7, 25, 'P000284', 'P', 'mesa', 'cobrado', '2026-04-03 18:13:00', NULL, '2026-04-03 18:51:00', 'David Rodríguez Núñez', '976000007', NULL, NULL, 22.09, 0.00, 0.00, 2.21, 24.30, 24.30, 0.00, NULL, NULL, 4, 0, NULL, '2026-04-03 23:13:00', '2026-04-03 23:13:00'),
	(285, NULL, 5, NULL, NULL, 'P000285', 'P', 'mostrador', 'cobrado', '2026-04-03 21:27:00', NULL, '2026-04-03 22:00:00', NULL, NULL, NULL, NULL, 42.64, 0.00, 0.00, 4.26, 46.90, 46.90, 0.00, NULL, NULL, NULL, 0, NULL, '2026-04-04 02:27:00', '2026-04-04 02:27:00'),
	(286, NULL, 3, NULL, 25, 'P000286', 'P', 'mesa', 'cobrado', '2026-04-03 12:26:00', NULL, '2026-04-03 13:02:00', NULL, NULL, NULL, NULL, 7.36, 0.00, 0.00, 0.74, 8.10, 8.10, 0.00, NULL, NULL, 1, 0, NULL, '2026-04-03 17:26:00', '2026-04-03 17:26:00'),
	(287, NULL, 1, 10, NULL, 'P000287', 'P', 'telefono', 'cobrado', '2026-04-03 14:38:00', NULL, '2026-04-03 15:25:00', 'Sara Jiménez Ramos', '925000010', NULL, NULL, 39.45, 0.00, 0.00, 3.95, 43.40, 43.40, 0.00, NULL, NULL, NULL, 0, NULL, '2026-04-03 19:38:00', '2026-04-03 19:38:00'),
	(288, NULL, 4, 5, 18, 'P000288', 'P', 'mesa', 'cobrado', '2026-04-03 12:45:00', NULL, '2026-04-03 13:06:00', 'Restaurante Pizza Express', '963000005', NULL, NULL, 13.18, 0.00, 0.00, 1.32, 14.50, 14.50, 0.00, NULL, NULL, 3, 0, NULL, '2026-04-03 17:45:00', '2026-04-03 17:45:00'),
	(289, NULL, 6, NULL, NULL, 'P000289', 'P', 'mostrador', 'cobrado', '2026-04-03 21:29:00', NULL, '2026-04-03 22:16:00', NULL, NULL, NULL, NULL, 17.73, 0.00, 0.00, 1.77, 19.50, 19.50, 0.00, NULL, NULL, NULL, 0, NULL, '2026-04-04 02:29:00', '2026-04-04 02:29:00'),
	(290, NULL, 4, NULL, NULL, 'P000290', 'P', 'mostrador', 'cobrado', '2026-04-03 12:53:00', NULL, '2026-04-03 13:47:00', NULL, NULL, NULL, NULL, 34.64, 0.00, 0.00, 3.46, 38.10, 38.10, 0.00, NULL, NULL, NULL, 0, NULL, '2026-04-03 17:53:00', '2026-04-03 17:53:00'),
	(291, NULL, 3, NULL, 6, 'P000291', 'P', 'mesa', 'cobrado', '2026-04-03 18:13:00', NULL, '2026-04-03 18:45:00', NULL, NULL, NULL, NULL, 96.36, 0.00, 0.00, 9.64, 106.00, 106.00, 0.00, NULL, NULL, 4, 0, NULL, '2026-04-03 23:13:00', '2026-04-03 23:13:00'),
	(292, NULL, 2, NULL, 25, 'P000292', 'P', 'mesa', 'cobrado', '2026-04-03 12:37:00', NULL, '2026-04-03 13:12:00', NULL, NULL, NULL, NULL, 32.73, 0.00, 0.00, 3.27, 36.00, 36.00, 0.00, NULL, NULL, 2, 0, NULL, '2026-04-03 17:37:00', '2026-04-03 17:37:00'),
	(293, NULL, 3, 5, NULL, 'P000293', 'P', 'recogida', 'cobrado', '2026-04-03 20:25:00', NULL, '2026-04-03 21:04:00', 'Restaurante Pizza Express', '963000005', NULL, NULL, 78.64, 2.41, 0.00, 7.86, 84.09, 84.09, 0.00, NULL, NULL, NULL, 0, NULL, '2026-04-04 01:25:00', '2026-04-04 01:25:00'),
	(294, NULL, 1, NULL, NULL, 'P000294', 'P', 'recogida', 'cobrado', '2026-04-03 15:51:00', NULL, '2026-04-03 16:26:00', NULL, NULL, NULL, NULL, 41.18, 0.00, 0.00, 4.12, 45.30, 45.30, 0.00, NULL, NULL, NULL, 0, NULL, '2026-04-03 20:51:00', '2026-04-03 20:51:00'),
	(295, NULL, 2, NULL, 16, 'P000295', 'P', 'mesa', 'cobrado', '2026-04-03 13:09:00', NULL, '2026-04-03 14:03:00', NULL, NULL, NULL, NULL, 15.00, 0.00, 0.00, 1.50, 16.50, 16.50, 0.00, NULL, NULL, 3, 0, NULL, '2026-04-03 18:09:00', '2026-04-03 18:09:00'),
	(296, NULL, 6, NULL, 23, 'P000296', 'P', 'mesa', 'cobrado', '2026-04-04 18:06:00', NULL, '2026-04-04 18:37:00', NULL, NULL, NULL, NULL, 58.64, 0.00, 0.00, 5.86, 64.50, 64.50, 0.00, NULL, NULL, 1, 0, NULL, '2026-04-04 23:06:00', '2026-04-04 23:06:00'),
	(297, NULL, 2, NULL, 27, 'P000297', 'P', 'mesa', 'cobrado', '2026-04-04 22:00:00', NULL, '2026-04-04 23:00:00', NULL, NULL, NULL, NULL, 67.91, 0.00, 0.00, 6.79, 74.70, 74.70, 0.00, NULL, NULL, 2, 0, NULL, '2026-04-05 03:00:00', '2026-04-05 03:00:00'),
	(298, NULL, 3, 7, NULL, 'P000298', 'P', 'telefono', 'anulado', '2026-04-04 20:13:00', NULL, NULL, 'David Rodríguez Núñez', '976000007', NULL, NULL, 106.82, 0.00, 0.00, 10.68, 117.50, 0.00, 0.00, NULL, NULL, NULL, 0, NULL, '2026-04-05 01:13:00', '2026-04-05 01:13:00'),
	(299, NULL, 2, 9, 24, 'P000299', 'P', 'mesa', 'cobrado', '2026-04-04 19:13:00', NULL, '2026-04-04 19:55:00', 'Miguel Torres Aguilar', '957000009', NULL, NULL, 18.27, 0.00, 0.00, 1.83, 20.10, 20.10, 0.00, NULL, NULL, 1, 0, NULL, '2026-04-05 00:13:00', '2026-04-05 00:13:00'),
	(300, NULL, 5, NULL, 25, 'P000300', 'P', 'mesa', 'cobrado', '2026-04-04 18:30:00', NULL, '2026-04-04 18:51:00', NULL, NULL, NULL, NULL, 25.00, 1.39, 0.00, 2.50, 26.11, 26.11, 0.00, NULL, NULL, 4, 0, NULL, '2026-04-04 23:30:00', '2026-04-04 23:30:00'),
	(301, NULL, 2, NULL, 10, 'P000301', 'P', 'mesa', 'cobrado', '2026-04-04 13:26:00', NULL, '2026-04-04 14:11:00', NULL, NULL, NULL, NULL, 65.36, 0.00, 0.00, 6.54, 71.90, 71.90, 0.00, NULL, NULL, 1, 0, NULL, '2026-04-04 18:26:00', '2026-04-04 18:26:00'),
	(302, NULL, 6, 9, 22, 'P000302', 'P', 'mesa', 'cobrado', '2026-04-04 18:38:00', NULL, '2026-04-04 19:15:00', 'Miguel Torres Aguilar', '957000009', NULL, NULL, 63.73, 0.00, 0.00, 6.37, 70.10, 70.10, 0.00, NULL, NULL, 3, 0, NULL, '2026-04-04 23:38:00', '2026-04-04 23:38:00'),
	(303, NULL, 2, NULL, NULL, 'P000303', 'P', 'mostrador', 'cobrado', '2026-04-04 23:20:00', NULL, '2026-04-05 00:00:00', NULL, NULL, NULL, NULL, 35.91, 0.00, 0.00, 3.59, 39.50, 39.50, 0.00, NULL, NULL, NULL, 0, NULL, '2026-04-05 04:20:00', '2026-04-05 04:20:00'),
	(304, NULL, 4, NULL, 31, 'P000304', 'P', 'mesa', 'cobrado', '2026-04-04 14:21:00', NULL, '2026-04-04 15:12:00', NULL, NULL, NULL, NULL, 27.82, 0.00, 0.00, 2.78, 30.60, 30.60, 0.00, NULL, NULL, 3, 0, NULL, '2026-04-04 19:21:00', '2026-04-04 19:21:00'),
	(305, NULL, 5, NULL, 9, 'P000305', 'P', 'mesa', 'cobrado', '2026-04-04 20:14:00', NULL, '2026-04-04 20:42:00', NULL, NULL, NULL, NULL, 16.73, 0.00, 0.00, 1.67, 18.40, 18.40, 0.00, NULL, NULL, 3, 0, NULL, '2026-04-05 01:14:00', '2026-04-05 01:14:00'),
	(306, NULL, 6, NULL, NULL, 'P000306', 'P', 'mostrador', 'cobrado', '2026-04-04 14:10:00', NULL, '2026-04-04 15:07:00', NULL, NULL, NULL, NULL, 7.64, 0.00, 0.00, 0.76, 8.40, 8.40, 0.00, NULL, NULL, NULL, 0, NULL, '2026-04-04 19:10:00', '2026-04-04 19:10:00'),
	(307, NULL, 4, NULL, NULL, 'P000307', 'P', 'recogida', 'cobrado', '2026-04-04 15:12:00', NULL, '2026-04-04 15:34:00', NULL, NULL, NULL, NULL, 45.55, 0.00, 0.00, 4.55, 50.10, 50.10, 0.00, NULL, NULL, NULL, 0, NULL, '2026-04-04 20:12:00', '2026-04-04 20:12:00'),
	(308, NULL, 1, NULL, NULL, 'P000308', 'P', 'mostrador', 'cobrado', '2026-04-04 14:39:00', NULL, '2026-04-04 15:24:00', NULL, NULL, NULL, NULL, 58.64, 0.00, 0.00, 5.86, 64.50, 64.50, 0.00, NULL, NULL, NULL, 0, NULL, '2026-04-04 19:39:00', '2026-04-04 19:39:00'),
	(309, NULL, 5, NULL, NULL, 'P000309', 'P', 'mostrador', 'cobrado', '2026-04-04 17:00:00', NULL, '2026-04-04 17:29:00', NULL, NULL, NULL, NULL, 82.18, 0.00, 0.00, 8.22, 90.40, 90.40, 0.00, NULL, NULL, NULL, 0, NULL, '2026-04-04 22:00:00', '2026-04-04 22:00:00'),
	(310, NULL, 5, 11, NULL, 'P000310', 'P', 'mostrador', 'anulado', '2026-04-04 16:19:00', NULL, NULL, 'Café Bar Central', '928000011', NULL, NULL, 17.27, 0.00, 0.00, 1.73, 19.00, 0.00, 0.00, NULL, NULL, NULL, 0, NULL, '2026-04-04 21:19:00', '2026-04-04 21:19:00'),
	(311, NULL, 4, 3, NULL, 'P000311', 'P', 'mostrador', 'cobrado', '2026-04-04 21:27:00', NULL, '2026-04-04 21:58:00', 'Carlos Martínez Soto', '954000003', NULL, NULL, 51.36, 0.00, 0.00, 5.14, 56.50, 56.50, 0.00, NULL, NULL, NULL, 0, NULL, '2026-04-05 02:27:00', '2026-04-05 02:27:00'),
	(312, NULL, 6, NULL, NULL, 'P000312', 'P', 'mostrador', 'cobrado', '2026-04-04 17:29:00', NULL, '2026-04-04 18:13:00', NULL, NULL, NULL, NULL, 18.64, 0.00, 0.00, 1.86, 20.50, 20.50, 0.00, NULL, NULL, NULL, 0, NULL, '2026-04-04 22:29:00', '2026-04-04 22:29:00'),
	(313, NULL, 3, 7, NULL, 'P000313', 'P', 'telefono', 'cobrado', '2026-04-04 22:09:00', NULL, '2026-04-04 23:03:00', 'David Rodríguez Núñez', '976000007', NULL, NULL, 60.36, 0.00, 0.00, 6.04, 66.40, 66.40, 0.00, NULL, NULL, NULL, 0, NULL, '2026-04-05 03:09:00', '2026-04-05 03:09:00'),
	(314, NULL, 2, NULL, NULL, 'P000314', 'P', 'mostrador', 'cobrado', '2026-04-04 22:56:00', NULL, '2026-04-04 23:43:00', NULL, NULL, NULL, NULL, 46.27, 0.00, 0.00, 4.63, 50.90, 50.90, 0.00, NULL, NULL, NULL, 0, NULL, '2026-04-05 03:56:00', '2026-04-05 03:56:00'),
	(315, NULL, 4, NULL, NULL, 'P000315', 'P', 'mostrador', 'cobrado', '2026-04-04 13:01:00', NULL, '2026-04-04 13:31:00', NULL, NULL, NULL, NULL, 70.91, 0.00, 0.00, 7.09, 78.00, 78.00, 0.00, NULL, NULL, NULL, 0, NULL, '2026-04-04 18:01:00', '2026-04-04 18:01:00'),
	(316, NULL, 5, NULL, 18, 'P000316', 'P', 'mesa', 'cobrado', '2026-04-05 22:10:00', NULL, '2026-04-05 22:28:00', NULL, NULL, NULL, NULL, 88.55, 0.00, 0.00, 8.85, 97.40, 97.40, 0.00, NULL, NULL, 3, 0, NULL, '2026-04-06 03:10:00', '2026-04-06 03:10:00'),
	(317, NULL, 3, NULL, NULL, 'P000317', 'P', 'recogida', 'cobrado', '2026-04-05 20:01:00', NULL, '2026-04-05 20:33:00', NULL, NULL, NULL, NULL, 36.36, 0.00, 0.00, 3.64, 40.00, 40.00, 0.00, NULL, NULL, NULL, 0, NULL, '2026-04-06 01:01:00', '2026-04-06 01:01:00'),
	(318, NULL, 6, 1, 19, 'P000318', 'P', 'mesa', 'cobrado', '2026-04-05 22:30:00', NULL, '2026-04-05 22:59:00', 'Juan García López', '912345001', NULL, NULL, 10.91, 0.00, 0.00, 1.09, 12.00, 12.00, 0.00, NULL, NULL, 4, 0, NULL, '2026-04-06 03:30:00', '2026-04-06 03:30:00'),
	(319, NULL, 5, 11, NULL, 'P000319', 'P', 'domicilio', 'cobrado', '2026-04-05 19:03:00', NULL, '2026-04-05 19:19:00', 'Café Bar Central', '928000011', 'Calle Triana', NULL, 42.00, 0.00, 2.50, 4.20, 48.70, 48.70, 0.00, NULL, NULL, NULL, 0, NULL, '2026-04-06 00:03:00', '2026-04-06 00:03:00'),
	(320, NULL, 2, NULL, NULL, 'P000320', 'P', 'mostrador', 'cobrado', '2026-04-05 13:43:00', NULL, '2026-04-05 14:34:00', NULL, NULL, NULL, NULL, 37.73, 0.00, 0.00, 3.77, 41.50, 41.50, 0.00, NULL, NULL, NULL, 0, NULL, '2026-04-05 18:43:00', '2026-04-05 18:43:00'),
	(321, NULL, 6, 4, 28, 'P000321', 'P', 'mesa', 'cobrado', '2026-04-05 14:03:00', NULL, '2026-04-05 14:34:00', 'Lucía Pérez Sanz', '923000004', NULL, NULL, 136.27, 0.00, 0.00, 13.63, 149.90, 149.90, 0.00, NULL, NULL, 3, 0, NULL, '2026-04-05 19:03:00', '2026-04-05 19:03:00'),
	(322, NULL, 5, NULL, NULL, 'P000322', 'P', 'mostrador', 'cobrado', '2026-04-05 21:03:00', NULL, '2026-04-05 21:56:00', NULL, NULL, NULL, NULL, 26.36, 0.00, 0.00, 2.64, 29.00, 29.00, 0.00, NULL, NULL, NULL, 0, NULL, '2026-04-06 02:03:00', '2026-04-06 02:03:00'),
	(323, NULL, 3, 10, NULL, 'P000323', 'P', 'telefono', 'cobrado', '2026-04-05 23:36:00', NULL, '2026-04-06 00:34:00', 'Sara Jiménez Ramos', '925000010', NULL, NULL, 55.45, 0.00, 0.00, 5.55, 61.00, 61.00, 0.00, NULL, NULL, NULL, 0, NULL, '2026-04-06 04:36:00', '2026-04-06 04:36:00'),
	(324, NULL, 6, 7, NULL, 'P000324', 'P', 'mostrador', 'cobrado', '2026-04-05 13:43:00', NULL, '2026-04-05 14:27:00', 'David Rodríguez Núñez', '976000007', NULL, NULL, 57.27, 0.00, 0.00, 5.73, 63.00, 63.00, 0.00, NULL, NULL, NULL, 0, NULL, '2026-04-05 18:43:00', '2026-04-05 18:43:00'),
	(325, NULL, 1, NULL, 1, 'P000325', 'P', 'mesa', 'cobrado', '2026-04-05 23:39:00', NULL, '2026-04-06 00:03:00', NULL, NULL, NULL, NULL, 58.64, 0.00, 0.00, 5.86, 64.50, 64.50, 0.00, NULL, NULL, 2, 0, NULL, '2026-04-06 04:39:00', '2026-04-06 04:39:00'),
	(326, NULL, 6, NULL, NULL, 'P000326', 'P', 'recogida', 'cobrado', '2026-04-05 13:05:00', NULL, '2026-04-05 13:45:00', NULL, NULL, NULL, NULL, 22.64, 0.00, 0.00, 2.26, 24.90, 24.90, 0.00, NULL, NULL, NULL, 0, NULL, '2026-04-05 18:05:00', '2026-04-05 18:05:00'),
	(327, NULL, 1, 6, NULL, 'P000327', 'P', 'mostrador', 'cobrado', '2026-04-05 15:25:00', NULL, '2026-04-05 15:48:00', 'Andrea Sánchez Vega', '981000006', NULL, NULL, 21.82, 0.00, 0.00, 2.18, 24.00, 24.00, 0.00, NULL, NULL, NULL, 0, NULL, '2026-04-05 20:25:00', '2026-04-05 20:25:00'),
	(328, NULL, 5, NULL, NULL, 'P000328', 'P', 'mostrador', 'cobrado', '2026-04-05 13:43:00', NULL, '2026-04-05 14:42:00', NULL, NULL, NULL, NULL, 32.45, 0.00, 0.00, 3.25, 35.70, 35.70, 0.00, NULL, NULL, NULL, 0, NULL, '2026-04-05 18:43:00', '2026-04-05 18:43:00'),
	(329, NULL, 3, 10, 1, 'P000329', 'P', 'mesa', 'cobrado', '2026-04-05 22:17:00', NULL, '2026-04-05 22:48:00', 'Sara Jiménez Ramos', '925000010', NULL, NULL, 102.91, 0.00, 0.00, 10.29, 113.20, 113.20, 0.00, NULL, NULL, 1, 0, NULL, '2026-04-06 03:17:00', '2026-04-06 03:17:00'),
	(330, NULL, 4, 8, NULL, 'P000330', 'P', 'domicilio', 'cobrado', '2026-04-05 19:33:00', NULL, '2026-04-05 19:48:00', 'Patricia González Pardo', '948000008', 'Avenida de Carlos III', NULL, 28.64, 0.00, 2.50, 2.86, 34.00, 34.00, 0.00, NULL, NULL, NULL, 0, NULL, '2026-04-06 00:33:00', '2026-04-06 00:33:00'),
	(331, NULL, 4, 6, NULL, 'P000331', 'P', 'telefono', 'cobrado', '2026-04-05 19:18:00', NULL, '2026-04-05 19:33:00', 'Andrea Sánchez Vega', '981000006', NULL, NULL, 27.82, 0.00, 0.00, 2.78, 30.60, 30.60, 0.00, NULL, NULL, NULL, 0, NULL, '2026-04-06 00:18:00', '2026-04-06 00:18:00'),
	(332, NULL, 6, NULL, NULL, 'P000332', 'P', 'recogida', 'cobrado', '2026-04-05 21:34:00', NULL, '2026-04-05 21:58:00', NULL, NULL, NULL, NULL, 114.18, 0.00, 0.00, 11.42, 125.60, 125.60, 0.00, NULL, NULL, NULL, 0, NULL, '2026-04-06 02:34:00', '2026-04-06 02:34:00'),
	(333, NULL, 4, NULL, NULL, 'P000333', 'P', 'mostrador', 'anulado', '2026-04-05 19:14:00', NULL, NULL, NULL, NULL, NULL, NULL, 97.91, 1.67, 0.00, 9.79, 106.03, 0.00, 0.00, NULL, NULL, NULL, 0, NULL, '2026-04-06 00:14:00', '2026-04-06 00:14:00'),
	(334, NULL, 5, NULL, NULL, 'P000334', 'P', 'recogida', 'cobrado', '2026-04-05 18:28:00', NULL, '2026-04-05 19:12:00', NULL, NULL, NULL, NULL, 83.82, 1.81, 0.00, 8.38, 90.39, 90.39, 0.00, NULL, NULL, NULL, 0, NULL, '2026-04-05 23:28:00', '2026-04-05 23:28:00'),
	(335, NULL, 2, 10, NULL, 'P000335', 'P', 'domicilio', 'cobrado', '2026-04-05 14:42:00', NULL, '2026-04-05 14:59:00', 'Sara Jiménez Ramos', '925000010', 'Plaza de Zocodover', NULL, 75.27, 0.00, 2.50, 7.53, 85.30, 85.30, 0.00, NULL, NULL, NULL, 0, NULL, '2026-04-05 19:42:00', '2026-04-05 19:42:00'),
	(336, NULL, 4, NULL, NULL, 'P000336', 'P', 'mostrador', 'cobrado', '2026-04-05 15:46:00', NULL, '2026-04-05 16:23:00', NULL, NULL, NULL, NULL, 78.82, 0.00, 0.00, 7.88, 86.70, 86.70, 0.00, NULL, NULL, NULL, 0, NULL, '2026-04-05 20:46:00', '2026-04-05 20:46:00'),
	(337, NULL, 3, 4, NULL, 'P000337', 'P', 'recogida', 'cobrado', '2026-04-05 23:03:00', NULL, '2026-04-05 23:26:00', 'Lucía Pérez Sanz', '923000004', NULL, NULL, 10.00, 0.00, 0.00, 1.00, 11.00, 11.00, 0.00, NULL, NULL, NULL, 0, NULL, '2026-04-06 04:03:00', '2026-04-06 04:03:00'),
	(338, NULL, 2, NULL, NULL, 'P000338', 'P', 'mostrador', 'cobrado', '2026-04-05 20:39:00', NULL, '2026-04-05 21:14:00', NULL, NULL, NULL, NULL, 44.64, 0.00, 0.00, 4.46, 49.10, 49.10, 0.00, NULL, NULL, NULL, 0, NULL, '2026-04-06 01:39:00', '2026-04-06 01:39:00'),
	(339, NULL, 2, NULL, NULL, 'P000339', 'P', 'mostrador', 'cobrado', '2026-04-05 12:08:00', NULL, '2026-04-05 12:46:00', NULL, NULL, NULL, NULL, 13.64, 0.00, 0.00, 1.36, 15.00, 15.00, 0.00, NULL, NULL, NULL, 0, NULL, '2026-04-05 17:08:00', '2026-04-05 17:08:00'),
	(340, NULL, 5, 6, NULL, 'P000340', 'P', 'mostrador', 'cobrado', '2026-04-05 22:24:00', NULL, '2026-04-05 23:03:00', 'Andrea Sánchez Vega', '981000006', NULL, NULL, 17.73, 0.00, 0.00, 1.77, 19.50, 19.50, 0.00, NULL, NULL, NULL, 0, NULL, '2026-04-06 03:24:00', '2026-04-06 03:24:00'),
	(341, NULL, 6, NULL, 11, 'P000341', 'P', 'mesa', 'cobrado', '2026-04-06 22:23:00', NULL, '2026-04-06 23:15:00', NULL, NULL, NULL, NULL, 22.64, 0.00, 0.00, 2.26, 24.90, 24.90, 0.00, NULL, NULL, 1, 0, NULL, '2026-04-07 03:23:00', '2026-04-07 03:23:00'),
	(342, NULL, 5, NULL, NULL, 'P000342', 'P', 'mostrador', 'cobrado', '2026-04-06 22:50:00', NULL, '2026-04-06 23:36:00', NULL, NULL, NULL, NULL, 7.27, 0.00, 0.00, 0.73, 8.00, 8.00, 0.00, NULL, NULL, NULL, 0, NULL, '2026-04-07 03:50:00', '2026-04-07 03:50:00'),
	(343, NULL, 5, 7, NULL, 'P000343', 'P', 'domicilio', 'cobrado', '2026-04-06 22:59:00', NULL, '2026-04-06 23:42:00', 'David Rodríguez Núñez', '976000007', 'Paseo Independencia', NULL, 34.09, 0.00, 2.50, 3.41, 40.00, 40.00, 0.00, NULL, NULL, NULL, 0, NULL, '2026-04-07 03:59:00', '2026-04-07 03:59:00'),
	(344, NULL, 5, 8, NULL, 'P000344', 'P', 'mostrador', 'cobrado', '2026-04-06 21:08:00', NULL, '2026-04-06 22:01:00', 'Patricia González Pardo', '948000008', NULL, NULL, 23.18, 1.31, 0.00, 2.32, 24.19, 24.19, 0.00, NULL, NULL, NULL, 0, NULL, '2026-04-07 02:08:00', '2026-04-07 02:08:00'),
	(345, NULL, 1, 8, 30, 'P000345', 'P', 'mesa', 'cobrado', '2026-04-06 13:31:00', NULL, '2026-04-06 13:56:00', 'Patricia González Pardo', '948000008', NULL, NULL, 44.82, 0.00, 0.00, 4.48, 49.30, 49.30, 0.00, NULL, NULL, 1, 0, NULL, '2026-04-06 18:31:00', '2026-04-06 18:31:00'),
	(346, NULL, 2, NULL, 20, 'P000346', 'P', 'mesa', 'cobrado', '2026-04-06 23:53:00', NULL, '2026-04-07 00:42:00', NULL, NULL, NULL, NULL, 31.73, 0.00, 0.00, 3.17, 34.90, 34.90, 0.00, NULL, NULL, 4, 0, NULL, '2026-04-07 04:53:00', '2026-04-07 04:53:00'),
	(347, NULL, 2, 7, NULL, 'P000347', 'P', 'mostrador', 'cobrado', '2026-04-06 18:34:00', NULL, '2026-04-06 19:08:00', 'David Rodríguez Núñez', '976000007', NULL, NULL, 27.27, 0.00, 0.00, 2.73, 30.00, 30.00, 0.00, NULL, NULL, NULL, 0, NULL, '2026-04-06 23:34:00', '2026-04-06 23:34:00'),
	(348, NULL, 3, NULL, NULL, 'P000348', 'P', 'mostrador', 'cobrado', '2026-04-06 15:02:00', NULL, '2026-04-06 15:37:00', NULL, NULL, NULL, NULL, 23.18, 0.00, 0.00, 2.32, 25.50, 25.50, 0.00, NULL, NULL, NULL, 0, NULL, '2026-04-06 20:02:00', '2026-04-06 20:02:00'),
	(349, NULL, 6, NULL, NULL, 'P000349', 'P', 'recogida', 'anulado', '2026-04-06 13:26:00', NULL, NULL, NULL, NULL, NULL, NULL, 20.45, 0.00, 0.00, 2.05, 22.50, 0.00, 0.00, NULL, NULL, NULL, 0, NULL, '2026-04-06 18:26:00', '2026-04-06 18:26:00'),
	(350, NULL, 3, NULL, NULL, 'P000350', 'P', 'recogida', 'cobrado', '2026-04-06 19:41:00', NULL, '2026-04-06 20:37:00', NULL, NULL, NULL, NULL, 80.91, 1.28, 0.00, 8.09, 87.72, 87.72, 0.00, NULL, NULL, NULL, 0, NULL, '2026-04-07 00:41:00', '2026-04-07 00:41:00'),
	(351, NULL, 4, NULL, 23, 'P000351', 'P', 'mesa', 'cobrado', '2026-04-06 21:07:00', NULL, '2026-04-06 21:53:00', NULL, NULL, NULL, NULL, 96.64, 0.00, 0.00, 9.66, 106.30, 106.30, 0.00, NULL, NULL, 3, 0, NULL, '2026-04-07 02:07:00', '2026-04-07 02:07:00'),
	(352, NULL, 6, 2, NULL, 'P000352', 'P', 'domicilio', 'cobrado', '2026-04-06 16:02:00', NULL, '2026-04-06 16:44:00', 'María Fernández Ruiz', '932000002', 'Avenida Diagonal', NULL, 34.55, 1.95, 2.50, 3.45, 38.55, 38.55, 0.00, NULL, NULL, NULL, 0, NULL, '2026-04-06 21:02:00', '2026-04-06 21:02:00'),
	(353, NULL, 1, 3, NULL, 'P000353', 'P', 'domicilio', 'cobrado', '2026-04-07 15:24:00', NULL, '2026-04-07 16:24:00', 'Carlos Martínez Soto', '954000003', 'Calle Sierpes', NULL, 53.82, 0.00, 2.50, 5.38, 61.70, 61.70, 0.00, NULL, NULL, NULL, 0, NULL, '2026-04-07 20:24:00', '2026-04-07 20:24:00'),
	(354, NULL, 1, NULL, 23, 'P000354', 'P', 'mesa', 'cobrado', '2026-04-07 13:24:00', NULL, '2026-04-07 13:59:00', NULL, NULL, NULL, NULL, 64.09, 0.00, 0.00, 6.41, 70.50, 70.50, 0.00, NULL, NULL, 1, 0, NULL, '2026-04-07 18:24:00', '2026-04-07 18:24:00'),
	(355, NULL, 2, 7, NULL, 'P000355', 'P', 'mostrador', 'cobrado', '2026-04-07 22:31:00', NULL, '2026-04-07 23:20:00', 'David Rodríguez Núñez', '976000007', NULL, NULL, 44.09, 0.00, 0.00, 4.41, 48.50, 48.50, 0.00, NULL, NULL, NULL, 0, NULL, '2026-04-08 03:31:00', '2026-04-08 03:31:00'),
	(356, NULL, 1, 1, 29, 'P000356', 'P', 'mesa', 'cobrado', '2026-04-07 17:19:00', NULL, '2026-04-07 17:59:00', 'Juan García López', '912345001', NULL, NULL, 2.00, 0.00, 0.00, 0.20, 2.20, 2.20, 0.00, NULL, NULL, 1, 0, NULL, '2026-04-07 22:19:00', '2026-04-07 22:19:00'),
	(357, NULL, 3, NULL, NULL, 'P000357', 'P', 'mostrador', 'anulado', '2026-04-07 17:10:00', NULL, NULL, NULL, NULL, NULL, NULL, 35.00, 0.00, 0.00, 3.50, 38.50, 0.00, 0.00, NULL, NULL, NULL, 0, NULL, '2026-04-07 22:10:00', '2026-04-07 22:10:00'),
	(358, NULL, 3, 3, 30, 'P000358', 'P', 'mesa', 'cobrado', '2026-04-07 16:13:00', NULL, '2026-04-07 17:01:00', 'Carlos Martínez Soto', '954000003', NULL, NULL, 19.09, 0.00, 0.00, 1.91, 21.00, 21.00, 0.00, NULL, NULL, 3, 0, NULL, '2026-04-07 21:13:00', '2026-04-07 21:13:00'),
	(359, NULL, 4, NULL, 11, 'P000359', 'P', 'mesa', 'cobrado', '2026-04-07 18:59:00', NULL, '2026-04-07 19:56:00', NULL, NULL, NULL, NULL, 90.18, 1.25, 0.00, 9.02, 97.95, 97.95, 0.00, NULL, NULL, 2, 0, NULL, '2026-04-07 23:59:00', '2026-04-07 23:59:00'),
	(360, NULL, 2, NULL, NULL, 'P000360', 'P', 'mostrador', 'cobrado', '2026-04-07 19:32:00', NULL, '2026-04-07 20:03:00', NULL, NULL, NULL, NULL, 16.55, 0.00, 0.00, 1.65, 18.20, 18.20, 0.00, NULL, NULL, NULL, 0, NULL, '2026-04-08 00:32:00', '2026-04-08 00:32:00'),
	(361, NULL, 6, 6, 27, 'P000361', 'P', 'mesa', 'cobrado', '2026-04-07 15:42:00', NULL, '2026-04-07 16:12:00', 'Andrea Sánchez Vega', '981000006', NULL, NULL, 59.55, 0.00, 0.00, 5.95, 65.50, 65.50, 0.00, NULL, NULL, 2, 0, NULL, '2026-04-07 20:42:00', '2026-04-07 20:42:00'),
	(362, NULL, 3, 7, NULL, 'P000362', 'P', 'mostrador', 'cobrado', '2026-04-07 15:51:00', NULL, '2026-04-07 16:33:00', 'David Rodríguez Núñez', '976000007', NULL, NULL, 43.64, 0.00, 0.00, 4.36, 48.00, 48.00, 0.00, NULL, NULL, NULL, 0, NULL, '2026-04-07 20:51:00', '2026-04-07 20:51:00'),
	(363, NULL, 6, 10, NULL, 'P000363', 'P', 'domicilio', 'cobrado', '2026-04-07 22:44:00', NULL, '2026-04-07 23:19:00', 'Sara Jiménez Ramos', '925000010', 'Plaza de Zocodover', NULL, 37.27, 0.00, 2.50, 3.73, 43.50, 43.50, 0.00, NULL, NULL, NULL, 0, NULL, '2026-04-08 03:44:00', '2026-04-08 03:44:00'),
	(364, NULL, 4, NULL, 25, 'P000364', 'P', 'mesa', 'cobrado', '2026-04-07 15:00:00', NULL, '2026-04-07 15:46:00', NULL, NULL, NULL, NULL, 63.09, 0.00, 0.00, 6.31, 69.40, 69.40, 0.00, NULL, NULL, 4, 0, NULL, '2026-04-07 20:00:00', '2026-04-07 20:00:00'),
	(365, NULL, 2, 7, NULL, 'P000365', 'P', 'mostrador', 'cobrado', '2026-04-07 18:42:00', NULL, '2026-04-07 19:11:00', 'David Rodríguez Núñez', '976000007', NULL, NULL, 35.91, 0.00, 0.00, 3.59, 39.50, 39.50, 0.00, NULL, NULL, NULL, 0, NULL, '2026-04-07 23:42:00', '2026-04-07 23:42:00'),
	(366, NULL, 3, NULL, NULL, 'P000366', 'P', 'mostrador', 'cobrado', '2026-04-07 21:05:00', NULL, '2026-04-07 22:05:00', NULL, NULL, NULL, NULL, 12.27, 0.00, 0.00, 1.23, 13.50, 13.50, 0.00, NULL, NULL, NULL, 0, NULL, '2026-04-08 02:05:00', '2026-04-08 02:05:00'),
	(367, NULL, 4, NULL, 22, 'P000367', 'P', 'mesa', 'cobrado', '2026-04-07 16:26:00', NULL, '2026-04-07 17:14:00', NULL, NULL, NULL, NULL, 16.55, 0.00, 0.00, 1.65, 18.20, 18.20, 0.00, NULL, NULL, 1, 0, NULL, '2026-04-07 21:26:00', '2026-04-07 21:26:00'),
	(368, NULL, 1, NULL, NULL, 'P000368', 'P', 'mostrador', 'cobrado', '2026-04-08 19:16:00', NULL, '2026-04-08 19:53:00', NULL, NULL, NULL, NULL, 22.73, 0.00, 0.00, 2.27, 25.00, 25.00, 0.00, NULL, NULL, NULL, 0, NULL, '2026-04-09 00:16:00', '2026-04-09 00:16:00'),
	(369, NULL, 6, NULL, 25, 'P000369', 'P', 'mesa', 'cobrado', '2026-04-08 12:01:00', NULL, '2026-04-08 12:38:00', NULL, NULL, NULL, NULL, 60.45, 0.00, 0.00, 6.05, 66.50, 66.50, 0.00, NULL, NULL, 1, 0, NULL, '2026-04-08 17:01:00', '2026-04-08 17:01:00'),
	(370, NULL, 6, 10, NULL, 'P000370', 'P', 'mostrador', 'cobrado', '2026-04-08 15:49:00', NULL, '2026-04-08 16:24:00', 'Sara Jiménez Ramos', '925000010', NULL, NULL, 16.91, 0.00, 0.00, 1.69, 18.60, 18.60, 0.00, NULL, NULL, NULL, 0, NULL, '2026-04-08 20:49:00', '2026-04-08 20:49:00'),
	(371, NULL, 4, NULL, 19, 'P000371', 'P', 'mesa', 'cobrado', '2026-04-08 12:24:00', NULL, '2026-04-08 12:56:00', NULL, NULL, NULL, NULL, 37.73, 0.00, 0.00, 3.77, 41.50, 41.50, 0.00, NULL, NULL, 1, 0, NULL, '2026-04-08 17:24:00', '2026-04-08 17:24:00'),
	(372, NULL, 2, 6, NULL, 'P000372', 'P', 'telefono', 'cobrado', '2026-04-08 12:12:00', NULL, '2026-04-08 13:01:00', 'Andrea Sánchez Vega', '981000006', NULL, NULL, 63.27, 0.00, 0.00, 6.33, 69.60, 69.60, 0.00, NULL, NULL, NULL, 0, NULL, '2026-04-08 17:12:00', '2026-04-08 17:12:00'),
	(373, NULL, 5, 1, NULL, 'P000373', 'P', 'mostrador', 'cobrado', '2026-04-08 21:50:00', NULL, '2026-04-08 22:16:00', 'Juan García López', '912345001', NULL, NULL, 30.55, 0.00, 0.00, 3.05, 33.60, 33.60, 0.00, NULL, NULL, NULL, 0, NULL, '2026-04-09 02:50:00', '2026-04-09 02:50:00'),
	(374, NULL, 1, NULL, NULL, 'P000374', 'P', 'mostrador', 'cobrado', '2026-04-08 17:16:00', NULL, '2026-04-08 18:03:00', NULL, NULL, NULL, NULL, 55.27, 0.00, 0.00, 5.53, 60.80, 60.80, 0.00, NULL, NULL, NULL, 0, NULL, '2026-04-08 22:16:00', '2026-04-08 22:16:00'),
	(375, NULL, 2, 5, NULL, 'P000375', 'P', 'telefono', 'cobrado', '2026-04-08 16:38:00', NULL, '2026-04-08 17:28:00', 'Restaurante Pizza Express', '963000005', NULL, NULL, 37.73, 0.00, 0.00, 3.77, 41.50, 41.50, 0.00, NULL, NULL, NULL, 0, NULL, '2026-04-08 21:38:00', '2026-04-08 21:38:00'),
	(376, NULL, 3, 6, NULL, 'P000376', 'P', 'telefono', 'cobrado', '2026-04-08 16:46:00', NULL, '2026-04-08 17:01:00', 'Andrea Sánchez Vega', '981000006', NULL, NULL, 6.36, 0.00, 0.00, 0.64, 7.00, 7.00, 0.00, NULL, NULL, NULL, 0, NULL, '2026-04-08 21:46:00', '2026-04-08 21:46:00'),
	(377, NULL, 1, 10, NULL, 'P000377', 'P', 'telefono', 'cobrado', '2026-04-08 14:16:00', NULL, '2026-04-08 15:12:00', 'Sara Jiménez Ramos', '925000010', NULL, NULL, 28.64, 0.00, 0.00, 2.86, 31.50, 31.50, 0.00, NULL, NULL, NULL, 0, NULL, '2026-04-08 19:16:00', '2026-04-08 19:16:00'),
	(378, NULL, 5, 11, NULL, 'P000378', 'P', 'recogida', 'cobrado', '2026-04-09 22:18:00', NULL, '2026-04-09 23:00:00', 'Café Bar Central', '928000011', NULL, NULL, 91.09, 0.00, 0.00, 9.11, 100.20, 100.20, 0.00, NULL, NULL, NULL, 0, NULL, '2026-04-10 03:18:00', '2026-04-10 03:18:00'),
	(379, NULL, 3, 8, NULL, 'P000379', 'P', 'domicilio', 'cobrado', '2026-04-09 13:58:00', NULL, '2026-04-09 14:50:00', 'Patricia González Pardo', '948000008', 'Avenida de Carlos III', NULL, 12.27, 0.00, 2.50, 1.23, 16.00, 16.00, 0.00, NULL, NULL, NULL, 0, NULL, '2026-04-09 18:58:00', '2026-04-09 18:58:00'),
	(380, NULL, 5, NULL, NULL, 'P000380', 'P', 'mostrador', 'cobrado', '2026-04-09 19:53:00', NULL, '2026-04-09 20:53:00', NULL, NULL, NULL, NULL, 8.64, 0.00, 0.00, 0.86, 9.50, 9.50, 0.00, NULL, NULL, NULL, 0, NULL, '2026-04-10 00:53:00', '2026-04-10 00:53:00'),
	(381, NULL, 1, 9, 10, 'P000381', 'P', 'mesa', 'cobrado', '2026-04-09 23:22:00', NULL, '2026-04-09 23:58:00', 'Miguel Torres Aguilar', '957000009', NULL, NULL, 9.55, 0.00, 0.00, 0.95, 10.50, 10.50, 0.00, NULL, NULL, 3, 0, NULL, '2026-04-10 04:22:00', '2026-04-10 04:22:00'),
	(382, NULL, 4, 10, 10, 'P000382', 'P', 'mesa', 'cobrado', '2026-04-09 20:06:00', NULL, '2026-04-09 20:38:00', 'Sara Jiménez Ramos', '925000010', NULL, NULL, 15.64, 0.00, 0.00, 1.56, 17.20, 17.20, 0.00, NULL, NULL, 4, 0, NULL, '2026-04-10 01:06:00', '2026-04-10 01:06:00'),
	(383, NULL, 6, 7, NULL, 'P000383', 'P', 'mostrador', 'cobrado', '2026-04-09 20:37:00', NULL, '2026-04-09 20:52:00', 'David Rodríguez Núñez', '976000007', NULL, NULL, 55.00, 0.00, 0.00, 5.50, 60.50, 60.50, 0.00, NULL, NULL, NULL, 0, NULL, '2026-04-10 01:37:00', '2026-04-10 01:37:00'),
	(384, NULL, 2, 7, NULL, 'P000384', 'P', 'domicilio', 'cobrado', '2026-04-09 18:11:00', NULL, '2026-04-09 18:45:00', 'David Rodríguez Núñez', '976000007', 'Paseo Independencia', NULL, 64.09, 0.00, 2.50, 6.41, 73.00, 73.00, 0.00, NULL, NULL, NULL, 0, NULL, '2026-04-09 23:11:00', '2026-04-09 23:11:00'),
	(385, NULL, 6, NULL, NULL, 'P000385', 'P', 'mostrador', 'cobrado', '2026-04-09 20:31:00', NULL, '2026-04-09 21:09:00', NULL, NULL, NULL, NULL, 50.09, 0.00, 0.00, 5.01, 55.10, 55.10, 0.00, NULL, NULL, NULL, 0, NULL, '2026-04-10 01:31:00', '2026-04-10 01:31:00'),
	(386, NULL, 6, 9, NULL, 'P000386', 'P', 'domicilio', 'cobrado', '2026-04-09 16:06:00', NULL, '2026-04-09 16:38:00', 'Miguel Torres Aguilar', '957000009', 'Calle Cruz Conde', NULL, 4.09, 0.00, 2.50, 0.41, 7.00, 7.00, 0.00, NULL, NULL, NULL, 0, NULL, '2026-04-09 21:06:00', '2026-04-09 21:06:00'),
	(387, NULL, 4, 2, NULL, 'P000387', 'P', 'domicilio', 'cobrado', '2026-04-09 21:05:00', NULL, '2026-04-09 21:45:00', 'María Fernández Ruiz', '932000002', 'Avenida Diagonal', NULL, 13.64, 0.00, 2.50, 1.36, 17.50, 17.50, 0.00, NULL, NULL, NULL, 0, NULL, '2026-04-10 02:05:00', '2026-04-10 02:05:00'),
	(388, NULL, 2, 1, NULL, 'P000388', 'P', 'mostrador', 'cobrado', '2026-04-09 13:35:00', NULL, '2026-04-09 14:04:00', 'Juan García López', '912345001', NULL, NULL, 41.82, 0.00, 0.00, 4.18, 46.00, 46.00, 0.00, NULL, NULL, NULL, 0, NULL, '2026-04-09 18:35:00', '2026-04-09 18:35:00'),
	(389, NULL, 4, 5, NULL, 'P000389', 'P', 'domicilio', 'cobrado', '2026-04-09 16:56:00', NULL, '2026-04-09 17:50:00', 'Restaurante Pizza Express', '963000005', 'Avenida Principal', NULL, 70.91, 0.00, 2.50, 7.09, 80.50, 80.50, 0.00, NULL, NULL, NULL, 0, NULL, '2026-04-09 21:56:00', '2026-04-09 21:56:00'),
	(390, NULL, 1, NULL, NULL, 'P000390', 'P', 'mostrador', 'cobrado', '2026-04-09 22:36:00', NULL, '2026-04-09 23:16:00', NULL, NULL, NULL, NULL, 33.18, 0.00, 0.00, 3.32, 36.50, 36.50, 0.00, NULL, NULL, NULL, 0, NULL, '2026-04-10 03:36:00', '2026-04-10 03:36:00'),
	(391, NULL, 2, 2, NULL, 'P000391', 'P', 'mostrador', 'cobrado', '2026-04-09 16:29:00', NULL, '2026-04-09 17:06:00', 'María Fernández Ruiz', '932000002', NULL, NULL, 93.82, 0.00, 0.00, 9.38, 103.20, 103.20, 0.00, NULL, NULL, NULL, 0, NULL, '2026-04-09 21:29:00', '2026-04-09 21:29:00'),
	(392, NULL, 4, NULL, NULL, 'P000392', 'P', 'mostrador', 'cobrado', '2026-04-09 16:27:00', NULL, '2026-04-09 17:22:00', NULL, NULL, NULL, NULL, 20.45, 0.00, 0.00, 2.05, 22.50, 22.50, 0.00, NULL, NULL, NULL, 0, NULL, '2026-04-09 21:27:00', '2026-04-09 21:27:00'),
	(393, NULL, 1, NULL, NULL, 'P000393', 'P', 'mostrador', 'cobrado', '2026-04-10 17:24:00', NULL, '2026-04-10 18:04:00', NULL, NULL, NULL, NULL, 49.00, 0.00, 0.00, 4.90, 53.90, 53.90, 0.00, NULL, NULL, NULL, 0, NULL, '2026-04-10 22:24:00', '2026-04-10 22:24:00'),
	(394, NULL, 3, NULL, NULL, 'P000394', 'P', 'mostrador', 'cobrado', '2026-04-10 13:49:00', NULL, '2026-04-10 14:29:00', NULL, NULL, NULL, NULL, 41.82, 0.00, 0.00, 4.18, 46.00, 46.00, 0.00, NULL, NULL, NULL, 0, NULL, '2026-04-10 18:49:00', '2026-04-10 18:49:00'),
	(395, NULL, 3, 8, NULL, 'P000395', 'P', 'domicilio', 'cobrado', '2026-04-10 19:52:00', NULL, '2026-04-10 20:37:00', 'Patricia González Pardo', '948000008', 'Avenida de Carlos III', NULL, 17.73, 0.00, 2.50, 1.77, 22.00, 22.00, 0.00, NULL, NULL, NULL, 0, NULL, '2026-04-11 00:52:00', '2026-04-11 00:52:00'),
	(396, NULL, 5, 2, NULL, 'P000396', 'P', 'mostrador', 'cobrado', '2026-04-10 17:01:00', NULL, '2026-04-10 17:49:00', 'María Fernández Ruiz', '932000002', NULL, NULL, 11.09, 0.00, 0.00, 1.11, 12.20, 12.20, 0.00, NULL, NULL, NULL, 0, NULL, '2026-04-10 22:01:00', '2026-04-10 22:01:00'),
	(397, NULL, 6, 7, NULL, 'P000397', 'P', 'recogida', 'cobrado', '2026-04-10 21:56:00', NULL, '2026-04-10 22:30:00', 'David Rodríguez Núñez', '976000007', NULL, NULL, 52.45, 0.00, 0.00, 5.25, 57.70, 57.70, 0.00, NULL, NULL, NULL, 0, NULL, '2026-04-11 02:56:00', '2026-04-11 02:56:00'),
	(398, NULL, 5, 11, NULL, 'P000398', 'P', 'domicilio', 'cobrado', '2026-04-10 16:40:00', NULL, '2026-04-10 17:34:00', 'Café Bar Central', '928000011', 'Calle Triana', NULL, 142.00, 2.56, 2.50, 14.20, 156.14, 156.14, 0.00, NULL, NULL, NULL, 0, NULL, '2026-04-10 21:40:00', '2026-04-10 21:40:00'),
	(399, NULL, 6, 8, NULL, 'P000399', 'P', 'domicilio', 'cobrado', '2026-04-10 15:00:00', NULL, '2026-04-10 15:59:00', 'Patricia González Pardo', '948000008', 'Avenida de Carlos III', NULL, 18.18, 0.00, 2.50, 1.82, 22.50, 22.50, 0.00, NULL, NULL, NULL, 0, NULL, '2026-04-10 20:00:00', '2026-04-10 20:00:00'),
	(400, NULL, 5, NULL, 8, 'P000400', 'P', 'mesa', 'anulado', '2026-04-10 20:47:00', NULL, NULL, NULL, NULL, NULL, NULL, 28.64, 0.00, 0.00, 2.86, 31.50, 0.00, 0.00, NULL, NULL, 3, 0, NULL, '2026-04-11 01:47:00', '2026-04-11 01:47:00'),
	(401, NULL, 1, NULL, 23, 'P000401', 'P', 'mesa', 'cobrado', '2026-04-10 21:20:00', NULL, '2026-04-10 21:40:00', NULL, NULL, NULL, NULL, 38.18, 0.00, 0.00, 3.82, 42.00, 42.00, 0.00, NULL, NULL, 4, 0, NULL, '2026-04-11 02:20:00', '2026-04-11 02:20:00'),
	(402, NULL, 1, 12, 12, 'P000402', 'P', 'mesa', 'anulado', '2026-04-10 21:54:00', NULL, NULL, 'Roberto Domínguez Castro', '941000012', NULL, NULL, 9.09, 0.00, 0.00, 0.91, 10.00, 0.00, 0.00, NULL, NULL, 4, 0, NULL, '2026-04-11 02:54:00', '2026-04-11 02:54:00'),
	(403, NULL, 1, 5, 11, 'P000403', 'P', 'mesa', 'cobrado', '2026-04-10 22:51:00', NULL, '2026-04-10 23:17:00', 'Restaurante Pizza Express', '963000005', NULL, NULL, 45.73, 0.00, 0.00, 4.57, 50.30, 50.30, 0.00, NULL, NULL, 4, 0, NULL, '2026-04-11 03:51:00', '2026-04-11 03:51:00'),
	(404, NULL, 6, NULL, NULL, 'P000404', 'P', 'mostrador', 'cobrado', '2026-04-10 15:21:00', NULL, '2026-04-10 15:44:00', NULL, NULL, NULL, NULL, 80.64, 0.00, 0.00, 8.06, 88.70, 88.70, 0.00, NULL, NULL, NULL, 0, NULL, '2026-04-10 20:21:00', '2026-04-10 20:21:00'),
	(405, NULL, 3, 3, NULL, 'P000405', 'P', 'mostrador', 'cobrado', '2026-04-10 14:53:00', NULL, '2026-04-10 15:32:00', 'Carlos Martínez Soto', '954000003', NULL, NULL, 8.18, 0.00, 0.00, 0.82, 9.00, 9.00, 0.00, NULL, NULL, NULL, 0, NULL, '2026-04-10 19:53:00', '2026-04-10 19:53:00'),
	(406, NULL, 1, 7, 23, 'P000406', 'P', 'mesa', 'cobrado', '2026-04-10 13:39:00', NULL, '2026-04-10 13:56:00', 'David Rodríguez Núñez', '976000007', NULL, NULL, 8.18, 0.00, 0.00, 0.82, 9.00, 9.00, 0.00, NULL, NULL, 3, 0, NULL, '2026-04-10 18:39:00', '2026-04-10 18:39:00'),
	(407, NULL, 6, 7, NULL, 'P000407', 'P', 'domicilio', 'cobrado', '2026-04-10 18:57:00', NULL, '2026-04-10 19:48:00', 'David Rodríguez Núñez', '976000007', 'Paseo Independencia', NULL, 73.82, 0.00, 2.50, 7.38, 83.70, 83.70, 0.00, NULL, NULL, NULL, 0, NULL, '2026-04-10 23:57:00', '2026-04-10 23:57:00'),
	(408, NULL, 4, NULL, 15, 'P000408', 'P', 'mesa', 'cobrado', '2026-04-10 15:46:00', NULL, '2026-04-10 16:41:00', NULL, NULL, NULL, NULL, 11.82, 0.00, 0.00, 1.18, 13.00, 13.00, 0.00, NULL, NULL, 4, 0, NULL, '2026-04-10 20:46:00', '2026-04-10 20:46:00'),
	(409, NULL, 2, 10, NULL, 'P000409', 'P', 'mostrador', 'anulado', '2026-04-10 18:13:00', NULL, NULL, 'Sara Jiménez Ramos', '925000010', NULL, NULL, 74.27, 0.00, 0.00, 7.43, 81.70, 0.00, 0.00, NULL, NULL, NULL, 0, NULL, '2026-04-10 23:13:00', '2026-04-10 23:13:00'),
	(410, NULL, 4, NULL, NULL, 'P000410', 'P', 'mostrador', 'cobrado', '2026-04-10 12:50:00', NULL, '2026-04-10 13:37:00', NULL, NULL, NULL, NULL, 3.64, 0.00, 0.00, 0.36, 4.00, 4.00, 0.00, NULL, NULL, NULL, 0, NULL, '2026-04-10 17:50:00', '2026-04-10 17:50:00'),
	(411, NULL, 3, NULL, NULL, 'P000411', 'P', 'recogida', 'cobrado', '2026-04-11 13:07:00', NULL, '2026-04-11 14:03:00', NULL, NULL, NULL, NULL, 38.64, 0.00, 0.00, 3.86, 42.50, 42.50, 0.00, NULL, NULL, NULL, 0, NULL, '2026-04-11 18:07:00', '2026-04-11 18:07:00'),
	(412, NULL, 3, 12, NULL, 'P000412', 'P', 'mostrador', 'cobrado', '2026-04-11 15:23:00', NULL, '2026-04-11 15:53:00', 'Roberto Domínguez Castro', '941000012', NULL, NULL, 148.55, 1.93, 0.00, 14.85, 161.47, 161.47, 0.00, NULL, NULL, NULL, 0, NULL, '2026-04-11 20:23:00', '2026-04-11 20:23:00'),
	(413, NULL, 1, 2, NULL, 'P000413', 'P', 'domicilio', 'cobrado', '2026-04-11 22:14:00', NULL, '2026-04-11 22:30:00', 'María Fernández Ruiz', '932000002', 'Avenida Diagonal', NULL, 12.73, 0.00, 2.50, 1.27, 16.50, 16.50, 0.00, NULL, NULL, NULL, 0, NULL, '2026-04-12 03:14:00', '2026-04-12 03:14:00'),
	(414, NULL, 6, 11, NULL, 'P000414', 'P', 'recogida', 'cobrado', '2026-04-11 23:45:00', NULL, '2026-04-12 00:27:00', 'Café Bar Central', '928000011', NULL, NULL, 23.18, 0.00, 0.00, 2.32, 25.50, 25.50, 0.00, NULL, NULL, NULL, 0, NULL, '2026-04-12 04:45:00', '2026-04-12 04:45:00'),
	(415, NULL, 3, NULL, NULL, 'P000415', 'P', 'mostrador', 'cobrado', '2026-04-11 18:39:00', NULL, '2026-04-11 19:38:00', NULL, NULL, NULL, NULL, 59.09, 0.00, 0.00, 5.91, 65.00, 65.00, 0.00, NULL, NULL, NULL, 0, NULL, '2026-04-11 23:39:00', '2026-04-11 23:39:00'),
	(416, NULL, 2, NULL, NULL, 'P000416', 'P', 'mostrador', 'cobrado', '2026-04-11 16:11:00', NULL, '2026-04-11 16:49:00', NULL, NULL, NULL, NULL, 14.64, 0.00, 0.00, 1.46, 16.10, 16.10, 0.00, NULL, NULL, NULL, 0, NULL, '2026-04-11 21:11:00', '2026-04-11 21:11:00'),
	(417, NULL, 6, NULL, 20, 'P000417', 'P', 'mesa', 'cobrado', '2026-04-11 18:25:00', NULL, '2026-04-11 18:45:00', NULL, NULL, NULL, NULL, 51.82, 0.00, 0.00, 5.18, 57.00, 57.00, 0.00, NULL, NULL, 4, 0, NULL, '2026-04-11 23:25:00', '2026-04-11 23:25:00'),
	(418, NULL, 4, NULL, NULL, 'P000418', 'P', 'mostrador', 'anulado', '2026-04-11 21:18:00', NULL, NULL, NULL, NULL, NULL, NULL, 34.55, 0.00, 0.00, 3.45, 38.00, 0.00, 0.00, NULL, NULL, NULL, 0, NULL, '2026-04-12 02:18:00', '2026-04-12 02:18:00'),
	(419, NULL, 5, 1, NULL, 'P000419', 'P', 'mostrador', 'cobrado', '2026-04-11 15:39:00', NULL, '2026-04-11 16:24:00', 'Juan García López', '912345001', NULL, NULL, 119.91, 0.00, 0.00, 11.99, 131.90, 131.90, 0.00, NULL, NULL, NULL, 0, NULL, '2026-04-11 20:39:00', '2026-04-11 20:39:00'),
	(420, NULL, 3, NULL, NULL, 'P000420', 'P', 'mostrador', 'cobrado', '2026-04-11 23:19:00', NULL, '2026-04-12 00:09:00', NULL, NULL, NULL, NULL, 87.27, 0.00, 0.00, 8.73, 96.00, 96.00, 0.00, NULL, NULL, NULL, 0, NULL, '2026-04-12 04:19:00', '2026-04-12 04:19:00'),
	(421, NULL, 3, NULL, NULL, 'P000421', 'P', 'recogida', 'cobrado', '2026-04-11 14:20:00', NULL, '2026-04-11 15:01:00', NULL, NULL, NULL, NULL, 32.45, 0.00, 0.00, 3.25, 35.70, 35.70, 0.00, NULL, NULL, NULL, 0, NULL, '2026-04-11 19:20:00', '2026-04-11 19:20:00'),
	(422, NULL, 5, NULL, NULL, 'P000422', 'P', 'recogida', 'cobrado', '2026-04-11 12:33:00', NULL, '2026-04-11 13:05:00', NULL, NULL, NULL, NULL, 48.55, 0.00, 0.00, 4.85, 53.40, 53.40, 0.00, NULL, NULL, NULL, 0, NULL, '2026-04-11 17:33:00', '2026-04-11 17:33:00'),
	(423, NULL, 6, 4, NULL, 'P000423', 'P', 'recogida', 'cobrado', '2026-04-11 21:34:00', NULL, '2026-04-11 22:26:00', 'Lucía Pérez Sanz', '923000004', NULL, NULL, 12.27, 0.00, 0.00, 1.23, 13.50, 13.50, 0.00, NULL, NULL, NULL, 0, NULL, '2026-04-12 02:34:00', '2026-04-12 02:34:00'),
	(424, NULL, 2, 6, 21, 'P000424', 'P', 'mesa', 'cobrado', '2026-04-11 20:14:00', NULL, '2026-04-11 20:46:00', 'Andrea Sánchez Vega', '981000006', NULL, NULL, 39.82, 0.00, 0.00, 3.98, 43.80, 43.80, 0.00, NULL, NULL, 4, 0, NULL, '2026-04-12 01:14:00', '2026-04-12 01:14:00'),
	(425, NULL, 3, NULL, NULL, 'P000425', 'P', 'mostrador', 'cobrado', '2026-04-11 14:57:00', NULL, '2026-04-11 15:35:00', NULL, NULL, NULL, NULL, 71.18, 0.00, 0.00, 7.12, 78.30, 78.30, 0.00, NULL, NULL, NULL, 0, NULL, '2026-04-11 19:57:00', '2026-04-11 19:57:00'),
	(426, NULL, 2, NULL, NULL, 'P000426', 'P', 'mostrador', 'cobrado', '2026-04-11 15:52:00', NULL, '2026-04-11 16:15:00', NULL, NULL, NULL, NULL, 38.64, 0.00, 0.00, 3.86, 42.50, 42.50, 0.00, NULL, NULL, NULL, 0, NULL, '2026-04-11 20:52:00', '2026-04-11 20:52:00'),
	(427, NULL, 5, 9, NULL, 'P000427', 'P', 'mostrador', 'cobrado', '2026-04-11 18:29:00', NULL, '2026-04-11 19:08:00', 'Miguel Torres Aguilar', '957000009', NULL, NULL, 22.73, 0.00, 0.00, 2.27, 25.00, 25.00, 0.00, NULL, NULL, NULL, 0, NULL, '2026-04-11 23:29:00', '2026-04-11 23:29:00'),
	(428, NULL, 1, NULL, NULL, 'P000428', 'P', 'mostrador', 'cobrado', '2026-04-11 23:38:00', NULL, '2026-04-12 00:20:00', NULL, NULL, NULL, NULL, 87.64, 0.00, 0.00, 8.76, 96.40, 96.40, 0.00, NULL, NULL, NULL, 0, NULL, '2026-04-12 04:38:00', '2026-04-12 04:38:00'),
	(429, NULL, 6, 9, NULL, 'P000429', 'P', 'domicilio', 'cobrado', '2026-04-11 15:50:00', NULL, '2026-04-11 16:22:00', 'Miguel Torres Aguilar', '957000009', 'Calle Cruz Conde', NULL, 2.55, 0.00, 2.50, 0.25, 5.30, 5.30, 0.00, NULL, NULL, NULL, 0, NULL, '2026-04-11 20:50:00', '2026-04-11 20:50:00'),
	(430, NULL, 4, 10, 29, 'P000430', 'P', 'mesa', 'cobrado', '2026-04-11 20:40:00', NULL, '2026-04-11 21:11:00', 'Sara Jiménez Ramos', '925000010', NULL, NULL, 37.73, 0.00, 0.00, 3.77, 41.50, 41.50, 0.00, NULL, NULL, 4, 0, NULL, '2026-04-12 01:40:00', '2026-04-12 01:40:00'),
	(431, NULL, 1, NULL, NULL, 'P000431', 'P', 'mostrador', 'cobrado', '2026-04-11 21:33:00', NULL, '2026-04-11 22:04:00', NULL, NULL, NULL, NULL, 106.64, 0.00, 0.00, 10.66, 117.30, 117.30, 0.00, NULL, NULL, NULL, 0, NULL, '2026-04-12 02:33:00', '2026-04-12 02:33:00'),
	(432, NULL, 6, NULL, 2, 'P000432', 'P', 'mesa', 'cobrado', '2026-04-11 15:39:00', NULL, '2026-04-11 16:28:00', NULL, NULL, NULL, NULL, 51.45, 0.00, 0.00, 5.15, 56.60, 56.60, 0.00, NULL, NULL, 2, 0, NULL, '2026-04-11 20:39:00', '2026-04-11 20:39:00'),
	(433, NULL, 6, NULL, NULL, 'P000433', 'P', 'mostrador', 'cobrado', '2026-04-12 21:14:00', NULL, '2026-04-12 21:50:00', NULL, NULL, NULL, NULL, 53.82, 0.00, 0.00, 5.38, 59.20, 59.20, 0.00, NULL, NULL, NULL, 0, NULL, '2026-04-13 02:14:00', '2026-04-13 02:14:00'),
	(434, NULL, 3, NULL, NULL, 'P000434', 'P', 'mostrador', 'cobrado', '2026-04-12 20:50:00', NULL, '2026-04-12 21:46:00', NULL, NULL, NULL, NULL, 35.91, 0.00, 0.00, 3.59, 39.50, 39.50, 0.00, NULL, NULL, NULL, 0, NULL, '2026-04-13 01:50:00', '2026-04-13 01:50:00'),
	(435, NULL, 4, 4, NULL, 'P000435', 'P', 'domicilio', 'cobrado', '2026-04-12 13:36:00', NULL, '2026-04-12 14:14:00', 'Lucía Pérez Sanz', '923000004', 'Plaza Mayor', NULL, 64.27, 0.00, 2.50, 6.43, 73.20, 73.20, 0.00, NULL, NULL, NULL, 0, NULL, '2026-04-12 18:36:00', '2026-04-12 18:36:00'),
	(436, NULL, 1, 10, NULL, 'P000436', 'P', 'mostrador', 'cobrado', '2026-04-12 21:26:00', NULL, '2026-04-12 22:17:00', 'Sara Jiménez Ramos', '925000010', NULL, NULL, 47.73, 0.00, 0.00, 4.77, 52.50, 52.50, 0.00, NULL, NULL, NULL, 0, NULL, '2026-04-13 02:26:00', '2026-04-13 02:26:00'),
	(437, NULL, 6, 5, NULL, 'P000437', 'P', 'recogida', 'cobrado', '2026-04-12 16:10:00', NULL, '2026-04-12 16:39:00', 'Restaurante Pizza Express', '963000005', NULL, NULL, 133.64, 0.00, 0.00, 13.36, 147.00, 147.00, 0.00, NULL, NULL, NULL, 0, NULL, '2026-04-12 21:10:00', '2026-04-12 21:10:00'),
	(438, NULL, 4, NULL, NULL, 'P000438', 'P', 'mostrador', 'cobrado', '2026-04-12 13:54:00', NULL, '2026-04-12 14:50:00', NULL, NULL, NULL, NULL, 71.45, 0.00, 0.00, 7.15, 78.60, 78.60, 0.00, NULL, NULL, NULL, 0, NULL, '2026-04-12 18:54:00', '2026-04-12 18:54:00'),
	(439, NULL, 3, 9, NULL, 'P000439', 'P', 'domicilio', 'cobrado', '2026-04-12 13:31:00', NULL, '2026-04-12 13:53:00', 'Miguel Torres Aguilar', '957000009', 'Calle Cruz Conde', NULL, 107.82, 0.00, 2.50, 10.78, 121.10, 121.10, 0.00, NULL, NULL, NULL, 0, NULL, '2026-04-12 18:31:00', '2026-04-12 18:31:00'),
	(440, NULL, 1, NULL, NULL, 'P000440', 'P', 'recogida', 'anulado', '2026-04-12 13:10:00', NULL, NULL, NULL, NULL, NULL, NULL, 42.27, 0.00, 0.00, 4.23, 46.50, 0.00, 0.00, NULL, NULL, NULL, 0, NULL, '2026-04-12 18:10:00', '2026-04-12 18:10:00'),
	(441, NULL, 2, NULL, NULL, 'P000441', 'P', 'mostrador', 'cobrado', '2026-04-12 14:04:00', NULL, '2026-04-12 14:46:00', NULL, NULL, NULL, NULL, 41.27, 0.00, 0.00, 4.13, 45.40, 45.40, 0.00, NULL, NULL, NULL, 0, NULL, '2026-04-12 19:04:00', '2026-04-12 19:04:00'),
	(442, NULL, 1, 9, 1, 'P000442', 'P', 'mesa', 'cobrado', '2026-04-12 15:12:00', NULL, '2026-04-12 15:40:00', 'Miguel Torres Aguilar', '957000009', NULL, NULL, 29.73, 0.00, 0.00, 2.97, 32.70, 32.70, 0.00, NULL, NULL, 1, 0, NULL, '2026-04-12 20:12:00', '2026-04-12 20:12:00'),
	(443, NULL, 6, 11, NULL, 'P000443', 'P', 'domicilio', 'cobrado', '2026-04-12 14:49:00', NULL, '2026-04-12 15:33:00', 'Café Bar Central', '928000011', 'Calle Triana', NULL, 30.00, 0.00, 2.50, 3.00, 35.50, 35.50, 0.00, NULL, NULL, NULL, 0, NULL, '2026-04-12 19:49:00', '2026-04-12 19:49:00'),
	(444, NULL, 1, NULL, NULL, 'P000444', 'P', 'mostrador', 'cobrado', '2026-04-12 14:54:00', NULL, '2026-04-12 15:29:00', NULL, NULL, NULL, NULL, 107.55, 0.00, 0.00, 10.75, 118.30, 118.30, 0.00, NULL, NULL, NULL, 0, NULL, '2026-04-12 19:54:00', '2026-04-12 19:54:00'),
	(445, NULL, 4, 7, NULL, 'P000445', 'P', 'telefono', 'cobrado', '2026-04-12 21:23:00', NULL, '2026-04-12 21:46:00', 'David Rodríguez Núñez', '976000007', NULL, NULL, 85.00, 0.00, 0.00, 8.50, 93.50, 93.50, 0.00, NULL, NULL, NULL, 0, NULL, '2026-04-13 02:23:00', '2026-04-13 02:23:00'),
	(446, NULL, 6, 12, NULL, 'P000446', 'P', 'domicilio', 'cobrado', '2026-04-12 22:01:00', NULL, '2026-04-12 23:01:00', 'Roberto Domínguez Castro', '941000012', 'Calle Portales', NULL, 20.91, 0.00, 2.50, 2.09, 25.50, 25.50, 0.00, NULL, NULL, NULL, 0, NULL, '2026-04-13 03:01:00', '2026-04-13 03:01:00'),
	(447, NULL, 4, NULL, NULL, 'P000447', 'P', 'recogida', 'cobrado', '2026-04-12 13:17:00', NULL, '2026-04-12 13:50:00', NULL, NULL, NULL, NULL, 51.82, 0.00, 0.00, 5.18, 57.00, 57.00, 0.00, NULL, NULL, NULL, 0, NULL, '2026-04-12 18:17:00', '2026-04-12 18:17:00'),
	(448, NULL, 3, 10, NULL, 'P000448', 'P', 'mostrador', 'cobrado', '2026-04-12 20:26:00', NULL, '2026-04-12 20:54:00', 'Sara Jiménez Ramos', '925000010', NULL, NULL, 55.91, 0.00, 0.00, 5.59, 61.50, 61.50, 0.00, NULL, NULL, NULL, 0, NULL, '2026-04-13 01:26:00', '2026-04-13 01:26:00'),
	(449, NULL, 6, 1, 15, 'P000449', 'P', 'mesa', 'cobrado', '2026-04-12 18:13:00', NULL, '2026-04-12 18:51:00', 'Juan García López', '912345001', NULL, NULL, 10.18, 0.00, 0.00, 1.02, 11.20, 11.20, 0.00, NULL, NULL, 1, 0, NULL, '2026-04-12 23:13:00', '2026-04-12 23:13:00'),
	(450, NULL, 1, 9, NULL, 'P000450', 'P', 'mostrador', 'cobrado', '2026-04-12 15:26:00', NULL, '2026-04-12 16:25:00', 'Miguel Torres Aguilar', '957000009', NULL, NULL, 47.18, 0.00, 0.00, 4.72, 51.90, 51.90, 0.00, NULL, NULL, NULL, 0, NULL, '2026-04-12 20:26:00', '2026-04-12 20:26:00'),
	(451, NULL, 6, NULL, NULL, 'P000451', 'P', 'mostrador', 'cobrado', '2026-04-12 20:31:00', NULL, '2026-04-12 21:05:00', NULL, NULL, NULL, NULL, 59.09, 0.00, 0.00, 5.91, 65.00, 65.00, 0.00, NULL, NULL, NULL, 0, NULL, '2026-04-13 01:31:00', '2026-04-13 01:31:00'),
	(452, NULL, 4, 4, NULL, 'P000452', 'P', 'telefono', 'cobrado', '2026-04-12 14:28:00', NULL, '2026-04-12 14:56:00', 'Lucía Pérez Sanz', '923000004', NULL, NULL, 28.64, 0.00, 0.00, 2.86, 31.50, 31.50, 0.00, NULL, NULL, NULL, 0, NULL, '2026-04-12 19:28:00', '2026-04-12 19:28:00'),
	(453, NULL, 6, 2, NULL, 'P000453', 'P', 'domicilio', 'cobrado', '2026-04-12 18:34:00', NULL, '2026-04-12 18:54:00', 'María Fernández Ruiz', '932000002', 'Avenida Diagonal', NULL, 9.55, 0.00, 2.50, 0.95, 13.00, 13.00, 0.00, NULL, NULL, NULL, 0, NULL, '2026-04-12 23:34:00', '2026-04-12 23:34:00'),
	(454, NULL, 3, NULL, 17, 'P000454', 'P', 'mesa', 'cobrado', '2026-04-12 18:12:00', NULL, '2026-04-12 18:29:00', NULL, NULL, NULL, NULL, 8.18, 0.00, 0.00, 0.82, 9.00, 9.00, 0.00, NULL, NULL, 4, 0, NULL, '2026-04-12 23:12:00', '2026-04-12 23:12:00'),
	(455, NULL, 5, NULL, NULL, 'P000455', 'P', 'recogida', 'cobrado', '2026-04-13 23:44:00', NULL, '2026-04-14 00:35:00', NULL, NULL, NULL, NULL, 90.82, 0.00, 0.00, 9.08, 99.90, 99.90, 0.00, NULL, NULL, NULL, 0, NULL, '2026-04-14 04:44:00', '2026-04-14 04:44:00'),
	(456, NULL, 3, 5, NULL, 'P000456', 'P', 'mostrador', 'cobrado', '2026-04-13 19:32:00', NULL, '2026-04-13 19:57:00', 'Restaurante Pizza Express', '963000005', NULL, NULL, 140.18, 0.00, 0.00, 14.02, 154.20, 154.20, 0.00, NULL, NULL, NULL, 0, NULL, '2026-04-14 00:32:00', '2026-04-14 00:32:00'),
	(457, NULL, 1, NULL, NULL, 'P000457', 'P', 'recogida', 'cobrado', '2026-04-13 17:16:00', NULL, '2026-04-13 17:31:00', NULL, NULL, NULL, NULL, 76.64, 0.00, 0.00, 7.66, 84.30, 84.30, 0.00, NULL, NULL, NULL, 0, NULL, '2026-04-13 22:16:00', '2026-04-13 22:16:00'),
	(458, NULL, 1, NULL, NULL, 'P000458', 'P', 'mostrador', 'cobrado', '2026-04-13 17:43:00', NULL, '2026-04-13 18:18:00', NULL, NULL, NULL, NULL, 7.27, 0.00, 0.00, 0.73, 8.00, 8.00, 0.00, NULL, NULL, NULL, 0, NULL, '2026-04-13 22:43:00', '2026-04-13 22:43:00'),
	(459, NULL, 5, 10, NULL, 'P000459', 'P', 'domicilio', 'cobrado', '2026-04-13 19:14:00', NULL, '2026-04-13 19:35:00', 'Sara Jiménez Ramos', '925000010', 'Plaza de Zocodover', NULL, 4.09, 0.00, 2.50, 0.41, 7.00, 7.00, 0.00, NULL, NULL, NULL, 0, NULL, '2026-04-14 00:14:00', '2026-04-14 00:14:00'),
	(460, NULL, 2, 6, NULL, 'P000460', 'P', 'domicilio', 'cobrado', '2026-04-13 13:00:00', NULL, '2026-04-13 13:32:00', 'Andrea Sánchez Vega', '981000006', 'Rúa do Vilar', NULL, 31.09, 0.00, 2.50, 3.11, 36.70, 36.70, 0.00, NULL, NULL, NULL, 0, NULL, '2026-04-13 18:00:00', '2026-04-13 18:00:00'),
	(461, NULL, 6, 4, NULL, 'P000461', 'P', 'telefono', 'cobrado', '2026-04-13 19:32:00', NULL, '2026-04-13 19:51:00', 'Lucía Pérez Sanz', '923000004', NULL, NULL, 21.09, 0.00, 0.00, 2.11, 23.20, 23.20, 0.00, NULL, NULL, NULL, 0, NULL, '2026-04-14 00:32:00', '2026-04-14 00:32:00'),
	(462, NULL, 5, NULL, 11, 'P000462', 'P', 'mesa', 'cobrado', '2026-04-13 14:46:00', NULL, '2026-04-13 15:35:00', NULL, NULL, NULL, NULL, 65.82, 0.00, 0.00, 6.58, 72.40, 72.40, 0.00, NULL, NULL, 3, 0, NULL, '2026-04-13 19:46:00', '2026-04-13 19:46:00'),
	(463, NULL, 6, NULL, 3, 'P000463', 'P', 'mesa', 'cobrado', '2026-04-13 15:45:00', NULL, '2026-04-13 16:11:00', NULL, NULL, NULL, NULL, 75.27, 0.00, 0.00, 7.53, 82.80, 82.80, 0.00, NULL, NULL, 2, 0, NULL, '2026-04-13 20:45:00', '2026-04-13 20:45:00'),
	(464, NULL, 2, NULL, 25, 'P000464', 'P', 'mesa', 'cobrado', '2026-04-13 21:15:00', NULL, '2026-04-13 21:37:00', NULL, NULL, NULL, NULL, 34.55, 0.00, 0.00, 3.45, 38.00, 38.00, 0.00, NULL, NULL, 3, 0, NULL, '2026-04-14 02:15:00', '2026-04-14 02:15:00'),
	(465, NULL, 4, NULL, NULL, 'P000465', 'P', 'recogida', 'anulado', '2026-04-13 16:54:00', NULL, NULL, NULL, NULL, NULL, NULL, 51.09, 0.00, 0.00, 5.11, 56.20, 0.00, 0.00, NULL, NULL, NULL, 0, NULL, '2026-04-13 21:54:00', '2026-04-13 21:54:00'),
	(466, NULL, 6, 6, NULL, 'P000466', 'P', 'mostrador', 'cobrado', '2026-04-13 22:49:00', NULL, '2026-04-13 23:37:00', 'Andrea Sánchez Vega', '981000006', NULL, NULL, 47.18, 0.00, 0.00, 4.72, 51.90, 51.90, 0.00, NULL, NULL, NULL, 0, NULL, '2026-04-14 03:49:00', '2026-04-14 03:49:00'),
	(467, NULL, 2, NULL, NULL, 'P000467', 'P', 'mostrador', 'cobrado', '2026-04-13 15:07:00', NULL, '2026-04-13 15:48:00', NULL, NULL, NULL, NULL, 20.00, 0.00, 0.00, 2.00, 22.00, 22.00, 0.00, NULL, NULL, NULL, 0, NULL, '2026-04-13 20:07:00', '2026-04-13 20:07:00'),
	(468, NULL, 4, 6, NULL, 'P000468', 'P', 'domicilio', 'cobrado', '2026-04-14 22:29:00', NULL, '2026-04-14 22:56:00', 'Andrea Sánchez Vega', '981000006', 'Rúa do Vilar', NULL, 43.55, 0.00, 2.50, 4.35, 50.40, 50.40, 0.00, NULL, NULL, NULL, 0, NULL, '2026-04-15 03:29:00', '2026-04-15 03:29:00'),
	(469, NULL, 1, 9, NULL, 'P000469', 'P', 'telefono', 'cobrado', '2026-04-14 13:03:00', NULL, '2026-04-14 13:48:00', 'Miguel Torres Aguilar', '957000009', NULL, NULL, 142.45, 0.00, 0.00, 14.25, 156.70, 156.70, 0.00, NULL, NULL, NULL, 0, NULL, '2026-04-14 18:03:00', '2026-04-14 18:03:00'),
	(470, NULL, 1, 8, NULL, 'P000470', 'P', 'telefono', 'cobrado', '2026-04-14 13:50:00', NULL, '2026-04-14 14:33:00', 'Patricia González Pardo', '948000008', NULL, NULL, 102.27, 3.00, 0.00, 10.23, 109.50, 109.50, 0.00, NULL, NULL, NULL, 0, NULL, '2026-04-14 18:50:00', '2026-04-14 18:50:00'),
	(471, NULL, 5, 5, NULL, 'P000471', 'P', 'domicilio', 'cobrado', '2026-04-14 12:29:00', NULL, '2026-04-14 12:59:00', 'Restaurante Pizza Express', '963000005', 'Avenida Principal', NULL, 67.45, 0.00, 2.50, 6.75, 76.70, 76.70, 0.00, NULL, NULL, NULL, 0, NULL, '2026-04-14 17:29:00', '2026-04-14 17:29:00'),
	(472, NULL, 5, NULL, 28, 'P000472', 'P', 'mesa', 'cobrado', '2026-04-14 15:19:00', NULL, '2026-04-14 15:53:00', NULL, NULL, NULL, NULL, 8.18, 0.00, 0.00, 0.82, 9.00, 9.00, 0.00, NULL, NULL, 4, 0, NULL, '2026-04-14 20:19:00', '2026-04-14 20:19:00'),
	(473, NULL, 6, NULL, NULL, 'P000473', 'P', 'mostrador', 'cobrado', '2026-04-14 13:37:00', NULL, '2026-04-14 14:28:00', NULL, NULL, NULL, NULL, 58.18, 0.00, 0.00, 5.82, 64.00, 64.00, 0.00, NULL, NULL, NULL, 0, NULL, '2026-04-14 18:37:00', '2026-04-14 18:37:00'),
	(474, NULL, 1, NULL, NULL, 'P000474', 'P', 'mostrador', 'cobrado', '2026-04-14 13:19:00', NULL, '2026-04-14 13:45:00', NULL, NULL, NULL, NULL, 4.00, 0.00, 0.00, 0.40, 4.40, 4.40, 0.00, NULL, NULL, NULL, 0, NULL, '2026-04-14 18:19:00', '2026-04-14 18:19:00'),
	(475, NULL, 1, NULL, NULL, 'P000475', 'P', 'mostrador', 'cobrado', '2026-04-14 14:12:00', NULL, '2026-04-14 14:40:00', NULL, NULL, NULL, NULL, 21.82, 0.00, 0.00, 2.18, 24.00, 24.00, 0.00, NULL, NULL, NULL, 0, NULL, '2026-04-14 19:12:00', '2026-04-14 19:12:00'),
	(476, NULL, 2, NULL, 29, 'P000476', 'P', 'mesa', 'cobrado', '2026-04-14 13:42:00', NULL, '2026-04-14 14:23:00', NULL, NULL, NULL, NULL, 2.00, 0.00, 0.00, 0.20, 2.20, 2.20, 0.00, NULL, NULL, 2, 0, NULL, '2026-04-14 18:42:00', '2026-04-14 18:42:00'),
	(477, NULL, 1, NULL, 15, 'P000477', 'P', 'mesa', 'cobrado', '2026-04-14 12:49:00', NULL, '2026-04-14 13:14:00', NULL, NULL, NULL, NULL, 140.18, 1.82, 0.00, 14.02, 152.38, 152.38, 0.00, NULL, NULL, 2, 0, NULL, '2026-04-14 17:49:00', '2026-04-14 17:49:00'),
	(478, NULL, 6, 7, NULL, 'P000478', 'P', 'domicilio', 'cobrado', '2026-04-14 12:40:00', NULL, '2026-04-14 13:19:00', 'David Rodríguez Núñez', '976000007', 'Paseo Independencia', NULL, 16.36, 0.00, 2.50, 1.64, 20.50, 20.50, 0.00, NULL, NULL, NULL, 0, NULL, '2026-04-14 17:40:00', '2026-04-14 17:40:00'),
	(479, NULL, 3, 6, NULL, 'P000479', 'P', 'domicilio', 'cobrado', '2026-04-14 21:25:00', NULL, '2026-04-14 22:19:00', 'Andrea Sánchez Vega', '981000006', 'Rúa do Vilar', NULL, 41.82, 0.00, 2.50, 4.18, 48.50, 48.50, 0.00, NULL, NULL, NULL, 0, NULL, '2026-04-15 02:25:00', '2026-04-15 02:25:00'),
	(480, NULL, 1, 2, NULL, 'P000480', 'P', 'mostrador', 'cobrado', '2026-04-14 18:20:00', NULL, '2026-04-14 19:02:00', 'María Fernández Ruiz', '932000002', NULL, NULL, 1.36, 0.00, 0.00, 0.14, 1.50, 1.50, 0.00, NULL, NULL, NULL, 0, NULL, '2026-04-14 23:20:00', '2026-04-14 23:20:00'),
	(481, NULL, 6, NULL, NULL, 'P000481', 'P', 'mostrador', 'cobrado', '2026-04-14 13:29:00', NULL, '2026-04-14 14:01:00', NULL, NULL, NULL, NULL, 10.00, 0.00, 0.00, 1.00, 11.00, 11.00, 0.00, NULL, NULL, NULL, 0, NULL, '2026-04-14 18:29:00', '2026-04-14 18:29:00'),
	(482, NULL, 1, NULL, NULL, 'P000482', 'P', 'mostrador', 'cobrado', '2026-04-14 16:36:00', NULL, '2026-04-14 17:08:00', NULL, NULL, NULL, NULL, 59.00, 0.00, 0.00, 5.90, 64.90, 64.90, 0.00, NULL, NULL, NULL, 0, NULL, '2026-04-14 21:36:00', '2026-04-14 21:36:00'),
	(483, NULL, 4, 12, NULL, 'P000483', 'P', 'mostrador', 'cobrado', '2026-04-15 18:01:00', NULL, '2026-04-15 18:38:00', 'Roberto Domínguez Castro', '941000012', NULL, NULL, 6.36, 0.00, 0.00, 0.64, 7.00, 7.00, 0.00, NULL, NULL, NULL, 0, NULL, '2026-04-15 23:01:00', '2026-04-15 23:01:00'),
	(484, NULL, 6, 9, NULL, 'P000484', 'P', 'mostrador', 'cobrado', '2026-04-15 21:14:00', NULL, '2026-04-15 22:10:00', 'Miguel Torres Aguilar', '957000009', NULL, NULL, 69.73, 0.00, 0.00, 6.97, 76.70, 76.70, 0.00, NULL, NULL, NULL, 0, NULL, '2026-04-16 02:14:00', '2026-04-16 02:14:00'),
	(485, NULL, 5, NULL, NULL, 'P000485', 'P', 'mostrador', 'cobrado', '2026-04-15 22:02:00', NULL, '2026-04-15 22:52:00', NULL, NULL, NULL, NULL, 6.82, 0.00, 0.00, 0.68, 7.50, 7.50, 0.00, NULL, NULL, NULL, 0, NULL, '2026-04-16 03:02:00', '2026-04-16 03:02:00'),
	(486, NULL, 4, NULL, NULL, 'P000486', 'P', 'mostrador', 'cobrado', '2026-04-15 13:20:00', NULL, '2026-04-15 14:07:00', NULL, NULL, NULL, NULL, 96.82, 0.00, 0.00, 9.68, 106.50, 106.50, 0.00, NULL, NULL, NULL, 0, NULL, '2026-04-15 18:20:00', '2026-04-15 18:20:00'),
	(487, NULL, 1, 3, NULL, 'P000487', 'P', 'domicilio', 'cobrado', '2026-04-15 16:35:00', NULL, '2026-04-15 17:24:00', 'Carlos Martínez Soto', '954000003', 'Calle Sierpes', NULL, 4.55, 0.00, 2.50, 0.45, 7.50, 7.50, 0.00, NULL, NULL, NULL, 0, NULL, '2026-04-15 21:35:00', '2026-04-15 21:35:00'),
	(488, NULL, 5, 4, 31, 'P000488', 'P', 'mesa', 'cobrado', '2026-04-15 13:33:00', NULL, '2026-04-15 14:02:00', 'Lucía Pérez Sanz', '923000004', NULL, NULL, 50.82, 0.00, 0.00, 5.08, 55.90, 55.90, 0.00, NULL, NULL, 2, 0, NULL, '2026-04-15 18:33:00', '2026-04-15 18:33:00'),
	(489, NULL, 2, NULL, NULL, 'P000489', 'P', 'recogida', 'cobrado', '2026-04-15 21:16:00', NULL, '2026-04-15 21:47:00', NULL, NULL, NULL, NULL, 18.27, 0.00, 0.00, 1.83, 20.10, 20.10, 0.00, NULL, NULL, NULL, 0, NULL, '2026-04-16 02:16:00', '2026-04-16 02:16:00'),
	(490, NULL, 6, 2, NULL, 'P000490', 'P', 'mostrador', 'cobrado', '2026-04-15 22:07:00', NULL, '2026-04-15 22:51:00', 'María Fernández Ruiz', '932000002', NULL, NULL, 15.45, 1.26, 0.00, 1.55, 15.74, 15.74, 0.00, NULL, NULL, NULL, 0, NULL, '2026-04-16 03:07:00', '2026-04-16 03:07:00'),
	(491, NULL, 5, 11, NULL, 'P000491', 'P', 'domicilio', 'cobrado', '2026-04-15 18:41:00', NULL, '2026-04-15 19:21:00', 'Café Bar Central', '928000011', 'Calle Triana', NULL, 10.45, 1.24, 2.50, 1.05, 12.76, 12.76, 0.00, NULL, NULL, NULL, 0, NULL, '2026-04-15 23:41:00', '2026-04-15 23:41:00'),
	(492, NULL, 4, NULL, NULL, 'P000492', 'P', 'recogida', 'cobrado', '2026-04-15 20:49:00', NULL, '2026-04-15 21:38:00', NULL, NULL, NULL, NULL, 5.09, 0.00, 0.00, 0.51, 5.60, 5.60, 0.00, NULL, NULL, NULL, 0, NULL, '2026-04-16 01:49:00', '2026-04-16 01:49:00'),
	(493, NULL, 3, NULL, NULL, 'P000493', 'P', 'mostrador', 'cobrado', '2026-04-15 14:33:00', NULL, '2026-04-15 15:20:00', NULL, NULL, NULL, NULL, 16.36, 0.00, 0.00, 1.64, 18.00, 18.00, 0.00, NULL, NULL, NULL, 0, NULL, '2026-04-15 19:33:00', '2026-04-15 19:33:00'),
	(494, NULL, 5, NULL, NULL, 'P000494', 'P', 'mostrador', 'cobrado', '2026-04-15 22:27:00', NULL, '2026-04-15 22:55:00', NULL, NULL, NULL, NULL, 27.73, 0.00, 0.00, 2.77, 30.50, 30.50, 0.00, NULL, NULL, NULL, 0, NULL, '2026-04-16 03:27:00', '2026-04-16 03:27:00'),
	(495, NULL, 2, 6, NULL, 'P000495', 'P', 'domicilio', 'cobrado', '2026-04-15 17:24:00', NULL, '2026-04-15 18:01:00', 'Andrea Sánchez Vega', '981000006', 'Rúa do Vilar', NULL, 54.09, 0.00, 2.50, 5.41, 62.00, 62.00, 0.00, NULL, NULL, NULL, 0, NULL, '2026-04-15 22:24:00', '2026-04-15 22:24:00'),
	(496, NULL, 4, NULL, 16, 'P000496', 'P', 'mesa', 'cobrado', '2026-04-15 20:10:00', NULL, '2026-04-15 20:34:00', NULL, NULL, NULL, NULL, 3.64, 0.00, 0.00, 0.36, 4.00, 4.00, 0.00, NULL, NULL, 1, 0, NULL, '2026-04-16 01:10:00', '2026-04-16 01:10:00'),
	(497, NULL, 5, 9, NULL, 'P000497', 'P', 'domicilio', 'cobrado', '2026-04-15 15:13:00', NULL, '2026-04-15 15:44:00', 'Miguel Torres Aguilar', '957000009', 'Calle Cruz Conde', NULL, 75.45, 2.54, 2.50, 7.55, 82.96, 82.96, 0.00, NULL, NULL, NULL, 0, NULL, '2026-04-15 20:13:00', '2026-04-15 20:13:00'),
	(498, NULL, 1, NULL, 17, 'P000498', 'P', 'mesa', 'cobrado', '2026-04-16 23:38:00', NULL, '2026-04-16 23:59:00', NULL, NULL, NULL, NULL, 116.45, 0.00, 0.00, 11.65, 128.10, 128.10, 0.00, NULL, NULL, 2, 0, NULL, '2026-04-17 04:38:00', '2026-04-17 04:38:00'),
	(499, NULL, 1, 10, NULL, 'P000499', 'P', 'telefono', 'cobrado', '2026-04-16 22:03:00', NULL, '2026-04-16 22:32:00', 'Sara Jiménez Ramos', '925000010', NULL, NULL, 28.64, 2.27, 0.00, 2.86, 29.23, 29.23, 0.00, NULL, NULL, NULL, 0, NULL, '2026-04-17 03:03:00', '2026-04-17 03:03:00'),
	(500, NULL, 2, 8, 20, 'P000500', 'P', 'mesa', 'cobrado', '2026-04-16 14:20:00', NULL, '2026-04-16 15:00:00', 'Patricia González Pardo', '948000008', NULL, NULL, 23.18, 0.00, 0.00, 2.32, 25.50, 25.50, 0.00, NULL, NULL, 2, 0, NULL, '2026-04-16 19:20:00', '2026-04-16 19:20:00'),
	(501, NULL, 1, NULL, NULL, 'P000501', 'P', 'recogida', 'cobrado', '2026-04-16 15:07:00', NULL, '2026-04-16 15:51:00', NULL, NULL, NULL, NULL, 43.64, 0.00, 0.00, 4.36, 48.00, 48.00, 0.00, NULL, NULL, NULL, 0, NULL, '2026-04-16 20:07:00', '2026-04-16 20:07:00'),
	(502, NULL, 6, NULL, 24, 'P000502', 'P', 'mesa', 'cobrado', '2026-04-16 18:35:00', NULL, '2026-04-16 19:20:00', NULL, NULL, NULL, NULL, 119.09, 0.00, 0.00, 11.91, 131.00, 131.00, 0.00, NULL, NULL, 4, 0, NULL, '2026-04-16 23:35:00', '2026-04-16 23:35:00'),
	(503, NULL, 1, NULL, 19, 'P000503', 'P', 'mesa', 'cobrado', '2026-04-16 23:43:00', NULL, '2026-04-17 00:36:00', NULL, NULL, NULL, NULL, 83.09, 0.00, 0.00, 8.31, 91.40, 91.40, 0.00, NULL, NULL, 3, 0, NULL, '2026-04-17 04:43:00', '2026-04-17 04:43:00'),
	(504, NULL, 1, 4, 9, 'P000504', 'P', 'mesa', 'cobrado', '2026-04-16 15:03:00', NULL, '2026-04-16 15:36:00', 'Lucía Pérez Sanz', '923000004', NULL, NULL, 26.36, 0.00, 0.00, 2.64, 29.00, 29.00, 0.00, NULL, NULL, 3, 0, NULL, '2026-04-16 20:03:00', '2026-04-16 20:03:00'),
	(505, NULL, 3, 9, NULL, 'P000505', 'P', 'domicilio', 'cobrado', '2026-04-16 15:32:00', NULL, '2026-04-16 15:49:00', 'Miguel Torres Aguilar', '957000009', 'Calle Cruz Conde', NULL, 4.09, 0.00, 2.50, 0.41, 7.00, 7.00, 0.00, NULL, NULL, NULL, 0, NULL, '2026-04-16 20:32:00', '2026-04-16 20:32:00'),
	(506, NULL, 6, NULL, NULL, 'P000506', 'P', 'mostrador', 'cobrado', '2026-04-16 20:17:00', NULL, '2026-04-16 21:08:00', NULL, NULL, NULL, NULL, 36.36, 0.00, 0.00, 3.64, 40.00, 40.00, 0.00, NULL, NULL, NULL, 0, NULL, '2026-04-17 01:17:00', '2026-04-17 01:17:00'),
	(507, NULL, 2, NULL, 25, 'P000507', 'P', 'mesa', 'cobrado', '2026-04-16 20:16:00', NULL, '2026-04-16 20:38:00', NULL, NULL, NULL, NULL, 57.73, 0.00, 0.00, 5.77, 63.50, 63.50, 0.00, NULL, NULL, 1, 0, NULL, '2026-04-17 01:16:00', '2026-04-17 01:16:00'),
	(508, NULL, 3, 1, 8, 'P000508', 'P', 'mesa', 'anulado', '2026-04-16 21:32:00', NULL, NULL, 'Juan García López', '912345001', NULL, NULL, 81.55, 0.00, 0.00, 8.15, 89.70, 0.00, 0.00, NULL, NULL, 1, 0, NULL, '2026-04-17 02:32:00', '2026-04-17 02:32:00'),
	(509, NULL, 3, 10, 15, 'P000509', 'P', 'mesa', 'cobrado', '2026-04-16 21:44:00', NULL, '2026-04-16 22:36:00', 'Sara Jiménez Ramos', '925000010', NULL, NULL, 54.18, 0.00, 0.00, 5.42, 59.60, 59.60, 0.00, NULL, NULL, 2, 0, NULL, '2026-04-17 02:44:00', '2026-04-17 02:44:00'),
	(510, NULL, 5, 5, NULL, 'P000510', 'P', 'recogida', 'cobrado', '2026-04-16 22:50:00', NULL, '2026-04-16 23:39:00', 'Restaurante Pizza Express', '963000005', NULL, NULL, 23.18, 0.00, 0.00, 2.32, 25.50, 25.50, 0.00, NULL, NULL, NULL, 0, NULL, '2026-04-17 03:50:00', '2026-04-17 03:50:00'),
	(511, NULL, 1, NULL, 12, 'P000511', 'P', 'mesa', 'cobrado', '2026-04-17 19:49:00', NULL, '2026-04-17 20:48:00', NULL, NULL, NULL, NULL, 64.36, 0.00, 0.00, 6.44, 70.80, 70.80, 0.00, NULL, NULL, 4, 0, NULL, '2026-04-18 00:49:00', '2026-04-18 00:49:00'),
	(512, NULL, 5, NULL, NULL, 'P000512', 'P', 'mostrador', 'cobrado', '2026-04-17 16:43:00', NULL, '2026-04-17 17:21:00', NULL, NULL, NULL, NULL, 47.09, 0.00, 0.00, 4.71, 51.80, 51.80, 0.00, NULL, NULL, NULL, 0, NULL, '2026-04-17 21:43:00', '2026-04-17 21:43:00'),
	(513, NULL, 1, 8, NULL, 'P000513', 'P', 'mostrador', 'cobrado', '2026-04-17 18:13:00', NULL, '2026-04-17 19:09:00', 'Patricia González Pardo', '948000008', NULL, NULL, 20.27, 0.00, 0.00, 2.03, 22.30, 22.30, 0.00, NULL, NULL, NULL, 0, NULL, '2026-04-17 23:13:00', '2026-04-17 23:13:00'),
	(514, NULL, 4, NULL, NULL, 'P000514', 'P', 'mostrador', 'cobrado', '2026-04-17 18:27:00', NULL, '2026-04-17 18:48:00', NULL, NULL, NULL, NULL, 89.73, 0.00, 0.00, 8.97, 98.70, 98.70, 0.00, NULL, NULL, NULL, 0, NULL, '2026-04-17 23:27:00', '2026-04-17 23:27:00'),
	(515, NULL, 5, NULL, NULL, 'P000515', 'P', 'mostrador', 'cobrado', '2026-04-17 21:58:00', NULL, '2026-04-17 22:56:00', NULL, NULL, NULL, NULL, 4.09, 0.00, 0.00, 0.41, 4.50, 4.50, 0.00, NULL, NULL, NULL, 0, NULL, '2026-04-18 02:58:00', '2026-04-18 02:58:00'),
	(516, NULL, 4, 6, NULL, 'P000516', 'P', 'mostrador', 'cobrado', '2026-04-17 19:46:00', NULL, '2026-04-17 20:40:00', 'Andrea Sánchez Vega', '981000006', NULL, NULL, 21.36, 0.00, 0.00, 2.14, 23.50, 23.50, 0.00, NULL, NULL, NULL, 0, NULL, '2026-04-18 00:46:00', '2026-04-18 00:46:00'),
	(517, NULL, 1, 7, NULL, 'P000517', 'P', 'mostrador', 'cobrado', '2026-04-17 13:52:00', NULL, '2026-04-17 14:36:00', 'David Rodríguez Núñez', '976000007', NULL, NULL, 28.64, 0.00, 0.00, 2.86, 31.50, 31.50, 0.00, NULL, NULL, NULL, 0, NULL, '2026-04-17 18:52:00', '2026-04-17 18:52:00'),
	(518, NULL, 2, NULL, NULL, 'P000518', 'P', 'mostrador', 'cobrado', '2026-04-17 15:30:00', NULL, '2026-04-17 15:45:00', NULL, NULL, NULL, NULL, 77.73, 0.00, 0.00, 7.77, 85.50, 85.50, 0.00, NULL, NULL, NULL, 0, NULL, '2026-04-17 20:30:00', '2026-04-17 20:30:00'),
	(519, NULL, 4, 2, NULL, 'P000519', 'P', 'mostrador', 'cobrado', '2026-04-17 20:35:00', NULL, '2026-04-17 20:56:00', 'María Fernández Ruiz', '932000002', NULL, NULL, 7.82, 0.00, 0.00, 0.78, 8.60, 8.60, 0.00, NULL, NULL, NULL, 0, NULL, '2026-04-18 01:35:00', '2026-04-18 01:35:00'),
	(520, NULL, 1, 3, NULL, 'P000520', 'P', 'domicilio', 'cobrado', '2026-04-17 12:19:00', NULL, '2026-04-17 12:52:00', 'Carlos Martínez Soto', '954000003', 'Calle Sierpes', NULL, 62.73, 0.00, 2.50, 6.27, 71.50, 71.50, 0.00, NULL, NULL, NULL, 0, NULL, '2026-04-17 17:19:00', '2026-04-17 17:19:00'),
	(521, NULL, 6, NULL, NULL, 'P000521', 'P', 'mostrador', 'cobrado', '2026-04-17 20:37:00', NULL, '2026-04-17 21:29:00', NULL, NULL, NULL, NULL, 34.64, 0.00, 0.00, 3.46, 38.10, 38.10, 0.00, NULL, NULL, NULL, 0, NULL, '2026-04-18 01:37:00', '2026-04-18 01:37:00'),
	(522, NULL, 2, NULL, NULL, 'P000522', 'P', 'mostrador', 'cobrado', '2026-04-17 19:26:00', NULL, '2026-04-17 20:01:00', NULL, NULL, NULL, NULL, 66.36, 0.00, 0.00, 6.64, 73.00, 73.00, 0.00, NULL, NULL, NULL, 0, NULL, '2026-04-18 00:26:00', '2026-04-18 00:26:00'),
	(523, NULL, 3, NULL, NULL, 'P000523', 'P', 'recogida', 'cobrado', '2026-04-17 14:45:00', NULL, '2026-04-17 15:24:00', NULL, NULL, NULL, NULL, 70.73, 0.00, 0.00, 7.07, 77.80, 77.80, 0.00, NULL, NULL, NULL, 0, NULL, '2026-04-17 19:45:00', '2026-04-17 19:45:00'),
	(524, NULL, 1, 1, NULL, 'P000524', 'P', 'domicilio', 'cobrado', '2026-04-17 23:14:00', NULL, '2026-04-17 23:48:00', 'Juan García López', '912345001', 'Calle Goya', NULL, 41.82, 0.00, 2.50, 4.18, 48.50, 48.50, 0.00, NULL, NULL, NULL, 0, NULL, '2026-04-18 04:14:00', '2026-04-18 04:14:00'),
	(525, NULL, 5, 6, 18, 'P000525', 'P', 'mesa', 'cobrado', '2026-04-18 17:03:00', NULL, '2026-04-18 17:50:00', 'Andrea Sánchez Vega', '981000006', NULL, NULL, 12.27, 0.00, 0.00, 1.23, 13.50, 13.50, 0.00, NULL, NULL, 4, 0, NULL, '2026-04-18 22:03:00', '2026-04-18 22:03:00'),
	(526, NULL, 1, 2, NULL, 'P000526', 'P', 'telefono', 'cobrado', '2026-04-18 16:05:00', NULL, '2026-04-18 17:03:00', 'María Fernández Ruiz', '932000002', NULL, NULL, 73.00, 0.00, 0.00, 7.30, 80.30, 80.30, 0.00, NULL, NULL, NULL, 0, NULL, '2026-04-18 21:05:00', '2026-04-18 21:05:00'),
	(527, NULL, 1, NULL, 20, 'P000527', 'P', 'mesa', 'cobrado', '2026-04-18 20:01:00', NULL, '2026-04-18 20:19:00', NULL, NULL, NULL, NULL, 1.36, 0.00, 0.00, 0.14, 1.50, 1.50, 0.00, NULL, NULL, 4, 0, NULL, '2026-04-19 01:01:00', '2026-04-19 01:01:00'),
	(528, NULL, 2, NULL, NULL, 'P000528', 'P', 'mostrador', 'cobrado', '2026-04-18 14:40:00', NULL, '2026-04-18 15:06:00', NULL, NULL, NULL, NULL, 35.55, 0.00, 0.00, 3.55, 39.10, 39.10, 0.00, NULL, NULL, NULL, 0, NULL, '2026-04-18 19:40:00', '2026-04-18 19:40:00'),
	(529, NULL, 6, NULL, NULL, 'P000529', 'P', 'recogida', 'cobrado', '2026-04-18 20:16:00', NULL, '2026-04-18 20:59:00', NULL, NULL, NULL, NULL, 70.27, 0.00, 0.00, 7.03, 77.30, 77.30, 0.00, NULL, NULL, NULL, 0, NULL, '2026-04-19 01:16:00', '2026-04-19 01:16:00'),
	(530, NULL, 5, 10, NULL, 'P000530', 'P', 'domicilio', 'cobrado', '2026-04-18 16:00:00', NULL, '2026-04-18 16:16:00', 'Sara Jiménez Ramos', '925000010', 'Plaza de Zocodover', NULL, 97.91, 0.00, 2.50, 9.79, 110.20, 110.20, 0.00, NULL, NULL, NULL, 0, NULL, '2026-04-18 21:00:00', '2026-04-18 21:00:00'),
	(531, NULL, 3, NULL, 18, 'P000531', 'P', 'mesa', 'cobrado', '2026-04-18 13:38:00', NULL, '2026-04-18 14:23:00', NULL, NULL, NULL, NULL, 43.45, 0.00, 0.00, 4.35, 47.80, 47.80, 0.00, NULL, NULL, 4, 0, NULL, '2026-04-18 18:38:00', '2026-04-18 18:38:00'),
	(532, NULL, 2, NULL, 7, 'P000532', 'P', 'mesa', 'cobrado', '2026-04-18 22:28:00', NULL, '2026-04-18 22:47:00', NULL, NULL, NULL, NULL, 53.55, 0.00, 0.00, 5.35, 58.90, 58.90, 0.00, NULL, NULL, 1, 0, NULL, '2026-04-19 03:28:00', '2026-04-19 03:28:00'),
	(533, NULL, 1, 7, NULL, 'P000533', 'P', 'telefono', 'cobrado', '2026-04-18 23:59:00', NULL, '2026-04-19 00:32:00', 'David Rodríguez Núñez', '976000007', NULL, NULL, 36.82, 0.00, 0.00, 3.68, 40.50, 40.50, 0.00, NULL, NULL, NULL, 0, NULL, '2026-04-19 04:59:00', '2026-04-19 04:59:00'),
	(534, NULL, 6, 5, NULL, 'P000534', 'P', 'mostrador', 'cobrado', '2026-04-18 20:23:00', NULL, '2026-04-18 21:01:00', 'Restaurante Pizza Express', '963000005', NULL, NULL, 29.55, 0.00, 0.00, 2.95, 32.50, 32.50, 0.00, NULL, NULL, NULL, 0, NULL, '2026-04-19 01:23:00', '2026-04-19 01:23:00'),
	(535, NULL, 5, NULL, NULL, 'P000535', 'P', 'mostrador', 'cobrado', '2026-04-18 22:31:00', NULL, '2026-04-18 23:06:00', NULL, NULL, NULL, NULL, 55.45, 0.00, 0.00, 5.55, 61.00, 61.00, 0.00, NULL, NULL, NULL, 0, NULL, '2026-04-19 03:31:00', '2026-04-19 03:31:00'),
	(536, NULL, 3, NULL, NULL, 'P000536', 'P', 'mostrador', 'cobrado', '2026-04-18 17:41:00', NULL, '2026-04-18 18:28:00', NULL, NULL, NULL, NULL, 7.64, 0.00, 0.00, 0.76, 8.40, 8.40, 0.00, NULL, NULL, NULL, 0, NULL, '2026-04-18 22:41:00', '2026-04-18 22:41:00'),
	(537, NULL, 1, 2, NULL, 'P000537', 'P', 'mostrador', 'cobrado', '2026-04-18 17:44:00', NULL, '2026-04-18 18:33:00', 'María Fernández Ruiz', '932000002', NULL, NULL, 33.18, 0.00, 0.00, 3.32, 36.50, 36.50, 0.00, NULL, NULL, NULL, 0, NULL, '2026-04-18 22:44:00', '2026-04-18 22:44:00'),
	(538, NULL, 5, 7, NULL, 'P000538', 'P', 'mostrador', 'cobrado', '2026-04-18 15:16:00', NULL, '2026-04-18 16:01:00', 'David Rodríguez Núñez', '976000007', NULL, NULL, 33.36, 0.00, 0.00, 3.34, 36.70, 36.70, 0.00, NULL, NULL, NULL, 0, NULL, '2026-04-18 20:16:00', '2026-04-18 20:16:00'),
	(539, NULL, 5, NULL, NULL, 'P000539', 'P', 'mostrador', 'cobrado', '2026-04-18 22:16:00', NULL, '2026-04-18 22:33:00', NULL, NULL, NULL, NULL, 55.73, 0.00, 0.00, 5.57, 61.30, 61.30, 0.00, NULL, NULL, NULL, 0, NULL, '2026-04-19 03:16:00', '2026-04-19 03:16:00'),
	(540, NULL, 2, NULL, NULL, 'P000540', 'P', 'mostrador', 'cobrado', '2026-04-18 15:51:00', NULL, '2026-04-18 16:43:00', NULL, NULL, NULL, NULL, 25.00, 0.00, 0.00, 2.50, 27.50, 27.50, 0.00, NULL, NULL, NULL, 0, NULL, '2026-04-18 20:51:00', '2026-04-18 20:51:00'),
	(541, NULL, 1, NULL, 24, 'P000541', 'P', 'mesa', 'cobrado', '2026-04-18 13:33:00', NULL, '2026-04-18 14:30:00', NULL, NULL, NULL, NULL, 25.45, 0.00, 0.00, 2.55, 28.00, 28.00, 0.00, NULL, NULL, 2, 0, NULL, '2026-04-18 18:33:00', '2026-04-18 18:33:00'),
	(542, NULL, 3, 4, NULL, 'P000542', 'P', 'mostrador', 'cobrado', '2026-04-18 16:40:00', NULL, '2026-04-18 17:40:00', 'Lucía Pérez Sanz', '923000004', NULL, NULL, 30.64, 0.00, 0.00, 3.06, 33.70, 33.70, 0.00, NULL, NULL, NULL, 0, NULL, '2026-04-18 21:40:00', '2026-04-18 21:40:00'),
	(543, NULL, 3, NULL, NULL, 'P000543', 'P', 'mostrador', 'cobrado', '2026-04-18 20:34:00', NULL, '2026-04-18 21:19:00', NULL, NULL, NULL, NULL, 66.18, 0.00, 0.00, 6.62, 72.80, 72.80, 0.00, NULL, NULL, NULL, 0, NULL, '2026-04-19 01:34:00', '2026-04-19 01:34:00'),
	(544, NULL, 6, 6, NULL, 'P000544', 'P', 'domicilio', 'cobrado', '2026-04-19 13:02:00', NULL, '2026-04-19 13:58:00', 'Andrea Sánchez Vega', '981000006', 'Rúa do Vilar', NULL, 30.91, 0.00, 2.50, 3.09, 36.50, 36.50, 0.00, NULL, NULL, NULL, 0, NULL, '2026-04-19 18:02:00', '2026-04-19 18:02:00'),
	(545, NULL, 6, 6, NULL, 'P000545', 'P', 'telefono', 'cobrado', '2026-04-19 20:11:00', NULL, '2026-04-19 20:56:00', 'Andrea Sánchez Vega', '981000006', NULL, NULL, 7.64, 0.00, 0.00, 0.76, 8.40, 8.40, 0.00, NULL, NULL, NULL, 0, NULL, '2026-04-20 01:11:00', '2026-04-20 01:11:00'),
	(546, NULL, 1, NULL, NULL, 'P000546', 'P', 'mostrador', 'cobrado', '2026-04-19 13:07:00', NULL, '2026-04-19 13:36:00', NULL, NULL, NULL, NULL, 22.18, 0.00, 0.00, 2.22, 24.40, 24.40, 0.00, NULL, NULL, NULL, 0, NULL, '2026-04-19 18:07:00', '2026-04-19 18:07:00'),
	(547, NULL, 5, NULL, 18, 'P000547', 'P', 'mesa', 'cobrado', '2026-04-19 15:03:00', NULL, '2026-04-19 15:18:00', NULL, NULL, NULL, NULL, 39.00, 0.00, 0.00, 3.90, 42.90, 42.90, 0.00, NULL, NULL, 2, 0, NULL, '2026-04-19 20:03:00', '2026-04-19 20:03:00'),
	(548, NULL, 1, 9, NULL, 'P000548', 'P', 'domicilio', 'cobrado', '2026-04-19 16:29:00', NULL, '2026-04-19 17:01:00', 'Miguel Torres Aguilar', '957000009', 'Calle Cruz Conde', NULL, 69.09, 0.00, 2.50, 6.91, 78.50, 78.50, 0.00, NULL, NULL, NULL, 0, NULL, '2026-04-19 21:29:00', '2026-04-19 21:29:00'),
	(549, NULL, 5, NULL, NULL, 'P000549', 'P', 'mostrador', 'cobrado', '2026-04-19 23:12:00', NULL, '2026-04-20 00:08:00', NULL, NULL, NULL, NULL, 20.91, 0.00, 0.00, 2.09, 23.00, 23.00, 0.00, NULL, NULL, NULL, 0, NULL, '2026-04-20 04:12:00', '2026-04-20 04:12:00'),
	(550, NULL, 5, NULL, NULL, 'P000550', 'P', 'recogida', 'cobrado', '2026-04-19 13:43:00', NULL, '2026-04-19 14:36:00', NULL, NULL, NULL, NULL, 15.45, 0.00, 0.00, 1.55, 17.00, 17.00, 0.00, NULL, NULL, NULL, 0, NULL, '2026-04-19 18:43:00', '2026-04-19 18:43:00'),
	(551, NULL, 4, 12, NULL, 'P000551', 'P', 'mostrador', 'cobrado', '2026-04-19 23:30:00', NULL, '2026-04-20 00:07:00', 'Roberto Domínguez Castro', '941000012', NULL, NULL, 60.91, 0.00, 0.00, 6.09, 67.00, 67.00, 0.00, NULL, NULL, NULL, 0, NULL, '2026-04-20 04:30:00', '2026-04-20 04:30:00'),
	(552, NULL, 1, NULL, NULL, 'P000552', 'P', 'recogida', 'cobrado', '2026-04-19 20:58:00', NULL, '2026-04-19 21:17:00', NULL, NULL, NULL, NULL, 23.64, 0.00, 0.00, 2.36, 26.00, 26.00, 0.00, NULL, NULL, NULL, 0, NULL, '2026-04-20 01:58:00', '2026-04-20 01:58:00'),
	(553, NULL, 4, 6, 11, 'P000553', 'P', 'mesa', 'cobrado', '2026-04-19 20:24:00', NULL, '2026-04-19 20:59:00', 'Andrea Sánchez Vega', '981000006', NULL, NULL, 16.82, 0.00, 0.00, 1.68, 18.50, 18.50, 0.00, NULL, NULL, 1, 0, NULL, '2026-04-20 01:24:00', '2026-04-20 01:24:00'),
	(554, NULL, 3, NULL, 6, 'P000554', 'P', 'mesa', 'cobrado', '2026-04-19 21:15:00', NULL, '2026-04-19 21:50:00', NULL, NULL, NULL, NULL, 4.00, 0.00, 0.00, 0.40, 4.40, 4.40, 0.00, NULL, NULL, 2, 0, NULL, '2026-04-20 02:15:00', '2026-04-20 02:15:00'),
	(555, NULL, 1, NULL, NULL, 'P000555', 'P', 'mostrador', 'cobrado', '2026-04-19 13:24:00', NULL, '2026-04-19 14:01:00', NULL, NULL, NULL, NULL, 62.73, 0.00, 0.00, 6.27, 69.00, 69.00, 0.00, NULL, NULL, NULL, 0, NULL, '2026-04-19 18:24:00', '2026-04-19 18:24:00'),
	(556, NULL, 4, 2, NULL, 'P000556', 'P', 'mostrador', 'cobrado', '2026-04-19 13:29:00', NULL, '2026-04-19 14:28:00', 'María Fernández Ruiz', '932000002', NULL, NULL, 10.00, 0.00, 0.00, 1.00, 11.00, 11.00, 0.00, NULL, NULL, NULL, 0, NULL, '2026-04-19 18:29:00', '2026-04-19 18:29:00'),
	(557, NULL, 2, NULL, NULL, 'P000557', 'P', 'mostrador', 'cobrado', '2026-04-19 14:10:00', NULL, '2026-04-19 14:38:00', NULL, NULL, NULL, NULL, 4.00, 0.00, 0.00, 0.40, 4.40, 4.40, 0.00, NULL, NULL, NULL, 0, NULL, '2026-04-19 19:10:00', '2026-04-19 19:10:00'),
	(558, NULL, 3, 2, NULL, 'P000558', 'P', 'mostrador', 'cobrado', '2026-04-19 15:22:00', NULL, '2026-04-19 15:47:00', 'María Fernández Ruiz', '932000002', NULL, NULL, 15.00, 0.00, 0.00, 1.50, 16.50, 16.50, 0.00, NULL, NULL, NULL, 0, NULL, '2026-04-19 20:22:00', '2026-04-19 20:22:00'),
	(559, NULL, 2, 11, NULL, 'P000559', 'P', 'mostrador', 'cobrado', '2026-04-19 20:08:00', NULL, '2026-04-19 20:44:00', 'Café Bar Central', '928000011', NULL, NULL, 31.36, 0.00, 0.00, 3.14, 34.50, 34.50, 0.00, NULL, NULL, NULL, 0, NULL, '2026-04-20 01:08:00', '2026-04-20 01:08:00'),
	(560, NULL, 6, NULL, NULL, 'P000560', 'P', 'mostrador', 'cobrado', '2026-04-19 15:30:00', NULL, '2026-04-19 16:26:00', NULL, NULL, NULL, NULL, 19.55, 0.00, 0.00, 1.95, 21.50, 21.50, 0.00, NULL, NULL, NULL, 0, NULL, '2026-04-19 20:30:00', '2026-04-19 20:30:00'),
	(561, NULL, 2, NULL, 18, 'P000561', 'P', 'mesa', 'cobrado', '2026-04-19 21:41:00', NULL, '2026-04-19 22:09:00', NULL, NULL, NULL, NULL, 86.36, 0.00, 0.00, 8.64, 95.00, 95.00, 0.00, NULL, NULL, 3, 0, NULL, '2026-04-20 02:41:00', '2026-04-20 02:41:00'),
	(562, NULL, 3, NULL, NULL, 'P000562', 'P', 'mostrador', 'cobrado', '2026-04-19 19:39:00', NULL, '2026-04-19 19:58:00', NULL, NULL, NULL, NULL, 8.18, 0.00, 0.00, 0.82, 9.00, 9.00, 0.00, NULL, NULL, NULL, 0, NULL, '2026-04-20 00:39:00', '2026-04-20 00:39:00'),
	(563, NULL, 3, NULL, NULL, 'P000563', 'P', 'mostrador', 'cobrado', '2026-04-19 22:30:00', NULL, '2026-04-19 23:15:00', NULL, NULL, NULL, NULL, 40.91, 0.00, 0.00, 4.09, 45.00, 45.00, 0.00, NULL, NULL, NULL, 0, NULL, '2026-04-20 03:30:00', '2026-04-20 03:30:00'),
	(564, NULL, 1, NULL, NULL, 'P000564', 'P', 'mostrador', 'cobrado', '2026-04-19 21:16:00', NULL, '2026-04-19 21:41:00', NULL, NULL, NULL, NULL, 64.27, 0.00, 0.00, 6.43, 70.70, 70.70, 0.00, NULL, NULL, NULL, 0, NULL, '2026-04-20 02:16:00', '2026-04-20 02:16:00'),
	(565, NULL, 1, 5, NULL, 'P000565', 'P', 'domicilio', 'cobrado', '2026-04-19 13:06:00', NULL, '2026-04-19 13:48:00', 'Restaurante Pizza Express', '963000005', 'Avenida Principal', NULL, 29.09, 0.00, 2.50, 2.91, 34.50, 34.50, 0.00, NULL, NULL, NULL, 0, NULL, '2026-04-19 18:06:00', '2026-04-19 18:06:00'),
	(566, NULL, 3, 12, NULL, 'P000566', 'P', 'telefono', 'cobrado', '2026-04-19 14:32:00', NULL, '2026-04-19 15:21:00', 'Roberto Domínguez Castro', '941000012', NULL, NULL, 28.64, 0.00, 0.00, 2.86, 31.50, 31.50, 0.00, NULL, NULL, NULL, 0, NULL, '2026-04-19 19:32:00', '2026-04-19 19:32:00'),
	(567, NULL, 5, NULL, 1, 'P000567', 'P', 'mesa', 'cobrado', '2026-04-19 19:06:00', NULL, '2026-04-19 19:42:00', NULL, NULL, NULL, NULL, 2.00, 0.00, 0.00, 0.20, 2.20, 2.20, 0.00, NULL, NULL, 4, 0, NULL, '2026-04-20 00:06:00', '2026-04-20 00:06:00'),
	(568, NULL, 4, 7, NULL, 'P000568', 'P', 'mostrador', 'cobrado', '2026-04-19 16:30:00', NULL, '2026-04-19 17:20:00', 'David Rodríguez Núñez', '976000007', NULL, NULL, 29.73, 0.00, 0.00, 2.97, 32.70, 32.70, 0.00, NULL, NULL, NULL, 0, NULL, '2026-04-19 21:30:00', '2026-04-19 21:30:00'),
	(569, NULL, 6, NULL, NULL, 'P000569', 'P', 'mostrador', 'cobrado', '2026-04-19 13:37:00', NULL, '2026-04-19 14:33:00', NULL, NULL, NULL, NULL, 51.27, 0.00, 0.00, 5.13, 56.40, 56.40, 0.00, NULL, NULL, NULL, 0, NULL, '2026-04-19 18:37:00', '2026-04-19 18:37:00'),
	(570, NULL, 5, NULL, 10, 'P000570', 'P', 'mesa', 'cobrado', '2026-04-19 21:43:00', NULL, '2026-04-19 22:37:00', NULL, NULL, NULL, NULL, 8.00, 0.00, 0.00, 0.80, 8.80, 8.80, 0.00, NULL, NULL, 4, 0, NULL, '2026-04-20 02:43:00', '2026-04-20 02:43:00'),
	(571, NULL, 4, 4, NULL, 'P000571', 'P', 'mostrador', 'cobrado', '2026-04-19 21:23:00', NULL, '2026-04-19 21:43:00', 'Lucía Pérez Sanz', '923000004', NULL, NULL, 22.55, 0.00, 0.00, 2.25, 24.80, 24.80, 0.00, NULL, NULL, NULL, 0, NULL, '2026-04-20 02:23:00', '2026-04-20 02:23:00'),
	(572, NULL, 1, 1, 18, 'P000572', 'P', 'mesa', 'cobrado', '2026-04-20 22:21:00', NULL, '2026-04-20 22:36:00', 'Juan García López', '912345001', NULL, NULL, 134.73, 0.00, 0.00, 13.47, 148.20, 148.20, 0.00, NULL, NULL, 1, 0, NULL, '2026-04-21 03:21:00', '2026-04-21 03:21:00'),
	(573, NULL, 4, 11, NULL, 'P000573', 'P', 'domicilio', 'cobrado', '2026-04-20 15:29:00', NULL, '2026-04-20 15:54:00', 'Café Bar Central', '928000011', 'Calle Triana', NULL, 48.18, 0.00, 2.50, 4.82, 55.50, 55.50, 0.00, NULL, NULL, NULL, 0, NULL, '2026-04-20 20:29:00', '2026-04-20 20:29:00'),
	(574, NULL, 2, NULL, 23, 'P000574', 'P', 'mesa', 'cobrado', '2026-04-20 15:05:00', NULL, '2026-04-20 15:52:00', NULL, NULL, NULL, NULL, 20.09, 0.00, 0.00, 2.01, 22.10, 22.10, 0.00, NULL, NULL, 1, 0, NULL, '2026-04-20 20:05:00', '2026-04-20 20:05:00'),
	(575, NULL, 4, 3, NULL, 'P000575', 'P', 'telefono', 'cobrado', '2026-04-20 14:40:00', NULL, '2026-04-20 15:28:00', 'Carlos Martínez Soto', '954000003', NULL, NULL, 7.27, 0.00, 0.00, 0.73, 8.00, 8.00, 0.00, NULL, NULL, NULL, 0, NULL, '2026-04-20 19:40:00', '2026-04-20 19:40:00'),
	(576, NULL, 2, 7, NULL, 'P000576', 'P', 'domicilio', 'cobrado', '2026-04-20 22:46:00', NULL, '2026-04-20 23:32:00', 'David Rodríguez Núñez', '976000007', 'Paseo Independencia', NULL, 6.00, 0.00, 2.50, 0.60, 9.10, 9.10, 0.00, NULL, NULL, NULL, 0, NULL, '2026-04-21 03:46:00', '2026-04-21 03:46:00'),
	(577, NULL, 6, NULL, 12, 'P000577', 'P', 'mesa', 'cobrado', '2026-04-20 13:08:00', NULL, '2026-04-20 13:53:00', NULL, NULL, NULL, NULL, 49.82, 0.00, 0.00, 4.98, 54.80, 54.80, 0.00, NULL, NULL, 2, 0, NULL, '2026-04-20 18:08:00', '2026-04-20 18:08:00'),
	(578, NULL, 6, 11, NULL, 'P000578', 'P', 'recogida', 'cobrado', '2026-04-20 21:00:00', NULL, '2026-04-20 21:56:00', 'Café Bar Central', '928000011', NULL, NULL, 61.55, 0.00, 0.00, 6.15, 67.70, 67.70, 0.00, NULL, NULL, NULL, 0, NULL, '2026-04-21 02:00:00', '2026-04-21 02:00:00'),
	(579, NULL, 6, 1, NULL, 'P000579', 'P', 'mostrador', 'cobrado', '2026-04-20 13:45:00', NULL, '2026-04-20 14:11:00', 'Juan García López', '912345001', NULL, NULL, 53.09, 2.53, 0.00, 5.31, 55.87, 55.87, 0.00, NULL, NULL, NULL, 0, NULL, '2026-04-20 18:45:00', '2026-04-20 18:45:00'),
	(580, NULL, 4, 6, NULL, 'P000580', 'P', 'domicilio', 'cobrado', '2026-04-20 16:30:00', NULL, '2026-04-20 17:21:00', 'Andrea Sánchez Vega', '981000006', 'Rúa do Vilar', NULL, 83.82, 0.00, 2.50, 8.38, 94.70, 94.70, 0.00, NULL, NULL, NULL, 0, NULL, '2026-04-20 21:30:00', '2026-04-20 21:30:00'),
	(581, NULL, 5, 12, NULL, 'P000581', 'P', 'domicilio', 'cobrado', '2026-04-20 15:55:00', NULL, '2026-04-20 16:11:00', 'Roberto Domínguez Castro', '941000012', 'Calle Portales', NULL, 123.73, 0.00, 2.50, 12.37, 138.60, 138.60, 0.00, NULL, NULL, NULL, 0, NULL, '2026-04-20 20:55:00', '2026-04-20 20:55:00'),
	(582, NULL, 3, 11, NULL, 'P000582', 'P', 'domicilio', 'cobrado', '2026-04-20 18:25:00', NULL, '2026-04-20 18:42:00', 'Café Bar Central', '928000011', 'Calle Triana', NULL, 22.09, 0.00, 2.50, 2.21, 26.80, 26.80, 0.00, NULL, NULL, NULL, 0, NULL, '2026-04-20 23:25:00', '2026-04-20 23:25:00'),
	(583, NULL, 5, NULL, NULL, 'P000583', 'P', 'mostrador', 'cobrado', '2026-04-20 23:29:00', NULL, '2026-04-21 00:04:00', NULL, NULL, NULL, NULL, 83.73, 0.00, 0.00, 8.37, 92.10, 92.10, 0.00, NULL, NULL, NULL, 0, NULL, '2026-04-21 04:29:00', '2026-04-21 04:29:00'),
	(584, NULL, 5, NULL, NULL, 'P000584', 'P', 'mostrador', 'cobrado', '2026-04-20 15:37:00', NULL, '2026-04-20 16:04:00', NULL, NULL, NULL, NULL, 62.73, 0.00, 0.00, 6.27, 69.00, 69.00, 0.00, NULL, NULL, NULL, 0, NULL, '2026-04-20 20:37:00', '2026-04-20 20:37:00'),
	(585, NULL, 3, NULL, NULL, 'P000585', 'P', 'mostrador', 'cobrado', '2026-04-20 14:00:00', NULL, '2026-04-20 14:28:00', NULL, NULL, NULL, NULL, 38.09, 0.00, 0.00, 3.81, 41.90, 41.90, 0.00, NULL, NULL, NULL, 0, NULL, '2026-04-20 19:00:00', '2026-04-20 19:00:00'),
	(586, NULL, 1, 7, NULL, 'P000586', 'P', 'mostrador', 'cobrado', '2026-04-20 22:03:00', NULL, '2026-04-20 22:34:00', 'David Rodríguez Núñez', '976000007', NULL, NULL, 114.27, 0.00, 0.00, 11.43, 125.70, 125.70, 0.00, NULL, NULL, NULL, 0, NULL, '2026-04-21 03:03:00', '2026-04-21 03:03:00'),
	(587, NULL, 3, NULL, NULL, 'P000587', 'P', 'mostrador', 'cobrado', '2026-04-21 20:19:00', NULL, '2026-04-21 20:44:00', NULL, NULL, NULL, NULL, 33.36, 0.00, 0.00, 3.34, 36.70, 36.70, 0.00, NULL, NULL, NULL, 0, NULL, '2026-04-22 01:19:00', '2026-04-22 01:19:00'),
	(588, NULL, 4, 8, NULL, 'P000588', 'P', 'mostrador', 'anulado', '2026-04-21 22:19:00', NULL, NULL, 'Patricia González Pardo', '948000008', NULL, NULL, 15.91, 0.00, 0.00, 1.59, 17.50, 0.00, 0.00, NULL, NULL, NULL, 0, NULL, '2026-04-22 03:19:00', '2026-04-22 03:19:00'),
	(589, NULL, 5, NULL, NULL, 'P000589', 'P', 'mostrador', 'cobrado', '2026-04-21 22:14:00', NULL, '2026-04-21 23:01:00', NULL, NULL, NULL, NULL, 40.91, 0.00, 0.00, 4.09, 45.00, 45.00, 0.00, NULL, NULL, NULL, 0, NULL, '2026-04-22 03:14:00', '2026-04-22 03:14:00'),
	(590, NULL, 6, 4, NULL, 'P000590', 'P', 'mostrador', 'cobrado', '2026-04-21 17:56:00', NULL, '2026-04-21 18:13:00', 'Lucía Pérez Sanz', '923000004', NULL, NULL, 48.45, 0.00, 0.00, 4.85, 53.30, 53.30, 0.00, NULL, NULL, NULL, 0, NULL, '2026-04-21 22:56:00', '2026-04-21 22:56:00'),
	(591, NULL, 6, 6, NULL, 'P000591', 'P', 'domicilio', 'cobrado', '2026-04-21 12:48:00', NULL, '2026-04-21 13:07:00', 'Andrea Sánchez Vega', '981000006', 'Rúa do Vilar', NULL, 45.45, 0.00, 2.50, 4.55, 52.50, 52.50, 0.00, NULL, NULL, NULL, 0, NULL, '2026-04-21 17:48:00', '2026-04-21 17:48:00'),
	(592, NULL, 3, 2, 26, 'P000592', 'P', 'mesa', 'cobrado', '2026-04-21 13:34:00', NULL, '2026-04-21 14:11:00', 'María Fernández Ruiz', '932000002', NULL, NULL, 38.18, 0.00, 0.00, 3.82, 42.00, 42.00, 0.00, NULL, NULL, 2, 0, NULL, '2026-04-21 18:34:00', '2026-04-21 18:34:00'),
	(593, NULL, 2, NULL, NULL, 'P000593', 'P', 'recogida', 'cobrado', '2026-04-21 13:32:00', NULL, '2026-04-21 14:01:00', NULL, NULL, NULL, NULL, 20.45, 0.00, 0.00, 2.05, 22.50, 22.50, 0.00, NULL, NULL, NULL, 0, NULL, '2026-04-21 18:32:00', '2026-04-21 18:32:00'),
	(594, NULL, 6, 10, 12, 'P000594', 'P', 'mesa', 'cobrado', '2026-04-21 20:38:00', NULL, '2026-04-21 21:22:00', 'Sara Jiménez Ramos', '925000010', NULL, NULL, 31.36, 0.00, 0.00, 3.14, 34.50, 34.50, 0.00, NULL, NULL, 3, 0, NULL, '2026-04-22 01:38:00', '2026-04-22 01:38:00'),
	(595, NULL, 3, NULL, NULL, 'P000595', 'P', 'mostrador', 'cobrado', '2026-04-21 19:41:00', NULL, '2026-04-21 20:32:00', NULL, NULL, NULL, NULL, 41.55, 0.00, 0.00, 4.15, 45.70, 45.70, 0.00, NULL, NULL, NULL, 0, NULL, '2026-04-22 00:41:00', '2026-04-22 00:41:00'),
	(596, NULL, 2, NULL, NULL, 'P000596', 'P', 'mostrador', 'cobrado', '2026-04-21 20:45:00', NULL, '2026-04-21 21:22:00', NULL, NULL, NULL, NULL, 43.27, 0.00, 0.00, 4.33, 47.60, 47.60, 0.00, NULL, NULL, NULL, 0, NULL, '2026-04-22 01:45:00', '2026-04-22 01:45:00'),
	(597, NULL, 2, 7, 8, 'P000597', 'P', 'mesa', 'cobrado', '2026-04-21 13:52:00', NULL, '2026-04-21 14:26:00', 'David Rodríguez Núñez', '976000007', NULL, NULL, 14.73, 0.00, 0.00, 1.47, 16.20, 16.20, 0.00, NULL, NULL, 2, 0, NULL, '2026-04-21 18:52:00', '2026-04-21 18:52:00'),
	(598, NULL, 2, NULL, NULL, 'P000598', 'P', 'mostrador', 'cobrado', '2026-04-21 14:16:00', NULL, '2026-04-21 14:58:00', NULL, NULL, NULL, NULL, 41.82, 0.00, 0.00, 4.18, 46.00, 46.00, 0.00, NULL, NULL, NULL, 0, NULL, '2026-04-21 19:16:00', '2026-04-21 19:16:00'),
	(599, NULL, 4, NULL, 3, 'P000599', 'P', 'mesa', 'cobrado', '2026-04-21 17:40:00', NULL, '2026-04-21 18:38:00', NULL, NULL, NULL, NULL, 118.55, 0.00, 0.00, 11.85, 130.40, 130.40, 0.00, NULL, NULL, 2, 0, NULL, '2026-04-21 22:40:00', '2026-04-21 22:40:00'),
	(600, NULL, 1, NULL, 14, 'P000600', 'P', 'mesa', 'cobrado', '2026-04-21 22:48:00', NULL, '2026-04-21 23:36:00', NULL, NULL, NULL, NULL, 30.91, 0.00, 0.00, 3.09, 34.00, 34.00, 0.00, NULL, NULL, 4, 0, NULL, '2026-04-22 03:48:00', '2026-04-22 03:48:00'),
	(601, NULL, 1, 3, NULL, 'P000601', 'P', 'domicilio', 'cobrado', '2026-04-21 23:25:00', NULL, '2026-04-21 23:51:00', 'Carlos Martínez Soto', '954000003', 'Calle Sierpes', NULL, 46.27, 0.00, 2.50, 4.63, 53.40, 53.40, 0.00, NULL, NULL, NULL, 0, NULL, '2026-04-22 04:25:00', '2026-04-22 04:25:00'),
	(602, NULL, 5, 8, NULL, 'P000602', 'P', 'domicilio', 'cobrado', '2026-04-21 14:28:00', NULL, '2026-04-21 15:09:00', 'Patricia González Pardo', '948000008', 'Avenida de Carlos III', NULL, 26.82, 0.00, 2.50, 2.68, 32.00, 32.00, 0.00, NULL, NULL, NULL, 0, NULL, '2026-04-21 19:28:00', '2026-04-21 19:28:00'),
	(603, NULL, 5, 11, NULL, 'P000603', 'P', 'mostrador', 'cobrado', '2026-04-21 15:00:00', NULL, '2026-04-21 15:34:00', 'Café Bar Central', '928000011', NULL, NULL, 31.18, 0.00, 0.00, 3.12, 34.30, 34.30, 0.00, NULL, NULL, NULL, 0, NULL, '2026-04-21 20:00:00', '2026-04-21 20:00:00'),
	(604, NULL, 6, 5, NULL, 'P000604', 'P', 'domicilio', 'cobrado', '2026-04-22 15:25:00', NULL, '2026-04-22 15:57:00', 'Restaurante Pizza Express', '963000005', 'Avenida Principal', NULL, 75.00, 0.00, 2.50, 7.50, 85.00, 85.00, 0.00, NULL, NULL, NULL, 0, NULL, '2026-04-22 20:25:00', '2026-04-22 20:25:00'),
	(605, NULL, 1, NULL, NULL, 'P000605', 'P', 'mostrador', 'cobrado', '2026-04-22 13:39:00', NULL, '2026-04-22 13:58:00', NULL, NULL, NULL, NULL, 9.09, 0.00, 0.00, 0.91, 10.00, 10.00, 0.00, NULL, NULL, NULL, 0, NULL, '2026-04-22 18:39:00', '2026-04-22 18:39:00'),
	(606, NULL, 5, 9, NULL, 'P000606', 'P', 'mostrador', 'cobrado', '2026-04-22 17:35:00', NULL, '2026-04-22 18:17:00', 'Miguel Torres Aguilar', '957000009', NULL, NULL, 85.91, 0.00, 0.00, 8.59, 94.50, 94.50, 0.00, NULL, NULL, NULL, 0, NULL, '2026-04-22 22:35:00', '2026-04-22 22:35:00'),
	(607, NULL, 6, NULL, NULL, 'P000607', 'P', 'mostrador', 'cobrado', '2026-04-22 22:59:00', NULL, '2026-04-22 23:24:00', NULL, NULL, NULL, NULL, 16.73, 0.00, 0.00, 1.67, 18.40, 18.40, 0.00, NULL, NULL, NULL, 0, NULL, '2026-04-23 03:59:00', '2026-04-23 03:59:00'),
	(608, NULL, 3, 10, 3, 'P000608', 'P', 'mesa', 'cobrado', '2026-04-22 22:02:00', NULL, '2026-04-22 23:00:00', 'Sara Jiménez Ramos', '925000010', NULL, NULL, 57.64, 0.00, 0.00, 5.76, 63.40, 63.40, 0.00, NULL, NULL, 3, 0, NULL, '2026-04-23 03:02:00', '2026-04-23 03:02:00'),
	(609, NULL, 3, NULL, NULL, 'P000609', 'P', 'recogida', 'cobrado', '2026-04-22 13:22:00', NULL, '2026-04-22 14:12:00', NULL, NULL, NULL, NULL, 21.82, 0.00, 0.00, 2.18, 24.00, 24.00, 0.00, NULL, NULL, NULL, 0, NULL, '2026-04-22 18:22:00', '2026-04-22 18:22:00'),
	(610, NULL, 5, 10, NULL, 'P000610', 'P', 'domicilio', 'cobrado', '2026-04-22 20:12:00', NULL, '2026-04-22 20:58:00', 'Sara Jiménez Ramos', '925000010', 'Plaza de Zocodover', NULL, 19.09, 0.00, 2.50, 1.91, 23.50, 23.50, 0.00, NULL, NULL, NULL, 0, NULL, '2026-04-23 01:12:00', '2026-04-23 01:12:00'),
	(611, NULL, 4, 2, NULL, 'P000611', 'P', 'recogida', 'cobrado', '2026-04-22 21:32:00', NULL, '2026-04-22 22:00:00', 'María Fernández Ruiz', '932000002', NULL, NULL, 35.45, 0.00, 0.00, 3.55, 39.00, 39.00, 0.00, NULL, NULL, NULL, 0, NULL, '2026-04-23 02:32:00', '2026-04-23 02:32:00'),
	(612, NULL, 6, NULL, 9, 'P000612', 'P', 'mesa', 'cobrado', '2026-04-22 12:17:00', NULL, '2026-04-22 13:11:00', NULL, NULL, NULL, NULL, 113.73, 0.00, 0.00, 11.37, 125.10, 125.10, 0.00, NULL, NULL, 1, 0, NULL, '2026-04-22 17:17:00', '2026-04-22 17:17:00'),
	(613, NULL, 6, 11, NULL, 'P000613', 'P', 'mostrador', 'cobrado', '2026-04-22 14:17:00', NULL, '2026-04-22 14:45:00', 'Café Bar Central', '928000011', NULL, NULL, 48.09, 0.00, 0.00, 4.81, 52.90, 52.90, 0.00, NULL, NULL, NULL, 0, NULL, '2026-04-22 19:17:00', '2026-04-22 19:17:00'),
	(614, NULL, 4, 11, NULL, 'P000614', 'P', 'mostrador', 'cobrado', '2026-04-22 18:54:00', NULL, '2026-04-22 19:33:00', 'Café Bar Central', '928000011', NULL, NULL, 35.91, 0.00, 0.00, 3.59, 39.50, 39.50, 0.00, NULL, NULL, NULL, 0, NULL, '2026-04-22 23:54:00', '2026-04-22 23:54:00'),
	(615, NULL, 5, 11, NULL, 'P000615', 'P', 'telefono', 'cobrado', '2026-04-22 12:19:00', NULL, '2026-04-22 13:19:00', 'Café Bar Central', '928000011', NULL, NULL, 36.09, 0.00, 0.00, 3.61, 39.70, 39.70, 0.00, NULL, NULL, NULL, 0, NULL, '2026-04-22 17:19:00', '2026-04-22 17:19:00'),
	(616, NULL, 2, NULL, NULL, 'P000616', 'P', 'mostrador', 'cobrado', '2026-04-22 13:20:00', NULL, '2026-04-22 14:11:00', NULL, NULL, NULL, NULL, 37.00, 0.00, 0.00, 3.70, 40.70, 40.70, 0.00, NULL, NULL, NULL, 0, NULL, '2026-04-22 18:20:00', '2026-04-22 18:20:00'),
	(617, NULL, 3, NULL, NULL, 'P000617', 'P', 'recogida', 'anulado', '2026-04-22 19:47:00', NULL, NULL, NULL, NULL, NULL, NULL, 52.00, 0.00, 0.00, 5.20, 57.20, 0.00, 0.00, NULL, NULL, NULL, 0, NULL, '2026-04-23 00:47:00', '2026-04-23 00:47:00'),
	(618, NULL, 1, 9, NULL, 'P000618', 'P', 'mostrador', 'cobrado', '2026-04-22 20:29:00', NULL, '2026-04-22 20:54:00', 'Miguel Torres Aguilar', '957000009', NULL, NULL, 19.82, 0.00, 0.00, 1.98, 21.80, 21.80, 0.00, NULL, NULL, NULL, 0, NULL, '2026-04-23 01:29:00', '2026-04-23 01:29:00'),
	(619, NULL, 5, 9, NULL, 'P000619', 'P', 'mostrador', 'cobrado', '2026-04-23 13:02:00', NULL, '2026-04-23 13:46:00', 'Miguel Torres Aguilar', '957000009', NULL, NULL, 12.18, 0.00, 0.00, 1.22, 13.40, 13.40, 0.00, NULL, NULL, NULL, 0, NULL, '2026-04-23 18:02:00', '2026-04-23 18:02:00'),
	(620, NULL, 2, NULL, NULL, 'P000620', 'P', 'mostrador', 'cobrado', '2026-04-23 18:32:00', NULL, '2026-04-23 18:59:00', NULL, NULL, NULL, NULL, 144.00, 0.00, 0.00, 14.40, 158.40, 158.40, 0.00, NULL, NULL, NULL, 0, NULL, '2026-04-23 23:32:00', '2026-04-23 23:32:00'),
	(621, NULL, 4, NULL, 4, 'P000621', 'P', 'mesa', 'cobrado', '2026-04-23 21:33:00', NULL, '2026-04-23 21:48:00', NULL, NULL, NULL, NULL, 6.36, 0.00, 0.00, 0.64, 7.00, 7.00, 0.00, NULL, NULL, 4, 0, NULL, '2026-04-24 02:33:00', '2026-04-24 02:33:00'),
	(622, NULL, 2, NULL, 30, 'P000622', 'P', 'mesa', 'cobrado', '2026-04-23 22:04:00', NULL, '2026-04-23 22:21:00', NULL, NULL, NULL, NULL, 9.55, 0.00, 0.00, 0.95, 10.50, 10.50, 0.00, NULL, NULL, 3, 0, NULL, '2026-04-24 03:04:00', '2026-04-24 03:04:00'),
	(623, NULL, 5, 9, 10, 'P000623', 'P', 'mesa', 'cobrado', '2026-04-23 12:07:00', NULL, '2026-04-23 12:36:00', 'Miguel Torres Aguilar', '957000009', NULL, NULL, 62.27, 0.00, 0.00, 6.23, 68.50, 68.50, 0.00, NULL, NULL, 1, 0, NULL, '2026-04-23 17:07:00', '2026-04-23 17:07:00'),
	(624, NULL, 3, 4, NULL, 'P000624', 'P', 'recogida', 'cobrado', '2026-04-23 13:07:00', NULL, '2026-04-23 13:47:00', 'Lucía Pérez Sanz', '923000004', NULL, NULL, 30.00, 0.00, 0.00, 3.00, 33.00, 33.00, 0.00, NULL, NULL, NULL, 0, NULL, '2026-04-23 18:07:00', '2026-04-23 18:07:00'),
	(625, NULL, 2, 2, NULL, 'P000625', 'P', 'mostrador', 'cobrado', '2026-04-23 21:10:00', NULL, '2026-04-23 21:47:00', 'María Fernández Ruiz', '932000002', NULL, NULL, 6.82, 0.00, 0.00, 0.68, 7.50, 7.50, 0.00, NULL, NULL, NULL, 0, NULL, '2026-04-24 02:10:00', '2026-04-24 02:10:00'),
	(626, NULL, 6, NULL, 8, 'P000626', 'P', 'mesa', 'cobrado', '2026-04-23 14:34:00', NULL, '2026-04-23 15:24:00', NULL, NULL, NULL, NULL, 102.09, 0.00, 0.00, 10.21, 112.30, 112.30, 0.00, NULL, NULL, 3, 0, NULL, '2026-04-23 19:34:00', '2026-04-23 19:34:00'),
	(627, NULL, 6, 10, NULL, 'P000627', 'P', 'telefono', 'cobrado', '2026-04-23 17:31:00', NULL, '2026-04-23 18:22:00', 'Sara Jiménez Ramos', '925000010', NULL, NULL, 70.36, 0.00, 0.00, 7.04, 77.40, 77.40, 0.00, NULL, NULL, NULL, 0, NULL, '2026-04-23 22:31:00', '2026-04-23 22:31:00'),
	(628, NULL, 3, 6, NULL, 'P000628', 'P', 'mostrador', 'cobrado', '2026-04-23 19:55:00', NULL, '2026-04-23 20:40:00', 'Andrea Sánchez Vega', '981000006', NULL, NULL, 60.36, 0.00, 0.00, 6.04, 66.40, 66.40, 0.00, NULL, NULL, NULL, 0, NULL, '2026-04-24 00:55:00', '2026-04-24 00:55:00'),
	(629, NULL, 5, NULL, NULL, 'P000629', 'P', 'mostrador', 'cobrado', '2026-04-23 22:15:00', NULL, '2026-04-23 22:41:00', NULL, NULL, NULL, NULL, 5.09, 0.00, 0.00, 0.51, 5.60, 5.60, 0.00, NULL, NULL, NULL, 0, NULL, '2026-04-24 03:15:00', '2026-04-24 03:15:00'),
	(630, NULL, 5, 1, 21, 'P000630', 'P', 'mesa', 'cobrado', '2026-04-24 12:43:00', NULL, '2026-04-24 13:41:00', 'Juan García López', '912345001', NULL, NULL, 86.82, 0.00, 0.00, 8.68, 95.50, 95.50, 0.00, NULL, NULL, 3, 0, NULL, '2026-04-24 17:43:00', '2026-04-24 17:43:00'),
	(631, NULL, 3, 6, 5, 'P000631', 'P', 'mesa', 'cobrado', '2026-04-24 15:48:00', NULL, '2026-04-24 16:24:00', 'Andrea Sánchez Vega', '981000006', NULL, NULL, 16.91, 0.00, 0.00, 1.69, 18.60, 18.60, 0.00, NULL, NULL, 1, 0, NULL, '2026-04-24 20:48:00', '2026-04-24 20:48:00'),
	(632, NULL, 2, NULL, NULL, 'P000632', 'P', 'mostrador', 'cobrado', '2026-04-24 22:40:00', NULL, '2026-04-24 23:01:00', NULL, NULL, NULL, NULL, 64.55, 0.00, 0.00, 6.45, 71.00, 71.00, 0.00, NULL, NULL, NULL, 0, NULL, '2026-04-25 03:40:00', '2026-04-25 03:40:00'),
	(633, NULL, 5, 9, 22, 'P000633', 'P', 'mesa', 'cobrado', '2026-04-24 21:16:00', NULL, '2026-04-24 21:50:00', 'Miguel Torres Aguilar', '957000009', NULL, NULL, 7.27, 0.00, 0.00, 0.73, 8.00, 8.00, 0.00, NULL, NULL, 3, 0, NULL, '2026-04-25 02:16:00', '2026-04-25 02:16:00'),
	(634, NULL, 5, 8, NULL, 'P000634', 'P', 'recogida', 'cobrado', '2026-04-24 12:21:00', NULL, '2026-04-24 13:20:00', 'Patricia González Pardo', '948000008', NULL, NULL, 3.64, 0.00, 0.00, 0.36, 4.00, 4.00, 0.00, NULL, NULL, NULL, 0, NULL, '2026-04-24 17:21:00', '2026-04-24 17:21:00'),
	(635, NULL, 3, 5, 13, 'P000635', 'P', 'mesa', 'cobrado', '2026-04-24 19:12:00', NULL, '2026-04-24 19:59:00', 'Restaurante Pizza Express', '963000005', NULL, NULL, 25.45, 0.00, 0.00, 2.55, 28.00, 28.00, 0.00, NULL, NULL, 2, 0, NULL, '2026-04-25 00:12:00', '2026-04-25 00:12:00'),
	(636, NULL, 1, NULL, NULL, 'P000636', 'P', 'mostrador', 'cobrado', '2026-04-24 16:04:00', NULL, '2026-04-24 16:38:00', NULL, NULL, NULL, NULL, 45.55, 2.74, 0.00, 4.55, 47.36, 47.36, 0.00, NULL, NULL, NULL, 0, NULL, '2026-04-24 21:04:00', '2026-04-24 21:04:00'),
	(637, NULL, 2, 10, NULL, 'P000637', 'P', 'mostrador', 'cobrado', '2026-04-24 15:17:00', NULL, '2026-04-24 15:50:00', 'Sara Jiménez Ramos', '925000010', NULL, NULL, 20.73, 2.30, 0.00, 2.07, 20.50, 20.50, 0.00, NULL, NULL, NULL, 0, NULL, '2026-04-24 20:17:00', '2026-04-24 20:17:00'),
	(638, NULL, 2, NULL, NULL, 'P000638', 'P', 'mostrador', 'cobrado', '2026-04-24 12:19:00', NULL, '2026-04-24 13:19:00', NULL, NULL, NULL, NULL, 37.91, 1.40, 0.00, 3.79, 40.30, 40.30, 0.00, NULL, NULL, NULL, 0, NULL, '2026-04-24 17:19:00', '2026-04-24 17:19:00'),
	(639, NULL, 2, NULL, NULL, 'P000639', 'P', 'mostrador', 'cobrado', '2026-04-24 15:07:00', NULL, '2026-04-24 15:55:00', NULL, NULL, NULL, NULL, 33.82, 0.00, 0.00, 3.38, 37.20, 37.20, 0.00, NULL, NULL, NULL, 0, NULL, '2026-04-24 20:07:00', '2026-04-24 20:07:00'),
	(640, NULL, 3, NULL, 20, 'P000640', 'P', 'mesa', 'cobrado', '2026-04-25 15:04:00', NULL, '2026-04-25 16:01:00', NULL, NULL, NULL, NULL, 67.27, 0.00, 0.00, 6.73, 74.00, 74.00, 0.00, NULL, NULL, 1, 0, NULL, '2026-04-25 20:04:00', '2026-04-25 20:04:00'),
	(641, NULL, 2, 1, NULL, 'P000641', 'P', 'mostrador', 'cobrado', '2026-04-25 18:41:00', NULL, '2026-04-25 18:57:00', 'Juan García López', '912345001', NULL, NULL, 104.36, 0.00, 0.00, 10.44, 114.80, 114.80, 0.00, NULL, NULL, NULL, 0, NULL, '2026-04-25 23:41:00', '2026-04-25 23:41:00'),
	(642, NULL, 5, 11, 7, 'P000642', 'P', 'mesa', 'cobrado', '2026-04-25 20:27:00', NULL, '2026-04-25 21:21:00', 'Café Bar Central', '928000011', NULL, NULL, 99.27, 0.00, 0.00, 9.93, 109.20, 109.20, 0.00, NULL, NULL, 2, 0, NULL, '2026-04-26 01:27:00', '2026-04-26 01:27:00'),
	(643, NULL, 2, 4, NULL, 'P000643', 'P', 'mostrador', 'cobrado', '2026-04-25 12:13:00', NULL, '2026-04-25 12:56:00', 'Lucía Pérez Sanz', '923000004', NULL, NULL, 71.36, 0.00, 0.00, 7.14, 78.50, 78.50, 0.00, NULL, NULL, NULL, 0, NULL, '2026-04-25 17:13:00', '2026-04-25 17:13:00'),
	(644, NULL, 4, 8, NULL, 'P000644', 'P', 'telefono', 'cobrado', '2026-04-25 16:25:00', NULL, '2026-04-25 17:09:00', 'Patricia González Pardo', '948000008', NULL, NULL, 44.82, 0.00, 0.00, 4.48, 49.30, 49.30, 0.00, NULL, NULL, NULL, 0, NULL, '2026-04-25 21:25:00', '2026-04-25 21:25:00'),
	(645, NULL, 2, NULL, NULL, 'P000645', 'P', 'recogida', 'cobrado', '2026-04-25 21:28:00', NULL, '2026-04-25 22:10:00', NULL, NULL, NULL, NULL, 27.27, 0.00, 0.00, 2.73, 30.00, 30.00, 0.00, NULL, NULL, NULL, 0, NULL, '2026-04-26 02:28:00', '2026-04-26 02:28:00'),
	(646, NULL, 1, NULL, 26, 'P000646', 'P', 'mesa', 'cobrado', '2026-04-25 16:50:00', NULL, '2026-04-25 17:10:00', NULL, NULL, NULL, NULL, 9.55, 2.78, 0.00, 0.95, 7.72, 7.72, 0.00, NULL, NULL, 4, 0, NULL, '2026-04-25 21:50:00', '2026-04-25 21:50:00'),
	(647, NULL, 6, NULL, 24, 'P000647', 'P', 'mesa', 'cobrado', '2026-04-25 18:22:00', NULL, '2026-04-25 18:55:00', NULL, NULL, NULL, NULL, 22.64, 0.00, 0.00, 2.26, 24.90, 24.90, 0.00, NULL, NULL, 4, 0, NULL, '2026-04-25 23:22:00', '2026-04-25 23:22:00'),
	(648, NULL, 4, NULL, NULL, 'P000648', 'P', 'mostrador', 'cobrado', '2026-04-25 22:09:00', NULL, '2026-04-25 22:48:00', NULL, NULL, NULL, NULL, 15.91, 0.00, 0.00, 1.59, 17.50, 17.50, 0.00, NULL, NULL, NULL, 0, NULL, '2026-04-26 03:09:00', '2026-04-26 03:09:00'),
	(649, NULL, 6, 7, NULL, 'P000649', 'P', 'domicilio', 'cobrado', '2026-04-25 12:06:00', NULL, '2026-04-25 12:39:00', 'David Rodríguez Núñez', '976000007', 'Paseo Independencia', NULL, 68.18, 1.87, 2.50, 6.82, 75.63, 75.63, 0.00, NULL, NULL, NULL, 0, NULL, '2026-04-25 17:06:00', '2026-04-25 17:06:00'),
	(650, NULL, 4, 10, NULL, 'P000650', 'P', 'mostrador', 'cobrado', '2026-04-25 12:24:00', NULL, '2026-04-25 12:43:00', 'Sara Jiménez Ramos', '925000010', NULL, NULL, 31.36, 0.00, 0.00, 3.14, 34.50, 34.50, 0.00, NULL, NULL, NULL, 0, NULL, '2026-04-25 17:24:00', '2026-04-25 17:24:00'),
	(651, NULL, 6, NULL, 9, 'P000651', 'P', 'mesa', 'cobrado', '2026-04-25 16:34:00', NULL, '2026-04-25 17:19:00', NULL, NULL, NULL, NULL, 25.45, 0.00, 0.00, 2.55, 28.00, 28.00, 0.00, NULL, NULL, 1, 0, NULL, '2026-04-25 21:34:00', '2026-04-25 21:34:00'),
	(652, NULL, 5, NULL, 15, 'P000652', 'P', 'mesa', 'cobrado', '2026-04-25 13:26:00', NULL, '2026-04-25 14:08:00', NULL, NULL, NULL, NULL, 60.91, 0.00, 0.00, 6.09, 67.00, 67.00, 0.00, NULL, NULL, 3, 0, NULL, '2026-04-25 18:26:00', '2026-04-25 18:26:00'),
	(653, NULL, 1, 2, NULL, 'P000653', 'P', 'recogida', 'cobrado', '2026-04-25 20:17:00', NULL, '2026-04-25 20:57:00', 'María Fernández Ruiz', '932000002', NULL, NULL, 29.91, 0.00, 0.00, 2.99, 32.90, 32.90, 0.00, NULL, NULL, NULL, 0, NULL, '2026-04-26 01:17:00', '2026-04-26 01:17:00'),
	(654, NULL, 2, NULL, 25, 'P000654', 'P', 'mesa', 'cobrado', '2026-04-25 20:54:00', NULL, '2026-04-25 21:44:00', NULL, NULL, NULL, NULL, 19.82, 0.00, 0.00, 1.98, 21.80, 21.80, 0.00, NULL, NULL, 1, 0, NULL, '2026-04-26 01:54:00', '2026-04-26 01:54:00'),
	(655, NULL, 6, 7, NULL, 'P000655', 'P', 'telefono', 'cobrado', '2026-04-25 15:07:00', NULL, '2026-04-25 16:05:00', 'David Rodríguez Núñez', '976000007', NULL, NULL, 71.82, 0.00, 0.00, 7.18, 79.00, 79.00, 0.00, NULL, NULL, NULL, 0, NULL, '2026-04-25 20:07:00', '2026-04-25 20:07:00'),
	(656, NULL, 5, NULL, 5, 'P000656', 'P', 'mesa', 'cobrado', '2026-04-25 20:30:00', NULL, '2026-04-25 21:19:00', NULL, NULL, NULL, NULL, 26.82, 0.00, 0.00, 2.68, 29.50, 29.50, 0.00, NULL, NULL, 4, 0, NULL, '2026-04-26 01:30:00', '2026-04-26 01:30:00'),
	(657, NULL, 3, NULL, NULL, 'P000657', 'P', 'mostrador', 'cobrado', '2026-04-25 13:20:00', NULL, '2026-04-25 14:18:00', NULL, NULL, NULL, NULL, 68.09, 0.00, 0.00, 6.81, 74.90, 74.90, 0.00, NULL, NULL, NULL, 0, NULL, '2026-04-25 18:20:00', '2026-04-25 18:20:00'),
	(658, NULL, 5, 8, 4, 'P000658', 'P', 'mesa', 'cobrado', '2026-04-25 13:37:00', NULL, '2026-04-25 13:52:00', 'Patricia González Pardo', '948000008', NULL, NULL, 28.64, 1.59, 0.00, 2.86, 29.91, 29.91, 0.00, NULL, NULL, 4, 0, NULL, '2026-04-25 18:37:00', '2026-04-25 18:37:00'),
	(659, NULL, 5, 3, NULL, 'P000659', 'P', 'mostrador', 'cobrado', '2026-04-25 16:06:00', NULL, '2026-04-25 16:47:00', 'Carlos Martínez Soto', '954000003', NULL, NULL, 57.73, 0.00, 0.00, 5.77, 63.50, 63.50, 0.00, NULL, NULL, NULL, 0, NULL, '2026-04-25 21:06:00', '2026-04-25 21:06:00'),
	(660, NULL, 3, 2, NULL, 'P000660', 'P', 'mostrador', 'cobrado', '2026-04-25 21:04:00', NULL, '2026-04-25 22:01:00', 'María Fernández Ruiz', '932000002', NULL, NULL, 89.73, 0.00, 0.00, 8.97, 98.70, 98.70, 0.00, NULL, NULL, NULL, 0, NULL, '2026-04-26 02:04:00', '2026-04-26 02:04:00'),
	(661, NULL, 4, 6, NULL, 'P000661', 'P', 'mostrador', 'anulado', '2026-04-25 19:42:00', NULL, NULL, 'Andrea Sánchez Vega', '981000006', NULL, NULL, 76.82, 0.00, 0.00, 7.68, 84.50, 0.00, 0.00, NULL, NULL, NULL, 0, NULL, '2026-04-26 00:42:00', '2026-04-26 00:42:00'),
	(662, NULL, 1, NULL, 29, 'P000662', 'P', 'mesa', 'cobrado', '2026-04-25 21:03:00', NULL, '2026-04-25 21:23:00', NULL, NULL, NULL, NULL, 30.00, 1.44, 0.00, 3.00, 31.56, 31.56, 0.00, NULL, NULL, 1, 0, NULL, '2026-04-26 02:03:00', '2026-04-26 02:03:00'),
	(663, NULL, 4, 6, NULL, 'P000663', 'P', 'domicilio', 'cobrado', '2026-04-25 13:44:00', NULL, '2026-04-25 14:11:00', 'Andrea Sánchez Vega', '981000006', 'Rúa do Vilar', NULL, 121.09, 0.00, 2.50, 12.11, 135.70, 135.70, 0.00, NULL, NULL, NULL, 0, NULL, '2026-04-25 18:44:00', '2026-04-25 18:44:00'),
	(664, NULL, 2, NULL, 18, 'P000664', 'P', 'mesa', 'cobrado', '2026-04-25 21:44:00', NULL, '2026-04-25 22:33:00', NULL, NULL, NULL, NULL, 67.27, 0.00, 0.00, 6.73, 74.00, 74.00, 0.00, NULL, NULL, 3, 0, NULL, '2026-04-26 02:44:00', '2026-04-26 02:44:00'),
	(665, NULL, 4, 12, NULL, 'P000665', 'P', 'mostrador', 'cobrado', '2026-04-25 19:01:00', NULL, '2026-04-25 19:23:00', 'Roberto Domínguez Castro', '941000012', NULL, NULL, 75.82, 0.00, 0.00, 7.58, 83.40, 83.40, 0.00, NULL, NULL, NULL, 0, NULL, '2026-04-26 00:01:00', '2026-04-26 00:01:00'),
	(666, NULL, 2, 6, NULL, 'P000666', 'P', 'mostrador', 'cobrado', '2026-04-26 18:19:00', NULL, '2026-04-26 19:18:00', 'Andrea Sánchez Vega', '981000006', NULL, NULL, 16.36, 0.00, 0.00, 1.64, 18.00, 18.00, 0.00, NULL, NULL, NULL, 0, NULL, '2026-04-26 23:19:00', '2026-04-26 23:19:00'),
	(667, NULL, 6, 1, NULL, 'P000667', 'P', 'mostrador', 'cobrado', '2026-04-26 12:49:00', NULL, '2026-04-26 13:15:00', 'Juan García López', '912345001', NULL, NULL, 76.73, 0.00, 0.00, 7.67, 84.40, 84.40, 0.00, NULL, NULL, NULL, 0, NULL, '2026-04-26 17:49:00', '2026-04-26 17:49:00'),
	(668, NULL, 3, 5, NULL, 'P000668', 'P', 'telefono', 'cobrado', '2026-04-26 16:03:00', NULL, '2026-04-26 16:47:00', 'Restaurante Pizza Express', '963000005', NULL, NULL, 135.18, 1.13, 0.00, 13.52, 147.57, 147.57, 0.00, NULL, NULL, NULL, 0, NULL, '2026-04-26 21:03:00', '2026-04-26 21:03:00'),
	(669, NULL, 2, 10, NULL, 'P000669', 'P', 'mostrador', 'cobrado', '2026-04-26 20:31:00', NULL, '2026-04-26 21:02:00', 'Sara Jiménez Ramos', '925000010', NULL, NULL, 30.00, 0.00, 0.00, 3.00, 33.00, 33.00, 0.00, NULL, NULL, NULL, 0, NULL, '2026-04-27 01:31:00', '2026-04-27 01:31:00'),
	(670, NULL, 4, 1, NULL, 'P000670', 'P', 'recogida', 'cobrado', '2026-04-26 20:23:00', NULL, '2026-04-26 20:46:00', 'Juan García López', '912345001', NULL, NULL, 38.64, 0.00, 0.00, 3.86, 42.50, 42.50, 0.00, NULL, NULL, NULL, 0, NULL, '2026-04-27 01:23:00', '2026-04-27 01:23:00'),
	(671, NULL, 6, 12, NULL, 'P000671', 'P', 'recogida', 'cobrado', '2026-04-26 22:20:00', NULL, '2026-04-26 23:12:00', 'Roberto Domínguez Castro', '941000012', NULL, NULL, 57.82, 0.00, 0.00, 5.78, 63.60, 63.60, 0.00, NULL, NULL, NULL, 0, NULL, '2026-04-27 03:20:00', '2026-04-27 03:20:00'),
	(672, NULL, 5, 4, 16, 'P000672', 'P', 'mesa', 'cobrado', '2026-04-26 15:04:00', NULL, '2026-04-26 15:35:00', 'Lucía Pérez Sanz', '923000004', NULL, NULL, 50.00, 0.00, 0.00, 5.00, 55.00, 55.00, 0.00, NULL, NULL, 4, 0, NULL, '2026-04-26 20:04:00', '2026-04-26 20:04:00'),
	(673, NULL, 1, NULL, NULL, 'P000673', 'P', 'mostrador', 'cobrado', '2026-04-26 12:11:00', NULL, '2026-04-26 13:08:00', NULL, NULL, NULL, NULL, 49.73, 2.61, 0.00, 4.97, 52.09, 52.09, 0.00, NULL, NULL, NULL, 0, NULL, '2026-04-26 17:11:00', '2026-04-26 17:11:00'),
	(674, NULL, 3, NULL, NULL, 'P000674', 'P', 'mostrador', 'cobrado', '2026-04-26 21:24:00', NULL, '2026-04-26 21:40:00', NULL, NULL, NULL, NULL, 68.18, 0.00, 0.00, 6.82, 75.00, 75.00, 0.00, NULL, NULL, NULL, 0, NULL, '2026-04-27 02:24:00', '2026-04-27 02:24:00'),
	(675, NULL, 5, 10, NULL, 'P000675', 'P', 'mostrador', 'cobrado', '2026-04-26 17:57:00', NULL, '2026-04-26 18:48:00', 'Sara Jiménez Ramos', '925000010', NULL, NULL, 41.82, 0.00, 0.00, 4.18, 46.00, 46.00, 0.00, NULL, NULL, NULL, 0, NULL, '2026-04-26 22:57:00', '2026-04-26 22:57:00'),
	(676, NULL, 5, NULL, 12, 'P000676', 'P', 'mesa', 'cobrado', '2026-04-26 17:18:00', NULL, '2026-04-26 18:09:00', NULL, NULL, NULL, NULL, 34.55, 0.00, 0.00, 3.45, 38.00, 38.00, 0.00, NULL, NULL, 4, 0, NULL, '2026-04-26 22:18:00', '2026-04-26 22:18:00'),
	(677, NULL, 5, 8, NULL, 'P000677', 'P', 'mostrador', 'cobrado', '2026-04-26 19:49:00', NULL, '2026-04-26 20:05:00', 'Patricia González Pardo', '948000008', NULL, NULL, 21.36, 0.00, 0.00, 2.14, 23.50, 23.50, 0.00, NULL, NULL, NULL, 0, NULL, '2026-04-27 00:49:00', '2026-04-27 00:49:00'),
	(678, NULL, 1, NULL, 10, 'P000678', 'P', 'mesa', 'cobrado', '2026-04-26 18:31:00', NULL, '2026-04-26 19:15:00', NULL, NULL, NULL, NULL, 33.64, 0.00, 0.00, 3.36, 37.00, 37.00, 0.00, NULL, NULL, 4, 0, NULL, '2026-04-26 23:31:00', '2026-04-26 23:31:00'),
	(679, NULL, 6, NULL, 7, 'P000679', 'P', 'mesa', 'cobrado', '2026-04-26 18:57:00', NULL, '2026-04-26 19:18:00', NULL, NULL, NULL, NULL, 24.45, 0.00, 0.00, 2.45, 26.90, 26.90, 0.00, NULL, NULL, 1, 0, NULL, '2026-04-26 23:57:00', '2026-04-26 23:57:00'),
	(680, NULL, 6, 5, NULL, 'P000680', 'P', 'telefono', 'cobrado', '2026-04-26 15:45:00', NULL, '2026-04-26 16:22:00', 'Restaurante Pizza Express', '963000005', NULL, NULL, 34.55, 0.00, 0.00, 3.45, 38.00, 38.00, 0.00, NULL, NULL, NULL, 0, NULL, '2026-04-26 20:45:00', '2026-04-26 20:45:00'),
	(681, NULL, 1, 1, 30, 'P000681', 'P', 'mesa', 'cobrado', '2026-04-26 13:11:00', NULL, '2026-04-26 13:28:00', 'Juan García López', '912345001', NULL, NULL, 8.18, 0.00, 0.00, 0.82, 9.00, 9.00, 0.00, NULL, NULL, 3, 0, NULL, '2026-04-26 18:11:00', '2026-04-26 18:11:00'),
	(682, NULL, 5, 9, NULL, 'P000682', 'P', 'recogida', 'cobrado', '2026-04-26 15:33:00', NULL, '2026-04-26 16:33:00', 'Miguel Torres Aguilar', '957000009', NULL, NULL, 29.55, 0.00, 0.00, 2.95, 32.50, 32.50, 0.00, NULL, NULL, NULL, 0, NULL, '2026-04-26 20:33:00', '2026-04-26 20:33:00'),
	(683, NULL, 6, NULL, NULL, 'P000683', 'P', 'mostrador', 'anulado', '2026-04-26 22:45:00', NULL, NULL, NULL, NULL, NULL, NULL, 90.36, 1.82, 0.00, 9.04, 97.58, 0.00, 0.00, NULL, NULL, NULL, 0, NULL, '2026-04-27 03:45:00', '2026-04-27 03:45:00'),
	(684, NULL, 1, NULL, NULL, 'P000684', 'P', 'mostrador', 'cobrado', '2026-04-26 19:59:00', NULL, '2026-04-26 20:49:00', NULL, NULL, NULL, NULL, 12.45, 0.00, 0.00, 1.25, 13.70, 13.70, 0.00, NULL, NULL, NULL, 0, NULL, '2026-04-27 00:59:00', '2026-04-27 00:59:00'),
	(685, NULL, 3, 3, NULL, 'P000685', 'P', 'domicilio', 'cobrado', '2026-04-26 19:10:00', NULL, '2026-04-26 20:04:00', 'Carlos Martínez Soto', '954000003', 'Calle Sierpes', NULL, 69.91, 0.00, 2.50, 6.99, 79.40, 79.40, 0.00, NULL, NULL, NULL, 0, NULL, '2026-04-27 00:10:00', '2026-04-27 00:10:00'),
	(686, NULL, 3, NULL, 4, 'P000686', 'P', 'mesa', 'cobrado', '2026-04-26 23:40:00', NULL, '2026-04-27 00:06:00', NULL, NULL, NULL, NULL, 89.36, 0.00, 0.00, 8.94, 98.30, 98.30, 0.00, NULL, NULL, 1, 0, NULL, '2026-04-27 04:40:00', '2026-04-27 04:40:00'),
	(687, NULL, 3, NULL, NULL, 'P000687', 'P', 'mostrador', 'cobrado', '2026-04-26 16:36:00', NULL, '2026-04-26 16:52:00', NULL, NULL, NULL, NULL, 44.45, 0.00, 0.00, 4.45, 48.90, 48.90, 0.00, NULL, NULL, NULL, 0, NULL, '2026-04-26 21:36:00', '2026-04-26 21:36:00'),
	(688, NULL, 6, 1, NULL, 'P000688', 'P', 'mostrador', 'cobrado', '2026-04-26 20:18:00', NULL, '2026-04-26 20:38:00', 'Juan García López', '912345001', NULL, NULL, 27.27, 0.00, 0.00, 2.73, 30.00, 30.00, 0.00, NULL, NULL, NULL, 0, NULL, '2026-04-27 01:18:00', '2026-04-27 01:18:00'),
	(689, NULL, 3, 6, 22, 'P000689', 'P', 'mesa', 'cobrado', '2026-04-26 17:44:00', NULL, '2026-04-26 18:21:00', 'Andrea Sánchez Vega', '981000006', NULL, NULL, 77.09, 0.00, 0.00, 7.71, 84.80, 84.80, 0.00, NULL, NULL, 2, 0, NULL, '2026-04-26 22:44:00', '2026-04-26 22:44:00'),
	(690, NULL, 2, NULL, NULL, 'P000690', 'P', 'mostrador', 'anulado', '2026-04-26 23:58:00', NULL, NULL, NULL, NULL, NULL, NULL, 14.55, 0.00, 0.00, 1.45, 16.00, 0.00, 0.00, NULL, NULL, NULL, 0, NULL, '2026-04-27 04:58:00', '2026-04-27 04:58:00'),
	(691, NULL, 5, NULL, NULL, 'P000691', 'P', 'mostrador', 'cobrado', '2026-04-26 20:47:00', NULL, '2026-04-26 21:39:00', NULL, NULL, NULL, NULL, 50.00, 2.29, 0.00, 5.00, 52.71, 52.71, 0.00, NULL, NULL, NULL, 0, NULL, '2026-04-27 01:47:00', '2026-04-27 01:47:00'),
	(692, NULL, 2, 12, NULL, 'P000692', 'P', 'mostrador', 'cobrado', '2026-04-26 18:21:00', NULL, '2026-04-26 18:57:00', 'Roberto Domínguez Castro', '941000012', NULL, NULL, 20.45, 0.00, 0.00, 2.05, 22.50, 22.50, 0.00, NULL, NULL, NULL, 0, NULL, '2026-04-26 23:21:00', '2026-04-26 23:21:00'),
	(693, NULL, 1, 4, 6, 'P000693', 'P', 'mesa', 'cobrado', '2026-04-26 22:59:00', NULL, '2026-04-26 23:29:00', 'Lucía Pérez Sanz', '923000004', NULL, NULL, 24.09, 0.00, 0.00, 2.41, 26.50, 26.50, 0.00, NULL, NULL, 4, 0, NULL, '2026-04-27 03:59:00', '2026-04-27 03:59:00'),
	(694, NULL, 5, NULL, NULL, 'P000694', 'P', 'mostrador', 'cobrado', '2026-04-27 21:04:00', NULL, '2026-04-27 21:28:00', NULL, NULL, NULL, NULL, 10.45, 0.00, 0.00, 1.05, 11.50, 11.50, 0.00, NULL, NULL, NULL, 0, NULL, '2026-04-28 02:04:00', '2026-04-28 02:04:00'),
	(695, NULL, 3, 2, NULL, 'P000695', 'P', 'domicilio', 'cobrado', '2026-04-27 14:21:00', NULL, '2026-04-27 15:15:00', 'María Fernández Ruiz', '932000002', 'Avenida Diagonal', NULL, 53.64, 0.00, 2.50, 5.36, 61.50, 61.50, 0.00, NULL, NULL, NULL, 0, NULL, '2026-04-27 19:21:00', '2026-04-27 19:21:00'),
	(696, NULL, 3, 3, NULL, 'P000696', 'P', 'mostrador', 'cobrado', '2026-04-27 13:43:00', NULL, '2026-04-27 14:05:00', 'Carlos Martínez Soto', '954000003', NULL, NULL, 68.73, 0.00, 0.00, 6.87, 75.60, 75.60, 0.00, NULL, NULL, NULL, 0, NULL, '2026-04-27 18:43:00', '2026-04-27 18:43:00'),
	(697, NULL, 3, NULL, NULL, 'P000697', 'P', 'mostrador', 'cobrado', '2026-04-27 22:18:00', NULL, '2026-04-27 23:00:00', NULL, NULL, NULL, NULL, 32.73, 0.00, 0.00, 3.27, 36.00, 36.00, 0.00, NULL, NULL, NULL, 0, NULL, '2026-04-28 03:18:00', '2026-04-28 03:18:00'),
	(698, NULL, 5, 10, NULL, 'P000698', 'P', 'domicilio', 'cobrado', '2026-04-27 21:37:00', NULL, '2026-04-27 22:17:00', 'Sara Jiménez Ramos', '925000010', 'Plaza de Zocodover', NULL, 4.09, 0.00, 2.50, 0.41, 7.00, 7.00, 0.00, NULL, NULL, NULL, 0, NULL, '2026-04-28 02:37:00', '2026-04-28 02:37:00'),
	(699, NULL, 4, NULL, NULL, 'P000699', 'P', 'recogida', 'cobrado', '2026-04-27 15:23:00', NULL, '2026-04-27 16:02:00', NULL, NULL, NULL, NULL, 23.18, 0.00, 0.00, 2.32, 25.50, 25.50, 0.00, NULL, NULL, NULL, 0, NULL, '2026-04-27 20:23:00', '2026-04-27 20:23:00'),
	(700, NULL, 1, 6, NULL, 'P000700', 'P', 'domicilio', 'cobrado', '2026-04-27 21:40:00', NULL, '2026-04-27 22:14:00', 'Andrea Sánchez Vega', '981000006', 'Rúa do Vilar', NULL, 43.18, 0.00, 2.50, 4.32, 50.00, 50.00, 0.00, NULL, NULL, NULL, 0, NULL, '2026-04-28 02:40:00', '2026-04-28 02:40:00'),
	(701, NULL, 1, NULL, NULL, 'P000701', 'P', 'mostrador', 'cobrado', '2026-04-27 21:37:00', NULL, '2026-04-27 22:26:00', NULL, NULL, NULL, NULL, 21.36, 0.00, 0.00, 2.14, 23.50, 23.50, 0.00, NULL, NULL, NULL, 0, NULL, '2026-04-28 02:37:00', '2026-04-28 02:37:00'),
	(702, NULL, 4, NULL, NULL, 'P000702', 'P', 'mostrador', 'cobrado', '2026-04-27 12:21:00', NULL, '2026-04-27 12:53:00', NULL, NULL, NULL, NULL, 8.18, 0.00, 0.00, 0.82, 9.00, 9.00, 0.00, NULL, NULL, NULL, 0, NULL, '2026-04-27 17:21:00', '2026-04-27 17:21:00'),
	(703, NULL, 3, NULL, NULL, 'P000703', 'P', 'mostrador', 'cobrado', '2026-04-27 21:04:00', NULL, '2026-04-27 21:50:00', NULL, NULL, NULL, NULL, 84.91, 0.00, 0.00, 8.49, 93.40, 93.40, 0.00, NULL, NULL, NULL, 0, NULL, '2026-04-28 02:04:00', '2026-04-28 02:04:00'),
	(704, NULL, 4, 6, NULL, 'P000704', 'P', 'telefono', 'cobrado', '2026-04-27 14:09:00', NULL, '2026-04-27 15:04:00', 'Andrea Sánchez Vega', '981000006', NULL, NULL, 100.36, 0.00, 0.00, 10.04, 110.40, 110.40, 0.00, NULL, NULL, NULL, 0, NULL, '2026-04-27 19:09:00', '2026-04-27 19:09:00'),
	(705, NULL, 3, NULL, NULL, 'P000705', 'P', 'mostrador', 'cobrado', '2026-04-27 22:37:00', NULL, '2026-04-27 22:55:00', NULL, NULL, NULL, NULL, 58.55, 0.00, 0.00, 5.85, 64.40, 64.40, 0.00, NULL, NULL, NULL, 0, NULL, '2026-04-28 03:37:00', '2026-04-28 03:37:00'),
	(706, NULL, 4, NULL, NULL, 'P000706', 'P', 'mostrador', 'cobrado', '2026-04-28 15:57:00', NULL, '2026-04-28 16:46:00', NULL, NULL, NULL, NULL, 9.91, 0.00, 0.00, 0.99, 10.90, 10.90, 0.00, NULL, NULL, NULL, 0, NULL, '2026-04-28 20:57:00', '2026-04-28 20:57:00'),
	(707, NULL, 5, NULL, NULL, 'P000707', 'P', 'recogida', 'cobrado', '2026-04-28 18:02:00', NULL, '2026-04-28 18:29:00', NULL, NULL, NULL, NULL, 58.64, 0.00, 0.00, 5.86, 64.50, 64.50, 0.00, NULL, NULL, NULL, 0, NULL, '2026-04-28 23:02:00', '2026-04-28 23:02:00'),
	(708, NULL, 3, 5, NULL, 'P000708', 'P', 'mostrador', 'cobrado', '2026-04-28 12:28:00', NULL, '2026-04-28 13:00:00', 'Restaurante Pizza Express', '963000005', NULL, NULL, 122.91, 0.00, 0.00, 12.29, 135.20, 135.20, 0.00, NULL, NULL, NULL, 0, NULL, '2026-04-28 17:28:00', '2026-04-28 17:28:00'),
	(709, NULL, 4, NULL, 9, 'P000709', 'P', 'mesa', 'cobrado', '2026-04-28 20:17:00', NULL, '2026-04-28 20:46:00', NULL, NULL, NULL, NULL, 33.55, 0.00, 0.00, 3.35, 36.90, 36.90, 0.00, NULL, NULL, 3, 0, NULL, '2026-04-29 01:17:00', '2026-04-29 01:17:00'),
	(710, NULL, 3, 12, NULL, 'P000710', 'P', 'recogida', 'cobrado', '2026-04-28 12:50:00', NULL, '2026-04-28 13:21:00', 'Roberto Domínguez Castro', '941000012', NULL, NULL, 52.45, 0.00, 0.00, 5.25, 57.70, 57.70, 0.00, NULL, NULL, NULL, 0, NULL, '2026-04-28 17:50:00', '2026-04-28 17:50:00'),
	(711, NULL, 3, NULL, 5, 'P000711', 'P', 'mesa', 'cobrado', '2026-04-28 15:22:00', NULL, '2026-04-28 16:16:00', NULL, NULL, NULL, NULL, 49.27, 0.00, 0.00, 4.93, 54.20, 54.20, 0.00, NULL, NULL, 1, 0, NULL, '2026-04-28 20:22:00', '2026-04-28 20:22:00'),
	(712, NULL, 5, 5, NULL, 'P000712', 'P', 'mostrador', 'cobrado', '2026-04-28 15:12:00', NULL, '2026-04-28 16:09:00', 'Restaurante Pizza Express', '963000005', NULL, NULL, 43.64, 0.00, 0.00, 4.36, 48.00, 48.00, 0.00, NULL, NULL, NULL, 0, NULL, '2026-04-28 20:12:00', '2026-04-28 20:12:00'),
	(713, NULL, 6, NULL, NULL, 'P000713', 'P', 'mostrador', 'cobrado', '2026-04-28 20:16:00', NULL, '2026-04-28 20:38:00', NULL, NULL, NULL, NULL, 14.09, 0.00, 0.00, 1.41, 15.50, 15.50, 0.00, NULL, NULL, NULL, 0, NULL, '2026-04-29 01:16:00', '2026-04-29 01:16:00'),
	(714, NULL, 4, 8, NULL, 'P000714', 'P', 'telefono', 'cobrado', '2026-04-28 21:50:00', NULL, '2026-04-28 22:27:00', 'Patricia González Pardo', '948000008', NULL, NULL, 30.18, 0.00, 0.00, 3.02, 33.20, 33.20, 0.00, NULL, NULL, NULL, 0, NULL, '2026-04-29 02:50:00', '2026-04-29 02:50:00'),
	(715, NULL, 6, 2, NULL, 'P000715', 'P', 'mostrador', 'cobrado', '2026-04-28 21:03:00', NULL, '2026-04-28 21:58:00', 'María Fernández Ruiz', '932000002', NULL, NULL, 14.09, 0.00, 0.00, 1.41, 15.50, 15.50, 0.00, NULL, NULL, NULL, 0, NULL, '2026-04-29 02:03:00', '2026-04-29 02:03:00'),
	(716, NULL, 6, 2, 25, 'P000716', 'P', 'mesa', 'cobrado', '2026-04-28 17:14:00', NULL, '2026-04-28 17:34:00', 'María Fernández Ruiz', '932000002', NULL, NULL, 36.36, 0.00, 0.00, 3.64, 40.00, 40.00, 0.00, NULL, NULL, 4, 0, NULL, '2026-04-28 22:14:00', '2026-04-28 22:14:00'),
	(717, NULL, 3, 4, NULL, 'P000717', 'P', 'mostrador', 'cobrado', '2026-04-28 22:13:00', NULL, '2026-04-28 22:52:00', 'Lucía Pérez Sanz', '923000004', NULL, NULL, 64.64, 0.00, 0.00, 6.46, 71.10, 71.10, 0.00, NULL, NULL, NULL, 0, NULL, '2026-04-29 03:13:00', '2026-04-29 03:13:00'),
	(718, NULL, 4, NULL, NULL, 'P000718', 'P', 'mostrador', 'cobrado', '2026-04-28 21:07:00', NULL, '2026-04-28 21:23:00', NULL, NULL, NULL, NULL, 15.45, 0.00, 0.00, 1.55, 17.00, 17.00, 0.00, NULL, NULL, NULL, 0, NULL, '2026-04-29 02:07:00', '2026-04-29 02:07:00'),
	(719, NULL, 3, NULL, NULL, 'P000719', 'P', 'mostrador', 'anulado', '2026-04-28 22:52:00', NULL, NULL, NULL, NULL, NULL, NULL, 10.45, 0.00, 0.00, 1.05, 11.50, 0.00, 0.00, NULL, NULL, NULL, 0, NULL, '2026-04-29 03:52:00', '2026-04-29 03:52:00'),
	(720, NULL, 3, 4, 21, 'P000720', 'P', 'mesa', 'cobrado', '2026-04-28 16:32:00', NULL, '2026-04-28 16:49:00', 'Lucía Pérez Sanz', '923000004', NULL, NULL, 33.36, 0.00, 0.00, 3.34, 36.70, 36.70, 0.00, NULL, NULL, 3, 0, NULL, '2026-04-28 21:32:00', '2026-04-28 21:32:00'),
	(721, NULL, 2, 1, NULL, 'P000721', 'P', 'domicilio', 'cobrado', '2026-04-29 13:16:00', NULL, '2026-04-29 13:37:00', 'Juan García López', '912345001', 'Calle Goya', NULL, 67.64, 0.00, 2.50, 6.76, 76.90, 76.90, 0.00, NULL, NULL, NULL, 0, NULL, '2026-04-29 18:16:00', '2026-04-29 18:16:00'),
	(722, NULL, 2, 9, NULL, 'P000722', 'P', 'domicilio', 'cobrado', '2026-04-29 15:56:00', NULL, '2026-04-29 16:54:00', 'Miguel Torres Aguilar', '957000009', 'Calle Cruz Conde', NULL, 40.55, 0.00, 2.50, 4.05, 47.10, 47.10, 0.00, NULL, NULL, NULL, 0, NULL, '2026-04-29 20:56:00', '2026-04-29 20:56:00'),
	(723, NULL, 5, NULL, 25, 'P000723', 'P', 'mesa', 'cobrado', '2026-04-29 21:32:00', NULL, '2026-04-29 22:11:00', NULL, NULL, NULL, NULL, 23.18, 0.00, 0.00, 2.32, 25.50, 25.50, 0.00, NULL, NULL, 1, 0, NULL, '2026-04-30 02:32:00', '2026-04-30 02:32:00'),
	(724, NULL, 3, NULL, 23, 'P000724', 'P', 'mesa', 'cobrado', '2026-04-29 23:46:00', NULL, '2026-04-30 00:19:00', NULL, NULL, NULL, NULL, 37.27, 0.00, 0.00, 3.73, 41.00, 41.00, 0.00, NULL, NULL, 4, 0, NULL, '2026-04-30 04:46:00', '2026-04-30 04:46:00'),
	(725, NULL, 6, 2, NULL, 'P000725', 'P', 'mostrador', 'cobrado', '2026-04-29 14:24:00', NULL, '2026-04-29 15:09:00', 'María Fernández Ruiz', '932000002', NULL, NULL, 45.64, 0.00, 0.00, 4.56, 50.20, 50.20, 0.00, NULL, NULL, NULL, 0, NULL, '2026-04-29 19:24:00', '2026-04-29 19:24:00'),
	(726, NULL, 3, 5, NULL, 'P000726', 'P', 'mostrador', 'cobrado', '2026-04-29 15:30:00', NULL, '2026-04-29 16:04:00', 'Restaurante Pizza Express', '963000005', NULL, NULL, 34.55, 0.00, 0.00, 3.45, 38.00, 38.00, 0.00, NULL, NULL, NULL, 0, NULL, '2026-04-29 20:30:00', '2026-04-29 20:30:00'),
	(727, NULL, 2, NULL, NULL, 'P000727', 'P', 'recogida', 'cobrado', '2026-04-29 17:13:00', NULL, '2026-04-29 18:08:00', NULL, NULL, NULL, NULL, 35.45, 0.00, 0.00, 3.55, 39.00, 39.00, 0.00, NULL, NULL, NULL, 0, NULL, '2026-04-29 22:13:00', '2026-04-29 22:13:00'),
	(728, NULL, 6, 11, 25, 'P000728', 'P', 'mesa', 'cobrado', '2026-04-29 21:16:00', NULL, '2026-04-29 21:43:00', 'Café Bar Central', '928000011', NULL, NULL, 47.09, 0.00, 0.00, 4.71, 51.80, 51.80, 0.00, NULL, NULL, 3, 0, NULL, '2026-04-30 02:16:00', '2026-04-30 02:16:00'),
	(729, NULL, 4, 2, 14, 'P000729', 'P', 'mesa', 'cobrado', '2026-04-29 21:51:00', NULL, '2026-04-29 22:25:00', 'María Fernández Ruiz', '932000002', NULL, NULL, 35.91, 0.00, 0.00, 3.59, 39.50, 39.50, 0.00, NULL, NULL, 4, 0, NULL, '2026-04-30 02:51:00', '2026-04-30 02:51:00'),
	(730, NULL, 2, NULL, NULL, 'P000730', 'P', 'mostrador', 'cobrado', '2026-04-29 17:14:00', NULL, '2026-04-29 17:47:00', NULL, NULL, NULL, NULL, 3.18, 0.00, 0.00, 0.32, 3.50, 3.50, 0.00, NULL, NULL, NULL, 0, NULL, '2026-04-29 22:14:00', '2026-04-29 22:14:00'),
	(731, NULL, 1, NULL, 16, 'P000731', 'P', 'mesa', 'cobrado', '2026-04-29 23:26:00', NULL, '2026-04-29 23:46:00', NULL, NULL, NULL, NULL, 28.64, 0.00, 0.00, 2.86, 31.50, 31.50, 0.00, NULL, NULL, 4, 0, NULL, '2026-04-30 04:26:00', '2026-04-30 04:26:00'),
	(732, NULL, 6, 10, NULL, 'P000732', 'P', 'domicilio', 'cobrado', '2026-04-29 14:43:00', NULL, '2026-04-29 15:30:00', 'Sara Jiménez Ramos', '925000010', 'Plaza de Zocodover', NULL, 12.27, 0.00, 2.50, 1.23, 16.00, 16.00, 0.00, NULL, NULL, NULL, 0, NULL, '2026-04-29 19:43:00', '2026-04-29 19:43:00'),
	(733, NULL, 3, 11, 18, 'P000733', 'P', 'mesa', 'cobrado', '2026-04-29 15:33:00', NULL, '2026-04-29 15:59:00', 'Café Bar Central', '928000011', NULL, NULL, 23.91, 0.00, 0.00, 2.39, 26.30, 26.30, 0.00, NULL, NULL, 2, 0, NULL, '2026-04-29 20:33:00', '2026-04-29 20:33:00'),
	(734, NULL, 2, 3, NULL, 'P000734', 'P', 'mostrador', 'cobrado', '2026-04-29 13:09:00', NULL, '2026-04-29 14:05:00', 'Carlos Martínez Soto', '954000003', NULL, NULL, 64.55, 0.00, 0.00, 6.45, 71.00, 71.00, 0.00, NULL, NULL, NULL, 0, NULL, '2026-04-29 18:09:00', '2026-04-29 18:09:00'),
	(735, NULL, 1, NULL, 18, 'P000735', 'P', 'mesa', 'cobrado', '2026-04-29 15:52:00', NULL, '2026-04-29 16:12:00', NULL, NULL, NULL, NULL, 20.91, 0.00, 0.00, 2.09, 23.00, 23.00, 0.00, NULL, NULL, 1, 0, NULL, '2026-04-29 20:52:00', '2026-04-29 20:52:00'),
	(736, NULL, 3, 5, NULL, 'P000736', 'P', 'domicilio', 'anulado', '2026-04-29 23:09:00', NULL, NULL, 'Restaurante Pizza Express', '963000005', 'Avenida Principal', NULL, 21.09, 0.00, 2.50, 2.11, 25.70, 0.00, 0.00, NULL, NULL, NULL, 0, NULL, '2026-04-30 04:09:00', '2026-04-30 04:09:00'),
	(737, NULL, 6, 10, NULL, 'P000737', 'P', 'domicilio', 'cobrado', '2026-04-29 20:04:00', NULL, '2026-04-29 20:24:00', 'Sara Jiménez Ramos', '925000010', 'Plaza de Zocodover', NULL, 10.91, 0.00, 2.50, 1.09, 14.50, 14.50, 0.00, NULL, NULL, NULL, 0, NULL, '2026-04-30 01:04:00', '2026-04-30 01:04:00'),
	(738, NULL, 6, NULL, 20, 'P000738', 'P', 'mesa', 'cobrado', '2026-04-29 20:11:00', NULL, '2026-04-29 20:53:00', NULL, NULL, NULL, NULL, 40.91, 0.00, 0.00, 4.09, 45.00, 45.00, 0.00, NULL, NULL, 2, 0, NULL, '2026-04-30 01:11:00', '2026-04-30 01:11:00'),
	(739, NULL, 5, 2, NULL, 'P000739', 'P', 'mostrador', 'cobrado', '2026-04-30 16:53:00', NULL, '2026-04-30 17:19:00', 'María Fernández Ruiz', '932000002', NULL, NULL, 11.82, 0.00, 0.00, 1.18, 13.00, 13.00, 0.00, NULL, NULL, NULL, 0, NULL, '2026-04-30 21:53:00', '2026-04-30 21:53:00'),
	(740, NULL, 3, 2, NULL, 'P000740', 'P', 'recogida', 'cobrado', '2026-04-30 21:38:00', NULL, '2026-04-30 22:12:00', 'María Fernández Ruiz', '932000002', NULL, NULL, 64.45, 0.00, 0.00, 6.45, 70.90, 70.90, 0.00, NULL, NULL, NULL, 0, NULL, '2026-05-01 02:38:00', '2026-05-01 02:38:00'),
	(741, NULL, 4, 4, NULL, 'P000741', 'P', 'domicilio', 'cobrado', '2026-04-30 17:22:00', NULL, '2026-04-30 18:12:00', 'Lucía Pérez Sanz', '923000004', 'Plaza Mayor', NULL, 54.91, 0.00, 2.50, 5.49, 62.90, 62.90, 0.00, NULL, NULL, NULL, 0, NULL, '2026-04-30 22:22:00', '2026-04-30 22:22:00'),
	(742, NULL, 1, 4, NULL, 'P000742', 'P', 'mostrador', 'cobrado', '2026-04-30 22:04:00', NULL, '2026-04-30 22:24:00', 'Lucía Pérez Sanz', '923000004', NULL, NULL, 32.27, 0.00, 0.00, 3.23, 35.50, 35.50, 0.00, NULL, NULL, NULL, 0, NULL, '2026-05-01 03:04:00', '2026-05-01 03:04:00'),
	(743, NULL, 5, NULL, NULL, 'P000743', 'P', 'mostrador', 'anulado', '2026-04-30 23:22:00', NULL, NULL, NULL, NULL, NULL, NULL, 24.09, 0.00, 0.00, 2.41, 26.50, 0.00, 0.00, NULL, NULL, NULL, 0, NULL, '2026-05-01 04:22:00', '2026-05-01 04:22:00'),
	(744, NULL, 4, NULL, NULL, 'P000744', 'P', 'recogida', 'cobrado', '2026-04-30 22:54:00', NULL, '2026-04-30 23:53:00', NULL, NULL, NULL, NULL, 50.00, 0.00, 0.00, 5.00, 55.00, 55.00, 0.00, NULL, NULL, NULL, 0, NULL, '2026-05-01 03:54:00', '2026-05-01 03:54:00'),
	(745, NULL, 5, 2, NULL, 'P000745', 'P', 'telefono', 'cobrado', '2026-04-30 12:02:00', NULL, '2026-04-30 13:02:00', 'María Fernández Ruiz', '932000002', NULL, NULL, 26.82, 0.00, 0.00, 2.68, 29.50, 29.50, 0.00, NULL, NULL, NULL, 0, NULL, '2026-04-30 17:02:00', '2026-04-30 17:02:00'),
	(746, NULL, 2, NULL, 2, 'P000746', 'P', 'mesa', 'cobrado', '2026-04-30 20:11:00', NULL, '2026-04-30 20:33:00', NULL, NULL, NULL, NULL, 50.82, 0.00, 0.00, 5.08, 55.90, 55.90, 0.00, NULL, NULL, 2, 0, NULL, '2026-05-01 01:11:00', '2026-05-01 01:11:00'),
	(747, NULL, 4, 1, NULL, 'P000747', 'P', 'telefono', 'cobrado', '2026-04-30 16:19:00', NULL, '2026-04-30 16:47:00', 'Juan García López', '912345001', NULL, NULL, 108.82, 0.00, 0.00, 10.88, 119.70, 119.70, 0.00, NULL, NULL, NULL, 0, NULL, '2026-04-30 21:19:00', '2026-04-30 21:19:00'),
	(748, NULL, 5, 5, 11, 'P000748', 'P', 'mesa', 'cobrado', '2026-04-30 12:08:00', NULL, '2026-04-30 12:56:00', 'Restaurante Pizza Express', '963000005', NULL, NULL, 9.55, 2.40, 0.00, 0.95, 8.10, 8.10, 0.00, NULL, NULL, 1, 0, NULL, '2026-04-30 17:08:00', '2026-04-30 17:08:00'),
	(749, NULL, 3, NULL, NULL, 'P000749', 'P', 'recogida', 'cobrado', '2026-04-30 12:39:00', NULL, '2026-04-30 13:16:00', NULL, NULL, NULL, NULL, 70.45, 0.00, 0.00, 7.05, 77.50, 77.50, 0.00, NULL, NULL, NULL, 0, NULL, '2026-04-30 17:39:00', '2026-04-30 17:39:00'),
	(750, NULL, 4, NULL, 24, 'P000750', 'P', 'mesa', 'cobrado', '2026-04-30 13:54:00', NULL, '2026-04-30 14:25:00', NULL, NULL, NULL, NULL, 85.00, 0.00, 0.00, 8.50, 93.50, 93.50, 0.00, NULL, NULL, 1, 0, NULL, '2026-04-30 18:54:00', '2026-04-30 18:54:00'),
	(751, NULL, 4, NULL, NULL, 'P000751', 'P', 'recogida', 'cobrado', '2026-04-30 12:01:00', NULL, '2026-04-30 12:38:00', NULL, NULL, NULL, NULL, 31.73, 0.00, 0.00, 3.17, 34.90, 34.90, 0.00, NULL, NULL, NULL, 0, NULL, '2026-04-30 17:01:00', '2026-04-30 17:01:00'),
	(752, NULL, 3, 7, NULL, 'P000752', 'P', 'domicilio', 'anulado', '2026-04-30 12:13:00', NULL, NULL, 'David Rodríguez Núñez', '976000007', 'Paseo Independencia', NULL, 47.27, 0.00, 2.50, 4.73, 54.50, 0.00, 0.00, NULL, NULL, NULL, 0, NULL, '2026-04-30 17:13:00', '2026-04-30 17:13:00'),
	(753, NULL, 4, NULL, NULL, 'P000753', 'P', 'recogida', 'cobrado', '2026-05-01 14:10:00', NULL, '2026-05-01 14:58:00', NULL, NULL, NULL, NULL, 40.45, 0.00, 0.00, 4.05, 44.50, 44.50, 0.00, NULL, NULL, NULL, 0, NULL, '2026-05-01 19:10:00', '2026-05-01 19:10:00'),
	(754, NULL, 2, 2, NULL, 'P000754', 'P', 'mostrador', 'cobrado', '2026-05-01 22:18:00', NULL, '2026-05-01 23:08:00', 'María Fernández Ruiz', '932000002', NULL, NULL, 64.55, 0.00, 0.00, 6.45, 71.00, 71.00, 0.00, NULL, NULL, NULL, 0, NULL, '2026-05-02 03:18:00', '2026-05-02 03:18:00'),
	(755, NULL, 1, 7, NULL, 'P000755', 'P', 'domicilio', 'cobrado', '2026-05-01 12:18:00', NULL, '2026-05-01 13:09:00', 'David Rodríguez Núñez', '976000007', 'Paseo Independencia', NULL, 38.55, 0.00, 2.50, 3.85, 44.90, 44.90, 0.00, NULL, NULL, NULL, 0, NULL, '2026-05-01 17:18:00', '2026-05-01 17:18:00'),
	(756, NULL, 3, NULL, NULL, 'P000756', 'P', 'mostrador', 'cobrado', '2026-05-01 15:30:00', NULL, '2026-05-01 16:20:00', NULL, NULL, NULL, NULL, 68.64, 0.00, 0.00, 6.86, 75.50, 75.50, 0.00, NULL, NULL, NULL, 0, NULL, '2026-05-01 20:30:00', '2026-05-01 20:30:00'),
	(757, NULL, 6, 2, NULL, 'P000757', 'P', 'mostrador', 'cobrado', '2026-05-01 16:09:00', NULL, '2026-05-01 16:54:00', 'María Fernández Ruiz', '932000002', NULL, NULL, 32.18, 0.00, 0.00, 3.22, 35.40, 35.40, 0.00, NULL, NULL, NULL, 0, NULL, '2026-05-01 21:09:00', '2026-05-01 21:09:00'),
	(758, NULL, 4, 6, NULL, 'P000758', 'P', 'recogida', 'cobrado', '2026-05-01 20:00:00', NULL, '2026-05-01 20:55:00', 'Andrea Sánchez Vega', '981000006', NULL, NULL, 15.64, 0.00, 0.00, 1.56, 17.20, 17.20, 0.00, NULL, NULL, NULL, 0, NULL, '2026-05-02 01:00:00', '2026-05-02 01:00:00'),
	(759, NULL, 3, NULL, 25, 'P000759', 'P', 'mesa', 'cobrado', '2026-05-01 22:42:00', NULL, '2026-05-01 23:06:00', NULL, NULL, NULL, NULL, 19.09, 0.00, 0.00, 1.91, 21.00, 21.00, 0.00, NULL, NULL, 2, 0, NULL, '2026-05-02 03:42:00', '2026-05-02 03:42:00'),
	(760, NULL, 6, 10, NULL, 'P000760', 'P', 'telefono', 'cobrado', '2026-05-01 12:47:00', NULL, '2026-05-01 13:15:00', 'Sara Jiménez Ramos', '925000010', NULL, NULL, 37.27, 0.00, 0.00, 3.73, 41.00, 41.00, 0.00, NULL, NULL, NULL, 0, NULL, '2026-05-01 17:47:00', '2026-05-01 17:47:00'),
	(761, NULL, 6, 12, NULL, 'P000761', 'P', 'domicilio', 'cobrado', '2026-05-01 18:34:00', NULL, '2026-05-01 19:26:00', 'Roberto Domínguez Castro', '941000012', 'Calle Portales', NULL, 62.73, 0.00, 2.50, 6.27, 71.50, 71.50, 0.00, NULL, NULL, NULL, 0, NULL, '2026-05-01 23:34:00', '2026-05-01 23:34:00'),
	(762, NULL, 5, 1, NULL, 'P000762', 'P', 'mostrador', 'cobrado', '2026-05-01 23:52:00', NULL, '2026-05-02 00:29:00', 'Juan García López', '912345001', NULL, NULL, 35.45, 0.00, 0.00, 3.55, 39.00, 39.00, 0.00, NULL, NULL, NULL, 0, NULL, '2026-05-02 04:52:00', '2026-05-02 04:52:00'),
	(763, NULL, 5, NULL, NULL, 'P000763', 'P', 'mostrador', 'anulado', '2026-05-01 13:09:00', NULL, NULL, NULL, NULL, NULL, NULL, 63.18, 2.41, 0.00, 6.32, 67.09, 0.00, 0.00, NULL, NULL, NULL, 0, NULL, '2026-05-01 18:09:00', '2026-05-01 18:09:00'),
	(764, NULL, 5, NULL, NULL, 'P000764', 'P', 'mostrador', 'cobrado', '2026-05-02 15:58:00', NULL, '2026-05-02 16:42:00', NULL, NULL, NULL, NULL, 6.36, 0.00, 0.00, 0.64, 7.00, 7.00, 0.00, NULL, NULL, NULL, 0, NULL, '2026-05-02 20:58:00', '2026-05-02 20:58:00'),
	(765, NULL, 6, NULL, 28, 'P000765', 'P', 'mesa', 'cobrado', '2026-05-02 15:54:00', NULL, '2026-05-02 16:10:00', NULL, NULL, NULL, NULL, 69.91, 0.00, 0.00, 6.99, 76.90, 76.90, 0.00, NULL, NULL, 3, 0, NULL, '2026-05-02 20:54:00', '2026-05-02 20:54:00'),
	(766, NULL, 4, 5, NULL, 'P000766', 'P', 'recogida', 'cobrado', '2026-05-02 20:48:00', NULL, '2026-05-02 21:16:00', 'Restaurante Pizza Express', '963000005', NULL, NULL, 15.45, 0.00, 0.00, 1.55, 17.00, 17.00, 0.00, NULL, NULL, NULL, 0, NULL, '2026-05-03 01:48:00', '2026-05-03 01:48:00'),
	(767, NULL, 4, 8, 22, 'P000767', 'P', 'mesa', 'cobrado', '2026-05-02 19:43:00', NULL, '2026-05-02 20:10:00', 'Patricia González Pardo', '948000008', NULL, NULL, 88.55, 0.00, 0.00, 8.85, 97.40, 97.40, 0.00, NULL, NULL, 3, 0, NULL, '2026-05-03 00:43:00', '2026-05-03 00:43:00'),
	(768, NULL, 4, 10, 4, 'P000768', 'P', 'mesa', 'cobrado', '2026-05-02 15:17:00', NULL, '2026-05-02 15:56:00', 'Sara Jiménez Ramos', '925000010', NULL, NULL, 26.82, 0.00, 0.00, 2.68, 29.50, 29.50, 0.00, NULL, NULL, 2, 0, NULL, '2026-05-02 20:17:00', '2026-05-02 20:17:00'),
	(769, NULL, 6, NULL, NULL, 'P000769', 'P', 'mostrador', 'cobrado', '2026-05-02 20:15:00', NULL, '2026-05-02 20:44:00', NULL, NULL, NULL, NULL, 19.82, 0.00, 0.00, 1.98, 21.80, 21.80, 0.00, NULL, NULL, NULL, 0, NULL, '2026-05-03 01:15:00', '2026-05-03 01:15:00'),
	(770, NULL, 5, NULL, 21, 'P000770', 'P', 'mesa', 'cobrado', '2026-05-02 21:55:00', NULL, '2026-05-02 22:15:00', NULL, NULL, NULL, NULL, 67.91, 0.00, 0.00, 6.79, 74.70, 74.70, 0.00, NULL, NULL, 2, 0, NULL, '2026-05-03 02:55:00', '2026-05-03 02:55:00'),
	(771, NULL, 1, 12, NULL, 'P000771', 'P', 'domicilio', 'anulado', '2026-05-02 16:23:00', NULL, NULL, 'Roberto Domínguez Castro', '941000012', 'Calle Portales', NULL, 18.55, 0.00, 2.50, 1.85, 22.90, 0.00, 0.00, NULL, NULL, NULL, 0, NULL, '2026-05-02 21:23:00', '2026-05-02 21:23:00'),
	(772, NULL, 1, 6, NULL, 'P000772', 'P', 'domicilio', 'cobrado', '2026-05-02 13:37:00', NULL, '2026-05-02 13:55:00', 'Andrea Sánchez Vega', '981000006', 'Rúa do Vilar', NULL, 73.45, 0.00, 2.50, 7.35, 83.30, 83.30, 0.00, NULL, NULL, NULL, 0, NULL, '2026-05-02 18:37:00', '2026-05-02 18:37:00'),
	(773, NULL, 2, 3, NULL, 'P000773', 'P', 'recogida', 'cobrado', '2026-05-02 14:58:00', NULL, '2026-05-02 15:17:00', 'Carlos Martínez Soto', '954000003', NULL, NULL, 71.36, 0.00, 0.00, 7.14, 78.50, 78.50, 0.00, NULL, NULL, NULL, 0, NULL, '2026-05-02 19:58:00', '2026-05-02 19:58:00'),
	(774, NULL, 6, 2, NULL, 'P000774', 'P', 'domicilio', 'cobrado', '2026-05-02 14:06:00', NULL, '2026-05-02 15:00:00', 'María Fernández Ruiz', '932000002', 'Avenida Diagonal', NULL, 20.45, 0.00, 2.50, 2.05, 25.00, 25.00, 0.00, NULL, NULL, NULL, 0, NULL, '2026-05-02 19:06:00', '2026-05-02 19:06:00'),
	(775, NULL, 3, NULL, NULL, 'P000775', 'P', 'recogida', 'cobrado', '2026-05-02 22:22:00', NULL, '2026-05-02 23:07:00', NULL, NULL, NULL, NULL, 64.09, 0.00, 0.00, 6.41, 70.50, 70.50, 0.00, NULL, NULL, NULL, 0, NULL, '2026-05-03 03:22:00', '2026-05-03 03:22:00'),
	(776, NULL, 5, NULL, NULL, 'P000776', 'P', 'mostrador', 'cobrado', '2026-05-02 13:53:00', NULL, '2026-05-02 14:19:00', NULL, NULL, NULL, NULL, 23.18, 0.00, 0.00, 2.32, 25.50, 25.50, 0.00, NULL, NULL, NULL, 0, NULL, '2026-05-02 18:53:00', '2026-05-02 18:53:00'),
	(777, NULL, 1, NULL, NULL, 'P000777', 'P', 'mostrador', 'cobrado', '2026-05-02 20:47:00', NULL, '2026-05-02 21:03:00', NULL, NULL, NULL, NULL, 53.18, 0.00, 0.00, 5.32, 58.50, 58.50, 0.00, NULL, NULL, NULL, 0, NULL, '2026-05-03 01:47:00', '2026-05-03 01:47:00'),
	(778, NULL, 4, 4, NULL, 'P000778', 'P', 'telefono', 'cobrado', '2026-05-02 14:18:00', NULL, '2026-05-02 15:04:00', 'Lucía Pérez Sanz', '923000004', NULL, NULL, 51.18, 0.00, 0.00, 5.12, 56.30, 56.30, 0.00, NULL, NULL, NULL, 0, NULL, '2026-05-02 19:18:00', '2026-05-02 19:18:00'),
	(779, NULL, 6, 3, NULL, 'P000779', 'P', 'telefono', 'cobrado', '2026-05-02 21:55:00', NULL, '2026-05-02 22:43:00', 'Carlos Martínez Soto', '954000003', NULL, NULL, 13.18, 0.00, 0.00, 1.32, 14.50, 14.50, 0.00, NULL, NULL, NULL, 0, NULL, '2026-05-03 02:55:00', '2026-05-03 02:55:00'),
	(780, NULL, 5, 6, NULL, 'P000780', 'P', 'domicilio', 'cobrado', '2026-05-02 17:27:00', NULL, '2026-05-02 17:56:00', 'Andrea Sánchez Vega', '981000006', 'Rúa do Vilar', NULL, 47.27, 0.00, 2.50, 4.73, 54.50, 54.50, 0.00, NULL, NULL, NULL, 0, NULL, '2026-05-02 22:27:00', '2026-05-02 22:27:00'),
	(781, NULL, 1, 6, NULL, 'P000781', 'P', 'mostrador', 'cobrado', '2026-05-02 22:04:00', NULL, '2026-05-02 22:21:00', 'Andrea Sánchez Vega', '981000006', NULL, NULL, 59.55, 0.00, 0.00, 5.95, 65.50, 65.50, 0.00, NULL, NULL, NULL, 0, NULL, '2026-05-03 03:04:00', '2026-05-03 03:04:00'),
	(782, NULL, 5, NULL, NULL, 'P000782', 'P', 'mostrador', 'cobrado', '2026-05-02 21:21:00', NULL, '2026-05-02 22:14:00', NULL, NULL, NULL, NULL, 59.36, 1.08, 0.00, 5.94, 64.22, 64.22, 0.00, NULL, NULL, NULL, 0, NULL, '2026-05-03 02:21:00', '2026-05-03 02:21:00'),
	(783, NULL, 3, 12, 9, 'P000783', 'P', 'mesa', 'cobrado', '2026-05-02 21:07:00', NULL, '2026-05-02 21:33:00', 'Roberto Domínguez Castro', '941000012', NULL, NULL, 84.55, 0.00, 0.00, 8.45, 93.00, 93.00, 0.00, NULL, NULL, 4, 0, NULL, '2026-05-03 02:07:00', '2026-05-03 02:07:00'),
	(784, NULL, 1, 2, 9, 'P000784', 'P', 'mesa', 'cobrado', '2026-05-02 23:48:00', NULL, '2026-05-03 00:33:00', 'María Fernández Ruiz', '932000002', NULL, NULL, 14.55, 0.00, 0.00, 1.45, 16.00, 16.00, 0.00, NULL, NULL, 3, 0, NULL, '2026-05-03 04:48:00', '2026-05-03 04:48:00'),
	(785, NULL, 4, 11, 20, 'P000785', 'P', 'mesa', 'cobrado', '2026-05-02 13:17:00', NULL, '2026-05-02 14:01:00', 'Café Bar Central', '928000011', NULL, NULL, 58.27, 0.00, 0.00, 5.83, 64.10, 64.10, 0.00, NULL, NULL, 3, 0, NULL, '2026-05-02 18:17:00', '2026-05-02 18:17:00'),
	(786, NULL, 6, 8, 1, 'P000786', 'P', 'mesa', 'cobrado', '2026-05-03 15:51:00', NULL, '2026-05-03 16:40:00', 'Patricia González Pardo', '948000008', NULL, NULL, 71.00, 0.00, 0.00, 7.10, 78.10, 78.10, 0.00, NULL, NULL, 4, 0, NULL, '2026-05-03 20:51:00', '2026-05-03 20:51:00'),
	(787, NULL, 2, 9, 9, 'P000787', 'P', 'mesa', 'cobrado', '2026-05-03 13:33:00', NULL, '2026-05-03 14:10:00', 'Miguel Torres Aguilar', '957000009', NULL, NULL, 51.55, 0.00, 0.00, 5.15, 56.70, 56.70, 0.00, NULL, NULL, 3, 0, NULL, '2026-05-03 18:33:00', '2026-05-03 18:33:00'),
	(788, NULL, 2, NULL, NULL, 'P000788', 'P', 'recogida', 'cobrado', '2026-05-03 23:07:00', NULL, '2026-05-03 23:48:00', NULL, NULL, NULL, NULL, 49.09, 0.00, 0.00, 4.91, 54.00, 54.00, 0.00, NULL, NULL, NULL, 0, NULL, '2026-05-04 04:07:00', '2026-05-04 04:07:00'),
	(789, NULL, 4, 3, NULL, 'P000789', 'P', 'domicilio', 'cobrado', '2026-05-03 14:45:00', NULL, '2026-05-03 15:16:00', 'Carlos Martínez Soto', '954000003', 'Calle Sierpes', NULL, 43.18, 0.00, 2.50, 4.32, 50.00, 50.00, 0.00, NULL, NULL, NULL, 0, NULL, '2026-05-03 19:45:00', '2026-05-03 19:45:00'),
	(790, NULL, 3, 7, 24, 'P000790', 'P', 'mesa', 'cobrado', '2026-05-03 18:26:00', NULL, '2026-05-03 19:23:00', 'David Rodríguez Núñez', '976000007', NULL, NULL, 13.55, 0.00, 0.00, 1.35, 14.90, 14.90, 0.00, NULL, NULL, 3, 0, NULL, '2026-05-03 23:26:00', '2026-05-03 23:26:00'),
	(791, NULL, 5, NULL, NULL, 'P000791', 'P', 'mostrador', 'cobrado', '2026-05-03 13:45:00', NULL, '2026-05-03 14:22:00', NULL, NULL, NULL, NULL, 38.64, 0.00, 0.00, 3.86, 42.50, 42.50, 0.00, NULL, NULL, NULL, 0, NULL, '2026-05-03 18:45:00', '2026-05-03 18:45:00'),
	(792, NULL, 2, NULL, NULL, 'P000792', 'P', 'mostrador', 'anulado', '2026-05-03 14:34:00', NULL, NULL, NULL, NULL, NULL, NULL, 62.73, 0.00, 0.00, 6.27, 69.00, 0.00, 0.00, NULL, NULL, NULL, 0, NULL, '2026-05-03 19:34:00', '2026-05-03 19:34:00'),
	(793, NULL, 3, NULL, 9, 'P000793', 'P', 'mesa', 'cobrado', '2026-05-03 13:26:00', NULL, '2026-05-03 14:17:00', NULL, NULL, NULL, NULL, 65.27, 0.00, 0.00, 6.53, 71.80, 71.80, 0.00, NULL, NULL, 3, 0, NULL, '2026-05-03 18:26:00', '2026-05-03 18:26:00'),
	(794, NULL, 4, NULL, 23, 'P000794', 'P', 'mesa', 'cobrado', '2026-05-03 17:27:00', NULL, '2026-05-03 18:01:00', NULL, NULL, NULL, NULL, 107.00, 0.00, 0.00, 10.70, 117.70, 117.70, 0.00, NULL, NULL, 2, 0, NULL, '2026-05-03 22:27:00', '2026-05-03 22:27:00'),
	(795, NULL, 1, NULL, NULL, 'P000795', 'P', 'recogida', 'cobrado', '2026-05-03 20:57:00', NULL, '2026-05-03 21:37:00', NULL, NULL, NULL, NULL, 28.18, 0.00, 0.00, 2.82, 31.00, 31.00, 0.00, NULL, NULL, NULL, 0, NULL, '2026-05-04 01:57:00', '2026-05-04 01:57:00'),
	(796, NULL, 3, 10, NULL, 'P000796', 'P', 'domicilio', 'cobrado', '2026-05-03 16:06:00', NULL, '2026-05-03 16:26:00', 'Sara Jiménez Ramos', '925000010', 'Plaza de Zocodover', NULL, 61.09, 0.00, 2.50, 6.11, 69.70, 69.70, 0.00, NULL, NULL, NULL, 0, NULL, '2026-05-03 21:06:00', '2026-05-03 21:06:00'),
	(797, NULL, 3, NULL, 10, 'P000797', 'P', 'mesa', 'cobrado', '2026-05-03 12:34:00', NULL, '2026-05-03 13:30:00', NULL, NULL, NULL, NULL, 32.27, 0.00, 0.00, 3.23, 35.50, 35.50, 0.00, NULL, NULL, 4, 0, NULL, '2026-05-03 17:34:00', '2026-05-03 17:34:00'),
	(798, NULL, 5, NULL, NULL, 'P000798', 'P', 'mostrador', 'cobrado', '2026-05-03 20:52:00', NULL, '2026-05-03 21:45:00', NULL, NULL, NULL, NULL, 31.36, 0.00, 0.00, 3.14, 34.50, 34.50, 0.00, NULL, NULL, NULL, 0, NULL, '2026-05-04 01:52:00', '2026-05-04 01:52:00'),
	(799, NULL, 1, NULL, 7, 'P000799', 'P', 'mesa', 'cobrado', '2026-05-03 20:59:00', NULL, '2026-05-03 21:37:00', NULL, NULL, NULL, NULL, 9.09, 0.00, 0.00, 0.91, 10.00, 10.00, 0.00, NULL, NULL, 1, 0, NULL, '2026-05-04 01:59:00', '2026-05-04 01:59:00'),
	(800, NULL, 6, NULL, 25, 'P000800', 'P', 'mesa', 'cobrado', '2026-05-03 20:24:00', NULL, '2026-05-03 21:06:00', NULL, NULL, NULL, NULL, 23.18, 0.00, 0.00, 2.32, 25.50, 25.50, 0.00, NULL, NULL, 2, 0, NULL, '2026-05-04 01:24:00', '2026-05-04 01:24:00'),
	(801, NULL, 5, 9, NULL, 'P000801', 'P', 'domicilio', 'cobrado', '2026-05-03 23:54:00', NULL, '2026-05-04 00:14:00', 'Miguel Torres Aguilar', '957000009', 'Calle Cruz Conde', NULL, 70.00, 0.00, 2.50, 7.00, 79.50, 79.50, 0.00, NULL, NULL, NULL, 0, NULL, '2026-05-04 04:54:00', '2026-05-04 04:54:00'),
	(802, NULL, 4, NULL, NULL, 'P000802', 'P', 'recogida', 'cobrado', '2026-05-03 21:10:00', NULL, '2026-05-03 21:46:00', NULL, NULL, NULL, NULL, 61.36, 0.00, 0.00, 6.14, 67.50, 67.50, 0.00, NULL, NULL, NULL, 0, NULL, '2026-05-04 02:10:00', '2026-05-04 02:10:00'),
	(803, NULL, 5, 7, NULL, 'P000803', 'P', 'mostrador', 'cobrado', '2026-05-03 23:36:00', NULL, '2026-05-04 00:05:00', 'David Rodríguez Núñez', '976000007', NULL, NULL, 20.27, 0.00, 0.00, 2.03, 22.30, 22.30, 0.00, NULL, NULL, NULL, 0, NULL, '2026-05-04 04:36:00', '2026-05-04 04:36:00'),
	(804, NULL, 6, NULL, 11, 'P000804', 'P', 'mesa', 'anulado', '2026-05-03 15:49:00', NULL, NULL, NULL, NULL, NULL, NULL, 12.27, 0.00, 0.00, 1.23, 13.50, 0.00, 0.00, NULL, NULL, 4, 0, NULL, '2026-05-03 20:49:00', '2026-05-03 20:49:00'),
	(805, NULL, 4, 7, NULL, 'P000805', 'P', 'mostrador', 'cobrado', '2026-05-03 22:30:00', NULL, '2026-05-03 22:48:00', 'David Rodríguez Núñez', '976000007', NULL, NULL, 49.09, 0.00, 0.00, 4.91, 54.00, 54.00, 0.00, NULL, NULL, NULL, 0, NULL, '2026-05-04 03:30:00', '2026-05-04 03:30:00'),
	(806, NULL, 1, NULL, NULL, 'P000806', 'P', 'mostrador', 'cobrado', '2026-05-03 12:59:00', NULL, '2026-05-03 13:33:00', NULL, NULL, NULL, NULL, 30.82, 0.00, 0.00, 3.08, 33.90, 33.90, 0.00, NULL, NULL, NULL, 0, NULL, '2026-05-03 17:59:00', '2026-05-03 17:59:00'),
	(807, NULL, 3, NULL, 8, 'P000807', 'P', 'mesa', 'cobrado', '2026-05-03 21:07:00', NULL, '2026-05-03 21:43:00', NULL, NULL, NULL, NULL, 116.55, 0.00, 0.00, 11.65, 128.20, 128.20, 0.00, NULL, NULL, 2, 0, NULL, '2026-05-04 02:07:00', '2026-05-04 02:07:00'),
	(808, NULL, 5, NULL, 5, 'P000808', 'P', 'mesa', 'cobrado', '2026-05-03 23:00:00', NULL, '2026-05-03 23:32:00', NULL, NULL, NULL, NULL, 52.73, 0.00, 0.00, 5.27, 58.00, 58.00, 0.00, NULL, NULL, 2, 0, NULL, '2026-05-04 04:00:00', '2026-05-04 04:00:00'),
	(809, NULL, 2, 9, NULL, 'P000809', 'P', 'mostrador', 'cobrado', '2026-05-03 23:51:00', NULL, '2026-05-04 00:37:00', 'Miguel Torres Aguilar', '957000009', NULL, NULL, 41.64, 0.00, 0.00, 4.16, 45.80, 45.80, 0.00, NULL, NULL, NULL, 0, NULL, '2026-05-04 04:51:00', '2026-05-04 04:51:00'),
	(810, NULL, 5, 8, 13, 'P000810', 'P', 'mesa', 'cobrado', '2026-05-03 21:25:00', NULL, '2026-05-03 21:48:00', 'Patricia González Pardo', '948000008', NULL, NULL, 4.09, 0.00, 0.00, 0.41, 4.50, 4.50, 0.00, NULL, NULL, 4, 0, NULL, '2026-05-04 02:25:00', '2026-05-04 02:25:00'),
	(811, NULL, 1, 5, NULL, 'P000811', 'P', 'domicilio', 'cobrado', '2026-05-04 13:54:00', NULL, '2026-05-04 14:28:00', 'Restaurante Pizza Express', '963000005', 'Avenida Principal', NULL, 13.64, 0.00, 2.50, 1.36, 17.50, 17.50, 0.00, NULL, NULL, NULL, 0, NULL, '2026-05-04 18:54:00', '2026-05-04 18:54:00'),
	(812, NULL, 3, 1, NULL, 'P000812', 'P', 'mostrador', 'cobrado', '2026-05-04 15:22:00', NULL, '2026-05-04 16:05:00', 'Juan García López', '912345001', NULL, NULL, 48.09, 0.00, 0.00, 4.81, 52.90, 52.90, 0.00, NULL, NULL, NULL, 0, NULL, '2026-05-04 20:22:00', '2026-05-04 20:22:00'),
	(813, NULL, 4, NULL, NULL, 'P000813', 'P', 'mostrador', 'cobrado', '2026-05-04 21:19:00', NULL, '2026-05-04 21:52:00', NULL, NULL, NULL, NULL, 63.91, 0.00, 0.00, 6.39, 70.30, 70.30, 0.00, NULL, NULL, NULL, 0, NULL, '2026-05-05 02:19:00', '2026-05-05 02:19:00'),
	(814, NULL, 4, 2, NULL, 'P000814', 'P', 'domicilio', 'cobrado', '2026-05-04 12:14:00', NULL, '2026-05-04 12:32:00', 'María Fernández Ruiz', '932000002', 'Avenida Diagonal', NULL, 20.55, 0.00, 2.50, 2.05, 25.10, 25.10, 0.00, NULL, NULL, NULL, 0, NULL, '2026-05-04 17:14:00', '2026-05-04 17:14:00'),
	(815, NULL, 6, NULL, NULL, 'P000815', 'P', 'recogida', 'cobrado', '2026-05-04 18:54:00', NULL, '2026-05-04 19:22:00', NULL, NULL, NULL, NULL, 132.91, 1.37, 0.00, 13.29, 144.83, 144.83, 0.00, NULL, NULL, NULL, 0, NULL, '2026-05-04 23:54:00', '2026-05-04 23:54:00'),
	(816, NULL, 1, NULL, 30, 'P000816', 'P', 'mesa', 'cobrado', '2026-05-04 18:45:00', NULL, '2026-05-04 19:19:00', NULL, NULL, NULL, NULL, 73.45, 0.00, 0.00, 7.35, 80.80, 80.80, 0.00, NULL, NULL, 4, 0, NULL, '2026-05-04 23:45:00', '2026-05-04 23:45:00'),
	(817, NULL, 5, NULL, NULL, 'P000817', 'P', 'mostrador', 'cobrado', '2026-05-04 21:53:00', NULL, '2026-05-04 22:41:00', NULL, NULL, NULL, NULL, 6.36, 2.33, 0.00, 0.64, 4.67, 4.67, 0.00, NULL, NULL, NULL, 0, NULL, '2026-05-05 02:53:00', '2026-05-05 02:53:00'),
	(818, NULL, 2, 8, NULL, 'P000818', 'P', 'mostrador', 'cobrado', '2026-05-04 12:39:00', NULL, '2026-05-04 12:57:00', 'Patricia González Pardo', '948000008', NULL, NULL, 59.45, 0.00, 0.00, 5.95, 65.40, 65.40, 0.00, NULL, NULL, NULL, 0, NULL, '2026-05-04 17:39:00', '2026-05-04 17:39:00'),
	(819, NULL, 4, NULL, 18, 'P000819', 'P', 'mesa', 'cobrado', '2026-05-04 12:28:00', NULL, '2026-05-04 13:19:00', NULL, NULL, NULL, NULL, 104.09, 0.00, 0.00, 10.41, 114.50, 114.50, 0.00, NULL, NULL, 2, 0, NULL, '2026-05-04 17:28:00', '2026-05-04 17:28:00'),
	(820, NULL, 2, NULL, 14, 'P000820', 'P', 'mesa', 'cobrado', '2026-05-04 15:51:00', NULL, '2026-05-04 16:36:00', NULL, NULL, NULL, NULL, 40.91, 0.00, 0.00, 4.09, 45.00, 45.00, 0.00, NULL, NULL, 3, 0, NULL, '2026-05-04 20:51:00', '2026-05-04 20:51:00'),
	(821, NULL, 3, 11, 18, 'P000821', 'P', 'mesa', 'cobrado', '2026-05-04 22:19:00', NULL, '2026-05-04 23:16:00', 'Café Bar Central', '928000011', NULL, NULL, 32.36, 2.31, 0.00, 3.24, 33.29, 33.29, 0.00, NULL, NULL, 2, 0, NULL, '2026-05-05 03:19:00', '2026-05-05 03:19:00'),
	(822, NULL, 5, NULL, NULL, 'P000822', 'P', 'mostrador', 'cobrado', '2026-05-04 14:05:00', NULL, '2026-05-04 14:51:00', NULL, NULL, NULL, NULL, 45.73, 1.28, 0.00, 4.57, 49.02, 49.02, 0.00, NULL, NULL, NULL, 0, NULL, '2026-05-04 19:05:00', '2026-05-04 19:05:00'),
	(823, NULL, 3, NULL, 4, 'P000823', 'P', 'mesa', 'cobrado', '2026-05-04 18:27:00', NULL, '2026-05-04 18:47:00', NULL, NULL, NULL, NULL, 19.82, 0.00, 0.00, 1.98, 21.80, 21.80, 0.00, NULL, NULL, 2, 0, NULL, '2026-05-04 23:27:00', '2026-05-04 23:27:00'),
	(824, NULL, 5, 5, NULL, 'P000824', 'P', 'telefono', 'cobrado', '2026-05-04 22:25:00', NULL, '2026-05-04 23:07:00', 'Restaurante Pizza Express', '963000005', NULL, NULL, 48.91, 0.00, 0.00, 4.89, 53.80, 53.80, 0.00, NULL, NULL, NULL, 0, NULL, '2026-05-05 03:25:00', '2026-05-05 03:25:00'),
	(825, 1, 2, 2, NULL, 'P000825', 'P', 'mostrador', 'anulado', '2026-05-05 23:15:00', NULL, NULL, 'María Fernández Ruiz', '932000002', NULL, NULL, 13.18, 0.00, 0.00, 1.32, 14.50, 0.00, 0.00, NULL, NULL, NULL, 0, NULL, '2026-05-06 04:15:00', '2026-05-06 04:15:00'),
	(826, 1, 5, 10, NULL, 'P000826', 'P', 'mostrador', 'cobrado', '2026-05-05 13:39:00', NULL, '2026-05-05 14:26:00', 'Sara Jiménez Ramos', '925000010', NULL, NULL, 95.73, 1.95, 0.00, 9.57, 103.35, 103.35, 0.00, NULL, NULL, NULL, 0, NULL, '2026-05-05 18:39:00', '2026-05-05 18:39:00'),
	(827, 1, 2, 9, NULL, 'P000827', 'P', 'mostrador', 'cobrado', '2026-05-05 22:23:00', NULL, '2026-05-05 22:48:00', 'Miguel Torres Aguilar', '957000009', NULL, NULL, 42.55, 0.00, 0.00, 4.25, 46.80, 46.80, 0.00, NULL, NULL, NULL, 0, NULL, '2026-05-06 03:23:00', '2026-05-06 03:23:00'),
	(828, 1, 4, 5, NULL, 'P000828', 'P', 'domicilio', 'cobrado', '2026-05-05 17:18:00', NULL, '2026-05-05 17:37:00', 'Restaurante Pizza Express', '963000005', 'Avenida Principal', NULL, 63.18, 0.00, 2.50, 6.32, 72.00, 72.00, 0.00, NULL, NULL, NULL, 0, NULL, '2026-05-05 22:18:00', '2026-05-05 22:18:00'),
	(829, 1, 4, NULL, NULL, 'P000829', 'P', 'mostrador', 'cobrado', '2026-05-05 23:40:00', NULL, '2026-05-06 00:30:00', NULL, NULL, NULL, NULL, 43.18, 0.00, 0.00, 4.32, 47.50, 47.50, 0.00, NULL, NULL, NULL, 0, NULL, '2026-05-06 04:40:00', '2026-05-06 04:40:00'),
	(830, 1, 2, NULL, NULL, 'P000830', 'P', 'mostrador', 'cobrado', '2026-05-05 20:43:00', NULL, '2026-05-05 21:17:00', NULL, NULL, NULL, NULL, 19.55, 0.00, 0.00, 1.95, 21.50, 21.50, 0.00, NULL, NULL, NULL, 0, NULL, '2026-05-06 01:43:00', '2026-05-06 01:43:00'),
	(831, 1, 4, NULL, 4, 'P000831', 'P', 'mesa', 'cobrado', '2026-05-05 13:56:00', NULL, '2026-05-05 14:15:00', NULL, NULL, NULL, NULL, 68.64, 0.00, 0.00, 6.86, 75.50, 75.50, 0.00, NULL, NULL, 4, 0, NULL, '2026-05-05 18:56:00', '2026-05-05 18:56:00'),
	(832, 1, 4, 6, NULL, 'P000832', 'P', 'mostrador', 'cobrado', '2026-05-05 14:52:00', NULL, '2026-05-05 15:17:00', 'Andrea Sánchez Vega', '981000006', NULL, NULL, 12.27, 0.00, 0.00, 1.23, 13.50, 13.50, 0.00, NULL, NULL, NULL, 0, NULL, '2026-05-05 19:52:00', '2026-05-05 19:52:00'),
	(833, 1, 5, 9, NULL, 'P000833', 'P', 'domicilio', 'cobrado', '2026-05-05 15:58:00', NULL, '2026-05-05 16:29:00', 'Miguel Torres Aguilar', '957000009', 'Calle Cruz Conde', NULL, 3.64, 0.00, 2.50, 0.36, 6.50, 6.50, 0.00, NULL, NULL, NULL, 0, NULL, '2026-05-05 20:58:00', '2026-05-05 20:58:00'),
	(834, 1, 2, NULL, NULL, 'P000834', 'P', 'mostrador', 'cobrado', '2026-05-05 18:02:00', NULL, '2026-05-05 18:18:00', NULL, NULL, NULL, NULL, 10.91, 0.00, 0.00, 1.09, 12.00, 12.00, 0.00, NULL, NULL, NULL, 0, NULL, '2026-05-05 23:02:00', '2026-05-05 23:02:00'),
	(835, 1, 5, NULL, NULL, 'P000835', 'P', 'mostrador', 'cobrado', '2026-05-05 22:35:00', NULL, '2026-05-05 22:57:00', NULL, NULL, NULL, NULL, 125.18, 0.00, 0.00, 12.52, 137.70, 137.70, 0.00, NULL, NULL, NULL, 0, NULL, '2026-05-06 03:35:00', '2026-05-06 03:35:00'),
	(836, 1, 4, NULL, 31, 'P000836', 'P', 'mesa', 'cobrado', '2026-05-05 17:33:00', NULL, '2026-05-05 17:49:00', NULL, NULL, NULL, NULL, 30.00, 0.00, 0.00, 3.00, 33.00, 33.00, 0.00, NULL, NULL, 2, 0, NULL, '2026-05-05 22:33:00', '2026-05-05 22:33:00'),
	(837, 1, 4, NULL, NULL, 'P000837', 'P', 'mostrador', 'cobrado', '2026-05-05 12:01:00', NULL, '2026-05-05 12:46:00', NULL, NULL, NULL, NULL, 40.91, 0.00, 0.00, 4.09, 45.00, 45.00, 0.00, NULL, NULL, NULL, 0, NULL, '2026-05-05 17:01:00', '2026-05-05 17:01:00'),
	(838, 1, 4, NULL, NULL, 'P000838', 'P', 'mostrador', 'cobrado', '2026-05-05 19:32:00', NULL, '2026-05-05 19:58:00', NULL, NULL, NULL, NULL, 22.73, 0.00, 0.00, 2.27, 25.00, 25.00, 0.00, NULL, NULL, NULL, 0, NULL, '2026-05-06 00:32:00', '2026-05-06 00:32:00'),
	(839, 1, 1, 3, NULL, 'P000839', 'P', 'recogida', 'cobrado', '2026-05-05 23:14:00', NULL, '2026-05-06 00:01:00', 'Carlos Martínez Soto', '954000003', NULL, NULL, 77.45, 0.00, 0.00, 7.75, 85.20, 85.20, 0.00, NULL, NULL, NULL, 0, NULL, '2026-05-06 04:14:00', '2026-05-06 04:14:00'),
	(840, 1, 2, 10, NULL, 'P000840', 'P', 'mostrador', 'cobrado', '2026-05-05 15:27:00', NULL, '2026-05-05 16:18:00', 'Sara Jiménez Ramos', '925000010', NULL, NULL, 69.55, 2.73, 0.00, 6.95, 73.77, 73.77, 0.00, NULL, NULL, NULL, 0, NULL, '2026-05-05 20:27:00', '2026-05-05 20:27:00'),
	(841, 1, 2, 1, NULL, 'P000841', 'P', 'mostrador', 'cobrado', '2026-05-05 20:30:00', NULL, '2026-05-05 20:46:00', 'Juan García López', '912345001', NULL, NULL, 58.27, 0.00, 0.00, 5.83, 64.10, 64.10, 0.00, NULL, NULL, NULL, 0, NULL, '2026-05-06 01:30:00', '2026-05-06 01:30:00'),
	(842, 2, 1, 9, NULL, 'P000842', 'P', 'mostrador', 'cobrado', '2026-05-06 21:58:00', NULL, '2026-05-06 22:45:00', 'Miguel Torres Aguilar', '957000009', NULL, NULL, 79.55, 0.00, 0.00, 7.95, 87.50, 87.50, 0.00, NULL, NULL, NULL, 0, NULL, '2026-05-07 02:58:00', '2026-05-07 02:58:00'),
	(843, 2, 3, NULL, 3, 'P000843', 'P', 'mesa', 'cobrado', '2026-05-06 17:31:00', NULL, '2026-05-06 17:53:00', NULL, NULL, NULL, NULL, 39.36, 0.00, 0.00, 3.94, 43.30, 43.30, 0.00, NULL, NULL, 3, 0, NULL, '2026-05-06 22:31:00', '2026-05-06 22:31:00'),
	(844, 2, 3, NULL, 13, 'P000844', 'P', 'mesa', 'anulado', '2026-05-06 23:12:00', NULL, NULL, NULL, NULL, NULL, NULL, 42.27, 0.00, 0.00, 4.23, 46.50, 0.00, 0.00, NULL, NULL, 3, 0, NULL, '2026-05-07 04:12:00', '2026-05-07 04:12:00'),
	(845, 2, 1, NULL, NULL, 'P000845', 'P', 'mostrador', 'cobrado', '2026-05-06 12:32:00', NULL, '2026-05-06 13:13:00', NULL, NULL, NULL, NULL, 6.00, 1.07, 0.00, 0.60, 5.53, 5.53, 0.00, NULL, NULL, NULL, 0, NULL, '2026-05-06 17:32:00', '2026-05-06 17:32:00'),
	(846, 2, 3, 2, NULL, 'P000846', 'P', 'recogida', 'cobrado', '2026-05-06 23:00:00', NULL, '2026-05-06 23:46:00', 'María Fernández Ruiz', '932000002', NULL, NULL, 33.18, 0.00, 0.00, 3.32, 36.50, 36.50, 0.00, NULL, NULL, NULL, 0, NULL, '2026-05-07 04:00:00', '2026-05-07 04:00:00'),
	(847, 2, 2, 1, NULL, 'P000847', 'P', 'mostrador', 'anulado', '2026-05-06 14:14:00', NULL, NULL, 'Juan García López', '912345001', NULL, NULL, 21.36, 0.00, 0.00, 2.14, 23.50, 0.00, 0.00, NULL, NULL, NULL, 0, NULL, '2026-05-06 19:14:00', '2026-05-06 19:14:00'),
	(848, 2, 1, NULL, 6, 'P000848', 'P', 'mesa', 'cobrado', '2026-05-06 13:06:00', NULL, '2026-05-06 13:42:00', NULL, NULL, NULL, NULL, 125.64, 0.00, 0.00, 12.56, 138.20, 138.20, 0.00, NULL, NULL, 2, 0, NULL, '2026-05-06 18:06:00', '2026-05-06 18:06:00'),
	(849, 2, 3, 9, NULL, 'P000849', 'P', 'mostrador', 'cobrado', '2026-05-06 12:41:00', NULL, '2026-05-06 13:38:00', 'Miguel Torres Aguilar', '957000009', NULL, NULL, 9.91, 0.00, 0.00, 0.99, 10.90, 10.90, 0.00, NULL, NULL, NULL, 0, NULL, '2026-05-06 17:41:00', '2026-05-06 17:41:00'),
	(850, 2, 2, NULL, NULL, 'P000850', 'P', 'mostrador', 'cobrado', '2026-05-06 13:05:00', NULL, '2026-05-06 13:32:00', NULL, NULL, NULL, NULL, 47.73, 0.00, 0.00, 4.77, 52.50, 52.50, 0.00, NULL, NULL, NULL, 0, NULL, '2026-05-06 18:05:00', '2026-05-06 18:05:00'),
	(851, 2, 2, NULL, NULL, 'P000851', 'P', 'mostrador', 'cobrado', '2026-05-06 16:39:00', NULL, '2026-05-06 17:32:00', NULL, NULL, NULL, NULL, 21.82, 0.00, 0.00, 2.18, 24.00, 24.00, 0.00, NULL, NULL, NULL, 0, NULL, '2026-05-06 21:39:00', '2026-05-06 21:39:00'),
	(852, 2, 1, 2, NULL, 'P000852', 'P', 'domicilio', 'cobrado', '2026-05-06 20:53:00', NULL, '2026-05-06 21:25:00', 'María Fernández Ruiz', '932000002', 'Avenida Diagonal', NULL, 58.64, 0.00, 2.50, 5.86, 67.00, 67.00, 0.00, NULL, NULL, NULL, 0, NULL, '2026-05-07 01:53:00', '2026-05-07 01:53:00'),
	(853, 2, 1, 6, NULL, 'P000853', 'P', 'mostrador', 'cobrado', '2026-05-06 19:34:00', NULL, '2026-05-06 20:05:00', 'Andrea Sánchez Vega', '981000006', NULL, NULL, 88.64, 0.00, 0.00, 8.86, 97.50, 97.50, 0.00, NULL, NULL, NULL, 0, NULL, '2026-05-07 00:34:00', '2026-05-07 00:34:00'),
	(854, 2, 6, 12, NULL, 'P000854', 'P', 'mostrador', 'cobrado', '2026-05-06 17:39:00', NULL, '2026-05-06 18:06:00', 'Roberto Domínguez Castro', '941000012', NULL, NULL, 37.82, 0.00, 0.00, 3.78, 41.60, 41.60, 0.00, NULL, NULL, NULL, 0, NULL, '2026-05-06 22:39:00', '2026-05-06 22:39:00'),
	(855, 2, 6, NULL, NULL, 'P000855', 'P', 'mostrador', 'cobrado', '2026-05-06 16:54:00', NULL, '2026-05-06 17:54:00', NULL, NULL, NULL, NULL, 22.73, 0.00, 0.00, 2.27, 25.00, 25.00, 0.00, NULL, NULL, NULL, 0, NULL, '2026-05-06 21:54:00', '2026-05-06 21:54:00'),
	(856, 2, 6, 9, NULL, 'P000856', 'P', 'mostrador', 'cobrado', '2026-05-06 20:31:00', NULL, '2026-05-06 20:51:00', 'Miguel Torres Aguilar', '957000009', NULL, NULL, 20.82, 0.00, 0.00, 2.08, 22.90, 22.90, 0.00, NULL, NULL, NULL, 0, NULL, '2026-05-07 01:31:00', '2026-05-07 01:31:00'),
	(857, 3, 3, NULL, NULL, 'P000857', 'P', 'mostrador', 'cobrado', '2026-05-07 14:50:00', NULL, '2026-05-07 15:36:00', NULL, NULL, NULL, NULL, 19.09, 0.00, 0.00, 1.91, 21.00, 21.00, 0.00, NULL, NULL, NULL, 0, NULL, '2026-05-07 19:50:00', '2026-05-07 19:50:00'),
	(858, 3, 4, 8, 8, 'P000858', 'P', 'mesa', 'cobrado', '2026-05-07 21:39:00', NULL, '2026-05-07 22:36:00', 'Patricia González Pardo', '948000008', NULL, NULL, 138.82, 0.00, 0.00, 13.88, 152.70, 152.70, 0.00, NULL, NULL, 2, 0, NULL, '2026-05-08 02:39:00', '2026-05-08 02:39:00'),
	(859, 3, 6, 7, NULL, 'P000859', 'P', 'mostrador', 'cobrado', '2026-05-07 19:05:00', NULL, '2026-05-07 19:52:00', 'David Rodríguez Núñez', '976000007', NULL, NULL, 15.09, 0.00, 0.00, 1.51, 16.60, 16.60, 0.00, NULL, NULL, NULL, 0, NULL, '2026-05-08 00:05:00', '2026-05-08 00:05:00'),
	(860, 3, 3, 1, NULL, 'P000860', 'P', 'domicilio', 'cobrado', '2026-05-07 23:48:00', NULL, '2026-05-08 00:20:00', 'Juan García López', '912345001', 'Calle Goya', NULL, 12.73, 0.00, 2.50, 1.27, 16.50, 16.50, 0.00, NULL, NULL, NULL, 0, NULL, '2026-05-08 04:48:00', '2026-05-08 04:48:00'),
	(861, 3, 4, NULL, NULL, 'P000861', 'P', 'mostrador', 'cobrado', '2026-05-07 20:36:00', NULL, '2026-05-07 21:05:00', NULL, NULL, NULL, NULL, 24.36, 0.00, 0.00, 2.44, 26.80, 26.80, 0.00, NULL, NULL, NULL, 0, NULL, '2026-05-08 01:36:00', '2026-05-08 01:36:00'),
	(862, 3, 2, 9, NULL, 'P000862', 'P', 'telefono', 'cobrado', '2026-05-07 22:06:00', NULL, '2026-05-07 22:22:00', 'Miguel Torres Aguilar', '957000009', NULL, NULL, 18.09, 0.00, 0.00, 1.81, 19.90, 19.90, 0.00, NULL, NULL, NULL, 0, NULL, '2026-05-08 03:06:00', '2026-05-08 03:06:00'),
	(863, 3, 3, NULL, NULL, 'P000863', 'P', 'mostrador', 'cobrado', '2026-05-07 15:15:00', NULL, '2026-05-07 15:55:00', NULL, NULL, NULL, NULL, 64.55, 0.00, 0.00, 6.45, 71.00, 71.00, 0.00, NULL, NULL, NULL, 0, NULL, '2026-05-07 20:15:00', '2026-05-07 20:15:00'),
	(864, 3, 5, 3, 12, 'P000864', 'P', 'mesa', 'cobrado', '2026-05-07 12:31:00', NULL, '2026-05-07 13:07:00', 'Carlos Martínez Soto', '954000003', NULL, NULL, 42.27, 0.00, 0.00, 4.23, 46.50, 46.50, 0.00, NULL, NULL, 1, 0, NULL, '2026-05-07 17:31:00', '2026-05-07 17:31:00'),
	(865, 3, 6, 3, NULL, 'P000865', 'P', 'mostrador', 'cobrado', '2026-05-07 13:51:00', NULL, '2026-05-07 14:34:00', 'Carlos Martínez Soto', '954000003', NULL, NULL, 75.36, 0.00, 0.00, 7.54, 82.90, 82.90, 0.00, NULL, NULL, NULL, 0, NULL, '2026-05-07 18:51:00', '2026-05-07 18:51:00'),
	(866, 3, 6, NULL, NULL, 'P000866', 'P', 'recogida', 'cobrado', '2026-05-07 16:35:00', NULL, '2026-05-07 17:15:00', NULL, NULL, NULL, NULL, 18.09, 0.00, 0.00, 1.81, 19.90, 19.90, 0.00, NULL, NULL, NULL, 0, NULL, '2026-05-07 21:35:00', '2026-05-07 21:35:00'),
	(867, 3, 1, NULL, NULL, 'P000867', 'P', 'mostrador', 'cobrado', '2026-05-07 16:06:00', NULL, '2026-05-07 17:00:00', NULL, NULL, NULL, NULL, 69.27, 0.00, 0.00, 6.93, 76.20, 76.20, 0.00, NULL, NULL, NULL, 0, NULL, '2026-05-07 21:06:00', '2026-05-07 21:06:00'),
	(868, 3, 1, NULL, 21, 'P000868', 'P', 'mesa', 'cobrado', '2026-05-07 22:55:00', NULL, '2026-05-07 23:41:00', NULL, NULL, NULL, NULL, 58.00, 0.00, 0.00, 5.80, 63.80, 63.80, 0.00, NULL, NULL, 2, 0, NULL, '2026-05-08 03:55:00', '2026-05-08 03:55:00'),
	(869, 3, 1, 3, NULL, 'P000869', 'P', 'domicilio', 'cobrado', '2026-05-07 19:40:00', NULL, '2026-05-07 20:16:00', 'Carlos Martínez Soto', '954000003', 'Calle Sierpes', NULL, 83.36, 0.00, 2.50, 8.34, 94.20, 94.20, 0.00, NULL, NULL, NULL, 0, NULL, '2026-05-08 00:40:00', '2026-05-08 00:40:00'),
	(870, 3, 4, 4, NULL, 'P000870', 'P', 'mostrador', 'cobrado', '2026-05-07 12:27:00', NULL, '2026-05-07 12:49:00', 'Lucía Pérez Sanz', '923000004', NULL, NULL, 41.27, 0.00, 0.00, 4.13, 45.40, 45.40, 0.00, NULL, NULL, NULL, 0, NULL, '2026-05-07 17:27:00', '2026-05-07 17:27:00'),
	(871, 3, 3, NULL, NULL, 'P000871', 'P', 'mostrador', 'cobrado', '2026-05-07 22:20:00', NULL, '2026-05-07 22:53:00', NULL, NULL, NULL, NULL, 17.45, 0.00, 0.00, 1.75, 19.20, 19.20, 0.00, NULL, NULL, NULL, 0, NULL, '2026-05-08 03:20:00', '2026-05-08 03:20:00'),
	(872, 3, 6, NULL, NULL, 'P000872', 'P', 'mostrador', 'cobrado', '2026-05-07 14:03:00', NULL, '2026-05-07 14:48:00', NULL, NULL, NULL, NULL, 9.55, 0.00, 0.00, 0.95, 10.50, 10.50, 0.00, NULL, NULL, NULL, 0, NULL, '2026-05-07 19:03:00', '2026-05-07 19:03:00'),
	(873, 3, 3, 6, NULL, 'P000873', 'P', 'domicilio', 'cobrado', '2026-05-07 22:56:00', NULL, '2026-05-07 23:22:00', 'Andrea Sánchez Vega', '981000006', 'Rúa do Vilar', NULL, 7.27, 0.00, 2.50, 0.73, 10.50, 10.50, 0.00, NULL, NULL, NULL, 0, NULL, '2026-05-08 03:56:00', '2026-05-08 03:56:00'),
	(874, 4, 4, NULL, NULL, 'P000874', 'P', 'mostrador', 'anulado', '2026-05-08 21:52:00', NULL, NULL, NULL, NULL, NULL, NULL, 46.36, 0.00, 0.00, 4.64, 51.00, 0.00, 0.00, NULL, NULL, NULL, 0, NULL, '2026-05-09 02:52:00', '2026-05-09 02:52:00'),
	(875, 4, 3, 6, NULL, 'P000875', 'P', 'recogida', 'anulado', '2026-05-08 14:02:00', NULL, NULL, 'Andrea Sánchez Vega', '981000006', NULL, NULL, 36.82, 0.00, 0.00, 3.68, 40.50, 0.00, 0.00, NULL, NULL, NULL, 0, NULL, '2026-05-08 19:02:00', '2026-05-08 19:02:00'),
	(876, 4, 3, 11, NULL, 'P000876', 'P', 'domicilio', 'cobrado', '2026-05-08 12:34:00', NULL, '2026-05-08 12:59:00', 'Café Bar Central', '928000011', 'Calle Triana', NULL, 28.82, 0.00, 2.50, 2.88, 34.20, 34.20, 0.00, NULL, NULL, NULL, 0, NULL, '2026-05-08 17:34:00', '2026-05-08 17:34:00'),
	(877, 4, 2, NULL, 18, 'P000877', 'P', 'mesa', 'cobrado', '2026-05-08 12:13:00', NULL, '2026-05-08 12:47:00', NULL, NULL, NULL, NULL, 10.91, 0.00, 0.00, 1.09, 12.00, 12.00, 0.00, NULL, NULL, 4, 0, NULL, '2026-05-08 17:13:00', '2026-05-08 17:13:00'),
	(878, 4, 4, 7, NULL, 'P000878', 'P', 'domicilio', 'cobrado', '2026-05-08 20:48:00', NULL, '2026-05-08 21:42:00', 'David Rodríguez Núñez', '976000007', 'Paseo Independencia', NULL, 32.73, 0.00, 2.50, 3.27, 38.50, 38.50, 0.00, NULL, NULL, NULL, 0, NULL, '2026-05-09 01:48:00', '2026-05-09 01:48:00'),
	(879, 4, 5, NULL, 28, 'P000879', 'P', 'mesa', 'cobrado', '2026-05-08 17:17:00', NULL, '2026-05-08 17:58:00', NULL, NULL, NULL, NULL, 23.18, 0.00, 0.00, 2.32, 25.50, 25.50, 0.00, NULL, NULL, 1, 0, NULL, '2026-05-08 22:17:00', '2026-05-08 22:17:00'),
	(880, 4, 4, 1, NULL, 'P000880', 'P', 'domicilio', 'cobrado', '2026-05-08 15:04:00', NULL, '2026-05-08 15:25:00', 'Juan García López', '912345001', 'Calle Goya', NULL, 30.00, 0.00, 2.50, 3.00, 35.50, 35.50, 0.00, NULL, NULL, NULL, 0, NULL, '2026-05-08 20:04:00', '2026-05-08 20:04:00'),
	(881, 4, 3, NULL, NULL, 'P000881', 'P', 'mostrador', 'cobrado', '2026-05-08 15:34:00', NULL, '2026-05-08 16:22:00', NULL, NULL, NULL, NULL, 3.00, 0.00, 0.00, 0.30, 3.30, 3.30, 0.00, NULL, NULL, NULL, 0, NULL, '2026-05-08 20:34:00', '2026-05-08 20:34:00'),
	(882, 4, 5, 3, NULL, 'P000882', 'P', 'recogida', 'cobrado', '2026-05-08 12:19:00', NULL, '2026-05-08 13:03:00', 'Carlos Martínez Soto', '954000003', NULL, NULL, 9.55, 0.00, 0.00, 0.95, 10.50, 10.50, 0.00, NULL, NULL, NULL, 0, NULL, '2026-05-08 17:19:00', '2026-05-08 17:19:00'),
	(883, 4, 5, 7, 18, 'P000883', 'P', 'mesa', 'anulado', '2026-05-08 21:19:00', NULL, NULL, 'David Rodríguez Núñez', '976000007', NULL, NULL, 76.91, 0.00, 0.00, 7.69, 84.60, 0.00, 0.00, NULL, NULL, 4, 0, NULL, '2026-05-09 02:19:00', '2026-05-09 02:19:00'),
	(884, 4, 4, NULL, NULL, 'P000884', 'P', 'mostrador', 'cobrado', '2026-05-08 20:01:00', NULL, '2026-05-08 20:44:00', NULL, NULL, NULL, NULL, 64.82, 0.00, 0.00, 6.48, 71.30, 71.30, 0.00, NULL, NULL, NULL, 0, NULL, '2026-05-09 01:01:00', '2026-05-09 01:01:00'),
	(885, 4, 1, NULL, 11, 'P000885', 'P', 'mesa', 'cobrado', '2026-05-08 14:07:00', NULL, '2026-05-08 14:26:00', NULL, NULL, NULL, NULL, 13.64, 0.00, 0.00, 1.36, 15.00, 15.00, 0.00, NULL, NULL, 2, 0, NULL, '2026-05-08 19:07:00', '2026-05-08 19:07:00'),
	(886, 4, 3, NULL, NULL, 'P000886', 'P', 'mostrador', 'cobrado', '2026-05-08 20:51:00', NULL, '2026-05-08 21:26:00', NULL, NULL, NULL, NULL, 78.36, 0.00, 0.00, 7.84, 86.20, 86.20, 0.00, NULL, NULL, NULL, 0, NULL, '2026-05-09 01:51:00', '2026-05-09 01:51:00'),
	(887, 4, 3, 10, NULL, 'P000887', 'P', 'mostrador', 'cobrado', '2026-05-08 13:49:00', NULL, '2026-05-08 14:47:00', 'Sara Jiménez Ramos', '925000010', NULL, NULL, 13.18, 0.00, 0.00, 1.32, 14.50, 14.50, 0.00, NULL, NULL, NULL, 0, NULL, '2026-05-08 18:49:00', '2026-05-08 18:49:00'),
	(888, 4, 4, 3, NULL, 'P000888', 'P', 'domicilio', 'cobrado', '2026-05-08 14:16:00', NULL, '2026-05-08 14:58:00', 'Carlos Martínez Soto', '954000003', 'Calle Sierpes', NULL, 29.55, 0.00, 2.50, 2.95, 35.00, 35.00, 0.00, NULL, NULL, NULL, 0, NULL, '2026-05-08 19:16:00', '2026-05-08 19:16:00'),
	(889, 4, 6, 8, NULL, 'P000889', 'P', 'domicilio', 'cobrado', '2026-05-08 13:25:00', NULL, '2026-05-08 14:18:00', 'Patricia González Pardo', '948000008', 'Avenida de Carlos III', NULL, 65.36, 0.00, 2.50, 6.54, 74.40, 74.40, 0.00, NULL, NULL, NULL, 0, NULL, '2026-05-08 18:25:00', '2026-05-08 18:25:00'),
	(890, 5, 2, 9, 16, 'P000890', 'P', 'mesa', 'cobrado', '2026-05-09 23:42:00', NULL, '2026-05-10 00:21:00', 'Miguel Torres Aguilar', '957000009', NULL, NULL, 53.09, 0.00, 0.00, 5.31, 58.40, 58.40, 0.00, NULL, NULL, 3, 0, NULL, '2026-05-10 04:42:00', '2026-05-10 04:42:00'),
	(891, 5, 4, 6, NULL, 'P000891', 'P', 'domicilio', 'cobrado', '2026-05-09 21:57:00', NULL, '2026-05-09 22:48:00', 'Andrea Sánchez Vega', '981000006', 'Rúa do Vilar', NULL, 10.45, 0.00, 2.50, 1.05, 14.00, 14.00, 0.00, NULL, NULL, NULL, 0, NULL, '2026-05-10 02:57:00', '2026-05-10 02:57:00'),
	(892, 5, 4, NULL, 28, 'P000892', 'P', 'mesa', 'anulado', '2026-05-09 14:06:00', NULL, NULL, NULL, NULL, NULL, NULL, 18.64, 0.00, 0.00, 1.86, 20.50, 0.00, 0.00, NULL, NULL, 4, 0, NULL, '2026-05-09 19:06:00', '2026-05-09 19:06:00'),
	(893, 5, 4, 6, 16, 'P000893', 'P', 'mesa', 'cobrado', '2026-05-09 19:54:00', NULL, '2026-05-09 20:54:00', 'Andrea Sánchez Vega', '981000006', NULL, NULL, 22.27, 0.00, 0.00, 2.23, 24.50, 24.50, 0.00, NULL, NULL, 4, 0, NULL, '2026-05-10 00:54:00', '2026-05-10 00:54:00'),
	(894, 5, 3, NULL, NULL, 'P000894', 'P', 'mostrador', 'cobrado', '2026-05-09 20:13:00', NULL, '2026-05-09 20:48:00', NULL, NULL, NULL, NULL, 78.09, 2.96, 0.00, 7.81, 82.94, 82.94, 0.00, NULL, NULL, NULL, 0, NULL, '2026-05-10 01:13:00', '2026-05-10 01:13:00'),
	(895, 5, 1, NULL, NULL, 'P000895', 'P', 'mostrador', 'cobrado', '2026-05-09 13:58:00', NULL, '2026-05-09 14:13:00', NULL, NULL, NULL, NULL, 3.64, 1.58, 0.00, 0.36, 2.42, 2.42, 0.00, NULL, NULL, NULL, 0, NULL, '2026-05-09 18:58:00', '2026-05-09 18:58:00'),
	(896, 5, 4, 9, NULL, 'P000896', 'P', 'mostrador', 'cobrado', '2026-05-09 18:40:00', NULL, '2026-05-09 19:09:00', 'Miguel Torres Aguilar', '957000009', NULL, NULL, 69.64, 0.00, 0.00, 6.96, 76.60, 76.60, 0.00, NULL, NULL, NULL, 0, NULL, '2026-05-09 23:40:00', '2026-05-09 23:40:00'),
	(897, 5, 5, NULL, NULL, 'P000897', 'P', 'mostrador', 'cobrado', '2026-05-09 22:01:00', NULL, '2026-05-09 22:41:00', NULL, NULL, NULL, NULL, 10.00, 0.00, 0.00, 1.00, 11.00, 11.00, 0.00, NULL, NULL, NULL, 0, NULL, '2026-05-10 03:01:00', '2026-05-10 03:01:00'),
	(898, 5, 6, 11, NULL, 'P000898', 'P', 'domicilio', 'cobrado', '2026-05-09 14:16:00', NULL, '2026-05-09 15:15:00', 'Café Bar Central', '928000011', 'Calle Triana', NULL, 16.36, 0.00, 2.50, 1.64, 20.50, 20.50, 0.00, NULL, NULL, NULL, 0, NULL, '2026-05-09 19:16:00', '2026-05-09 19:16:00'),
	(899, 5, 5, NULL, NULL, 'P000899', 'P', 'mostrador', 'cobrado', '2026-05-09 20:45:00', NULL, '2026-05-09 21:13:00', NULL, NULL, NULL, NULL, 55.91, 0.00, 0.00, 5.59, 61.50, 61.50, 0.00, NULL, NULL, NULL, 0, NULL, '2026-05-10 01:45:00', '2026-05-10 01:45:00'),
	(900, 5, 1, NULL, NULL, 'P000900', 'P', 'recogida', 'cobrado', '2026-05-09 22:45:00', NULL, '2026-05-09 23:41:00', NULL, NULL, NULL, NULL, 49.55, 0.00, 0.00, 4.95, 54.50, 54.50, 0.00, NULL, NULL, NULL, 0, NULL, '2026-05-10 03:45:00', '2026-05-10 03:45:00'),
	(901, 5, 4, 2, NULL, 'P000901', 'P', 'domicilio', 'cobrado', '2026-05-09 13:36:00', NULL, '2026-05-09 14:28:00', 'María Fernández Ruiz', '932000002', 'Avenida Diagonal', NULL, 58.64, 0.00, 2.50, 5.86, 67.00, 67.00, 0.00, NULL, NULL, NULL, 0, NULL, '2026-05-09 18:36:00', '2026-05-09 18:36:00'),
	(902, 5, 3, 10, NULL, 'P000902', 'P', 'domicilio', 'cobrado', '2026-05-09 20:34:00', NULL, '2026-05-09 21:04:00', 'Sara Jiménez Ramos', '925000010', 'Plaza de Zocodover', NULL, 7.27, 0.00, 2.50, 0.73, 10.50, 10.50, 0.00, NULL, NULL, NULL, 0, NULL, '2026-05-10 01:34:00', '2026-05-10 01:34:00'),
	(903, 5, 5, NULL, NULL, 'P000903', 'P', 'mostrador', 'cobrado', '2026-05-09 14:27:00', NULL, '2026-05-09 14:46:00', NULL, NULL, NULL, NULL, 49.09, 0.00, 0.00, 4.91, 54.00, 54.00, 0.00, NULL, NULL, NULL, 0, NULL, '2026-05-09 19:27:00', '2026-05-09 19:27:00'),
	(904, 5, 1, 12, 16, 'P000904', 'P', 'mesa', 'cobrado', '2026-05-09 22:49:00', NULL, '2026-05-09 23:05:00', 'Roberto Domínguez Castro', '941000012', NULL, NULL, 49.55, 0.00, 0.00, 4.95, 54.50, 54.50, 0.00, NULL, NULL, 4, 0, NULL, '2026-05-10 03:49:00', '2026-05-10 03:49:00'),
	(905, 5, 1, NULL, NULL, 'P000905', 'P', 'mostrador', 'cobrado', '2026-05-09 22:09:00', NULL, '2026-05-09 23:05:00', NULL, NULL, NULL, NULL, 68.64, 0.00, 0.00, 6.86, 75.50, 75.50, 0.00, NULL, NULL, NULL, 0, NULL, '2026-05-10 03:09:00', '2026-05-10 03:09:00'),
	(906, 5, 4, 3, NULL, 'P000906', 'P', 'mostrador', 'cobrado', '2026-05-09 20:30:00', NULL, '2026-05-09 21:25:00', 'Carlos Martínez Soto', '954000003', NULL, NULL, 20.45, 0.00, 0.00, 2.05, 22.50, 22.50, 0.00, NULL, NULL, NULL, 0, NULL, '2026-05-10 01:30:00', '2026-05-10 01:30:00'),
	(907, 5, 3, 11, 30, 'P000907', 'P', 'mesa', 'cobrado', '2026-05-09 20:28:00', NULL, '2026-05-09 20:59:00', 'Café Bar Central', '928000011', NULL, NULL, 20.45, 0.00, 0.00, 2.05, 22.50, 22.50, 0.00, NULL, NULL, 3, 0, NULL, '2026-05-10 01:28:00', '2026-05-10 01:28:00'),
	(908, 5, 2, 6, NULL, 'P000908', 'P', 'domicilio', 'cobrado', '2026-05-09 20:42:00', NULL, '2026-05-09 21:04:00', 'Andrea Sánchez Vega', '981000006', 'Rúa do Vilar', NULL, 122.00, 1.59, 2.50, 12.20, 135.11, 135.11, 0.00, NULL, NULL, NULL, 0, NULL, '2026-05-10 01:42:00', '2026-05-10 01:42:00'),
	(909, 5, 2, 12, NULL, 'P000909', 'P', 'domicilio', 'cobrado', '2026-05-09 15:27:00', NULL, '2026-05-09 16:10:00', 'Roberto Domínguez Castro', '941000012', 'Calle Portales', NULL, 59.09, 0.00, 2.50, 5.91, 67.50, 67.50, 0.00, NULL, NULL, NULL, 0, NULL, '2026-05-09 20:27:00', '2026-05-09 20:27:00'),
	(910, 5, 2, NULL, 18, 'P000910', 'P', 'mesa', 'cobrado', '2026-05-09 22:47:00', NULL, '2026-05-09 23:31:00', NULL, NULL, NULL, NULL, 31.00, 0.00, 0.00, 3.10, 34.10, 34.10, 0.00, NULL, NULL, 2, 0, NULL, '2026-05-10 03:47:00', '2026-05-10 03:47:00'),
	(911, 5, 5, 9, NULL, 'P000911', 'P', 'telefono', 'cobrado', '2026-05-09 12:32:00', NULL, '2026-05-09 13:24:00', 'Miguel Torres Aguilar', '957000009', NULL, NULL, 15.45, 0.00, 0.00, 1.55, 17.00, 17.00, 0.00, NULL, NULL, NULL, 0, NULL, '2026-05-09 17:32:00', '2026-05-09 17:32:00'),
	(912, 5, 3, 8, NULL, 'P000912', 'P', 'domicilio', 'cobrado', '2026-05-09 14:41:00', NULL, '2026-05-09 14:58:00', 'Patricia González Pardo', '948000008', 'Avenida de Carlos III', NULL, 21.36, 0.00, 2.50, 2.14, 26.00, 26.00, 0.00, NULL, NULL, NULL, 0, NULL, '2026-05-09 19:41:00', '2026-05-09 19:41:00'),
	(913, 5, 4, NULL, NULL, 'P000913', 'P', 'mostrador', 'cobrado', '2026-05-09 16:06:00', NULL, '2026-05-09 16:24:00', NULL, NULL, NULL, NULL, 21.36, 0.00, 0.00, 2.14, 23.50, 23.50, 0.00, NULL, NULL, NULL, 0, NULL, '2026-05-09 21:06:00', '2026-05-09 21:06:00'),
	(914, 6, 3, 6, 18, 'P000914', 'P', 'mesa', 'cobrado', '2026-05-10 18:01:00', NULL, '2026-05-10 18:39:00', 'Andrea Sánchez Vega', '981000006', NULL, NULL, 67.73, 1.15, 0.00, 6.77, 73.35, 73.35, 0.00, NULL, NULL, 3, 0, NULL, '2026-05-10 23:01:00', '2026-05-10 23:01:00'),
	(915, 6, 4, 6, NULL, 'P000915', 'P', 'mostrador', 'cobrado', '2026-05-10 13:48:00', NULL, '2026-05-10 14:41:00', 'Andrea Sánchez Vega', '981000006', NULL, NULL, 64.55, 0.00, 0.00, 6.45, 71.00, 71.00, 0.00, NULL, NULL, NULL, 0, NULL, '2026-05-10 18:48:00', '2026-05-10 18:48:00'),
	(916, 6, 4, NULL, NULL, 'P000916', 'P', 'mostrador', 'anulado', '2026-05-10 14:17:00', NULL, NULL, NULL, NULL, NULL, NULL, 24.18, 0.00, 0.00, 2.42, 26.60, 0.00, 0.00, NULL, NULL, NULL, 0, NULL, '2026-05-10 19:17:00', '2026-05-10 19:17:00'),
	(917, 6, 5, NULL, 18, 'P000917', 'P', 'mesa', 'cobrado', '2026-05-10 19:24:00', NULL, '2026-05-10 20:22:00', NULL, NULL, NULL, NULL, 56.36, 0.00, 0.00, 5.64, 62.00, 62.00, 0.00, NULL, NULL, 1, 0, NULL, '2026-05-11 00:24:00', '2026-05-11 00:24:00'),
	(918, 6, 3, 8, NULL, 'P000918', 'P', 'mostrador', 'cobrado', '2026-05-10 16:47:00', NULL, '2026-05-10 17:43:00', 'Patricia González Pardo', '948000008', NULL, NULL, 42.27, 0.00, 0.00, 4.23, 46.50, 46.50, 0.00, NULL, NULL, NULL, 0, NULL, '2026-05-10 21:47:00', '2026-05-10 21:47:00'),
	(919, 6, 5, NULL, 24, 'P000919', 'P', 'mesa', 'cobrado', '2026-05-10 22:34:00', NULL, '2026-05-10 23:23:00', NULL, NULL, NULL, NULL, 62.09, 0.00, 0.00, 6.21, 68.30, 68.30, 0.00, NULL, NULL, 2, 0, NULL, '2026-05-11 03:34:00', '2026-05-11 03:34:00'),
	(920, 6, 2, NULL, NULL, 'P000920', 'P', 'mostrador', 'cobrado', '2026-05-10 15:00:00', NULL, '2026-05-10 15:41:00', NULL, NULL, NULL, NULL, 20.00, 1.40, 0.00, 2.00, 20.60, 20.60, 0.00, NULL, NULL, NULL, 0, NULL, '2026-05-10 20:00:00', '2026-05-10 20:00:00'),
	(921, 6, 2, NULL, NULL, 'P000921', 'P', 'mostrador', 'cobrado', '2026-05-10 22:30:00', NULL, '2026-05-10 22:48:00', NULL, NULL, NULL, NULL, 80.64, 0.00, 0.00, 8.06, 88.70, 88.70, 0.00, NULL, NULL, NULL, 0, NULL, '2026-05-11 03:30:00', '2026-05-11 03:30:00'),
	(922, 6, 5, 5, NULL, 'P000922', 'P', 'domicilio', 'cobrado', '2026-05-10 15:30:00', NULL, '2026-05-10 16:06:00', 'Restaurante Pizza Express', '963000005', 'Avenida Principal', NULL, 68.18, 0.00, 2.50, 6.82, 77.50, 77.50, 0.00, NULL, NULL, NULL, 0, NULL, '2026-05-10 20:30:00', '2026-05-10 20:30:00'),
	(923, 6, 4, 3, NULL, 'P000923', 'P', 'mostrador', 'cobrado', '2026-05-10 21:25:00', NULL, '2026-05-10 21:46:00', 'Carlos Martínez Soto', '954000003', NULL, NULL, 51.91, 0.00, 0.00, 5.19, 57.10, 57.10, 0.00, NULL, NULL, NULL, 0, NULL, '2026-05-11 02:25:00', '2026-05-11 02:25:00'),
	(924, 6, 1, 2, NULL, 'P000924', 'P', 'mostrador', 'cobrado', '2026-05-10 22:06:00', NULL, '2026-05-10 22:48:00', 'María Fernández Ruiz', '932000002', NULL, NULL, 33.55, 0.00, 0.00, 3.35, 36.90, 36.90, 0.00, NULL, NULL, NULL, 0, NULL, '2026-05-11 03:06:00', '2026-05-11 03:06:00'),
	(925, 6, 1, 8, 19, 'P000925', 'P', 'mesa', 'cobrado', '2026-05-10 21:08:00', NULL, '2026-05-10 21:55:00', 'Patricia González Pardo', '948000008', NULL, NULL, 48.64, 0.00, 0.00, 4.86, 53.50, 53.50, 0.00, NULL, NULL, 2, 0, NULL, '2026-05-11 02:08:00', '2026-05-11 02:08:00'),
	(926, 6, 6, NULL, NULL, 'P000926', 'P', 'mostrador', 'cobrado', '2026-05-10 13:54:00', NULL, '2026-05-10 14:49:00', NULL, NULL, NULL, NULL, 27.27, 0.00, 0.00, 2.73, 30.00, 30.00, 0.00, NULL, NULL, NULL, 0, NULL, '2026-05-10 18:54:00', '2026-05-10 18:54:00'),
	(927, 6, 5, 3, NULL, 'P000927', 'P', 'mostrador', 'cobrado', '2026-05-10 14:35:00', NULL, '2026-05-10 14:53:00', 'Carlos Martínez Soto', '954000003', NULL, NULL, 34.09, 0.00, 0.00, 3.41, 37.50, 37.50, 0.00, NULL, NULL, NULL, 0, NULL, '2026-05-10 19:35:00', '2026-05-10 19:35:00'),
	(928, 6, 6, 9, NULL, 'P000928', 'P', 'domicilio', 'anulado', '2026-05-10 14:40:00', NULL, NULL, 'Miguel Torres Aguilar', '957000009', 'Calle Cruz Conde', NULL, 64.82, 0.00, 2.50, 6.48, 73.80, 0.00, 0.00, NULL, NULL, NULL, 0, NULL, '2026-05-10 19:40:00', '2026-05-10 19:40:00'),
	(929, 6, 3, NULL, NULL, 'P000929', 'P', 'mostrador', 'cobrado', '2026-05-10 21:32:00', NULL, '2026-05-10 22:15:00', NULL, NULL, NULL, NULL, 28.64, 0.00, 0.00, 2.86, 31.50, 31.50, 0.00, NULL, NULL, NULL, 0, NULL, '2026-05-11 02:32:00', '2026-05-11 02:32:00'),
	(930, 6, 3, NULL, NULL, 'P000930', 'P', 'mostrador', 'cobrado', '2026-05-10 13:02:00', NULL, '2026-05-10 13:42:00', NULL, NULL, NULL, NULL, 69.00, 0.00, 0.00, 6.90, 75.90, 75.90, 0.00, NULL, NULL, NULL, 0, NULL, '2026-05-10 18:02:00', '2026-05-10 18:02:00'),
	(931, 6, 5, 2, NULL, 'P000931', 'P', 'domicilio', 'cobrado', '2026-05-10 15:57:00', NULL, '2026-05-10 16:22:00', 'María Fernández Ruiz', '932000002', 'Avenida Diagonal', NULL, 21.82, 0.00, 2.50, 2.18, 26.50, 26.50, 0.00, NULL, NULL, NULL, 0, NULL, '2026-05-10 20:57:00', '2026-05-10 20:57:00'),
	(932, 6, 6, NULL, 13, 'P000932', 'P', 'mesa', 'anulado', '2026-05-10 21:52:00', NULL, NULL, NULL, NULL, NULL, NULL, 93.91, 0.00, 0.00, 9.39, 103.30, 0.00, 0.00, NULL, NULL, 3, 0, NULL, '2026-05-11 02:52:00', '2026-05-11 02:52:00'),
	(933, 6, 4, 10, NULL, 'P000933', 'P', 'domicilio', 'cobrado', '2026-05-10 17:32:00', NULL, '2026-05-10 18:13:00', 'Sara Jiménez Ramos', '925000010', 'Plaza de Zocodover', NULL, 4.09, 0.00, 2.50, 0.41, 7.00, 7.00, 0.00, NULL, NULL, NULL, 0, NULL, '2026-05-10 22:32:00', '2026-05-10 22:32:00'),
	(934, 6, 2, 9, NULL, 'P000934', 'P', 'domicilio', 'cobrado', '2026-05-10 21:20:00', NULL, '2026-05-10 21:35:00', 'Miguel Torres Aguilar', '957000009', 'Calle Cruz Conde', NULL, 40.73, 0.00, 2.50, 4.07, 47.30, 47.30, 0.00, NULL, NULL, NULL, 0, NULL, '2026-05-11 02:20:00', '2026-05-11 02:20:00'),
	(935, 6, 2, 2, NULL, 'P000935', 'P', 'mostrador', 'cobrado', '2026-05-10 22:31:00', NULL, '2026-05-10 22:52:00', 'María Fernández Ruiz', '932000002', NULL, NULL, 54.91, 0.00, 0.00, 5.49, 60.40, 60.40, 0.00, NULL, NULL, NULL, 0, NULL, '2026-05-11 03:31:00', '2026-05-11 03:31:00'),
	(936, 7, 3, 3, NULL, 'P000936', 'P', 'mostrador', 'cobrado', '2026-05-11 14:19:00', NULL, '2026-05-11 15:13:00', 'Carlos Martínez Soto', '954000003', NULL, NULL, 51.45, 0.00, 0.00, 5.15, 56.60, 56.60, 0.00, NULL, NULL, NULL, 0, NULL, '2026-05-11 19:19:00', '2026-05-11 19:19:00'),
	(937, 7, 1, 3, NULL, 'P000937', 'P', 'telefono', 'anulado', '2026-05-11 20:40:00', NULL, NULL, 'Carlos Martínez Soto', '954000003', NULL, NULL, 10.00, 0.00, 0.00, 1.00, 11.00, 0.00, 0.00, NULL, NULL, NULL, 0, NULL, '2026-05-12 01:40:00', '2026-05-12 01:40:00'),
	(938, 7, 1, NULL, NULL, 'P000938', 'P', 'mostrador', 'cobrado', '2026-05-11 15:30:00', NULL, '2026-05-11 16:18:00', NULL, NULL, NULL, NULL, 5.00, 0.00, 0.00, 0.50, 5.50, 5.50, 0.00, NULL, NULL, NULL, 0, NULL, '2026-05-11 20:30:00', '2026-05-11 20:30:00'),
	(939, 7, 1, 3, NULL, 'P000939', 'P', 'telefono', 'cobrado', '2026-05-11 17:40:00', NULL, '2026-05-11 18:23:00', 'Carlos Martínez Soto', '954000003', NULL, NULL, 12.18, 0.00, 0.00, 1.22, 13.40, 13.40, 0.00, NULL, NULL, NULL, 0, NULL, '2026-05-11 22:40:00', '2026-05-11 22:40:00'),
	(940, 7, 6, 11, NULL, 'P000940', 'P', 'domicilio', 'cobrado', '2026-05-11 23:13:00', NULL, '2026-05-11 23:41:00', 'Café Bar Central', '928000011', 'Calle Triana', NULL, 18.00, 0.00, 2.50, 1.80, 22.30, 22.30, 0.00, NULL, NULL, NULL, 0, NULL, '2026-05-12 04:13:00', '2026-05-12 04:13:00'),
	(941, 7, 4, 5, NULL, 'P000941', 'P', 'telefono', 'cobrado', '2026-05-11 16:09:00', NULL, '2026-05-11 16:42:00', 'Restaurante Pizza Express', '963000005', NULL, NULL, 54.09, 0.00, 0.00, 5.41, 59.50, 59.50, 0.00, NULL, NULL, NULL, 0, NULL, '2026-05-11 21:09:00', '2026-05-11 21:09:00'),
	(942, 7, 2, NULL, NULL, 'P000942', 'P', 'mostrador', 'cobrado', '2026-05-11 14:49:00', NULL, '2026-05-11 15:12:00', NULL, NULL, NULL, NULL, 50.00, 0.00, 0.00, 5.00, 55.00, 55.00, 0.00, NULL, NULL, NULL, 0, NULL, '2026-05-11 19:49:00', '2026-05-11 19:49:00'),
	(943, 7, 3, NULL, NULL, 'P000943', 'P', 'mostrador', 'cobrado', '2026-05-11 14:50:00', NULL, '2026-05-11 15:05:00', NULL, NULL, NULL, NULL, 17.73, 0.00, 0.00, 1.77, 19.50, 19.50, 0.00, NULL, NULL, NULL, 0, NULL, '2026-05-11 19:50:00', '2026-05-11 19:50:00'),
	(944, 7, 2, 3, NULL, 'P000944', 'P', 'mostrador', 'cobrado', '2026-05-11 20:30:00', NULL, '2026-05-11 21:29:00', 'Carlos Martínez Soto', '954000003', NULL, NULL, 151.09, 0.00, 0.00, 15.11, 166.20, 166.20, 0.00, NULL, NULL, NULL, 0, NULL, '2026-05-12 01:30:00', '2026-05-12 01:30:00'),
	(945, 7, 3, NULL, NULL, 'P000945', 'P', 'mostrador', 'anulado', '2026-05-11 21:58:00', NULL, NULL, NULL, NULL, NULL, NULL, 10.91, 0.00, 0.00, 1.09, 12.00, 0.00, 0.00, NULL, NULL, NULL, 0, NULL, '2026-05-12 02:58:00', '2026-05-12 02:58:00'),
	(946, 7, 5, 3, 15, 'P000946', 'P', 'mesa', 'cobrado', '2026-05-11 20:57:00', NULL, '2026-05-11 21:15:00', 'Carlos Martínez Soto', '954000003', NULL, NULL, 33.18, 1.44, 0.00, 3.32, 35.06, 35.06, 0.00, NULL, NULL, 2, 0, NULL, '2026-05-12 01:57:00', '2026-05-12 01:57:00'),
	(947, 7, 4, NULL, NULL, 'P000947', 'P', 'mostrador', 'cobrado', '2026-05-11 20:07:00', NULL, '2026-05-11 20:23:00', NULL, NULL, NULL, NULL, 82.45, 1.36, 0.00, 8.25, 89.34, 89.34, 0.00, NULL, NULL, NULL, 0, NULL, '2026-05-12 01:07:00', '2026-05-12 01:07:00'),
	(948, 7, 3, NULL, NULL, 'P000948', 'P', 'mostrador', 'cobrado', '2026-05-11 22:23:00', NULL, '2026-05-11 23:15:00', NULL, NULL, NULL, NULL, 41.36, 0.00, 0.00, 4.14, 45.50, 45.50, 0.00, NULL, NULL, NULL, 0, NULL, '2026-05-12 03:23:00', '2026-05-12 03:23:00'),
	(949, 7, 5, NULL, NULL, 'P000949', 'P', 'mostrador', 'cobrado', '2026-05-11 19:57:00', NULL, '2026-05-11 20:16:00', NULL, NULL, NULL, NULL, 20.91, 0.00, 0.00, 2.09, 23.00, 23.00, 0.00, NULL, NULL, NULL, 0, NULL, '2026-05-12 00:57:00', '2026-05-12 00:57:00'),
	(950, 7, 2, 2, 25, 'P000950', 'P', 'mesa', 'anulado', '2026-05-11 21:47:00', NULL, NULL, 'María Fernández Ruiz', '932000002', NULL, NULL, 8.18, 0.00, 0.00, 0.82, 9.00, 0.00, 0.00, NULL, NULL, 4, 0, NULL, '2026-05-12 02:47:00', '2026-05-12 02:47:00'),
	(951, 7, 6, 4, 18, 'P000951', 'P', 'mesa', 'cobrado', '2026-05-11 23:43:00', NULL, '2026-05-12 00:14:00', 'Lucía Pérez Sanz', '923000004', NULL, NULL, 2.00, 0.00, 0.00, 0.20, 2.20, 2.20, 0.00, NULL, NULL, 1, 0, NULL, '2026-05-12 04:43:00', '2026-05-12 04:43:00'),
	(952, 8, 4, 4, 1, 'P000952', 'P', 'mesa', 'cobrado', '2026-05-12 16:24:00', NULL, '2026-05-12 17:09:00', 'Lucía Pérez Sanz', '923000004', NULL, NULL, 62.55, 0.00, 0.00, 6.25, 68.80, 68.80, 0.00, NULL, NULL, 2, 0, NULL, '2026-05-12 21:24:00', '2026-05-12 21:24:00'),
	(953, 8, 2, 7, NULL, 'P000953', 'P', 'domicilio', 'cobrado', '2026-05-12 13:01:00', NULL, '2026-05-12 14:00:00', 'David Rodríguez Núñez', '976000007', 'Paseo Independencia', NULL, 64.55, 0.00, 2.50, 6.45, 73.50, 73.50, 0.00, NULL, NULL, NULL, 0, NULL, '2026-05-12 18:01:00', '2026-05-12 18:01:00'),
	(954, 8, 3, 1, NULL, 'P000954', 'P', 'domicilio', 'cobrado', '2026-05-12 22:25:00', NULL, '2026-05-12 23:13:00', 'Juan García López', '912345001', 'Calle Goya', NULL, 38.27, 0.00, 2.50, 3.83, 44.60, 44.60, 0.00, NULL, NULL, NULL, 0, NULL, '2026-05-13 03:25:00', '2026-05-13 03:25:00'),
	(955, 8, 6, NULL, NULL, 'P000955', 'P', 'recogida', 'cobrado', '2026-05-12 13:12:00', NULL, '2026-05-12 13:51:00', NULL, NULL, NULL, NULL, 35.73, 0.00, 0.00, 3.57, 39.30, 39.30, 0.00, NULL, NULL, NULL, 0, NULL, '2026-05-12 18:12:00', '2026-05-12 18:12:00'),
	(956, 8, 4, 7, NULL, 'P000956', 'P', 'mostrador', 'anulado', '2026-05-12 20:32:00', NULL, NULL, 'David Rodríguez Núñez', '976000007', NULL, NULL, 37.36, 0.00, 0.00, 3.74, 41.10, 0.00, 0.00, NULL, NULL, NULL, 0, NULL, '2026-05-13 01:32:00', '2026-05-13 01:32:00'),
	(957, 8, 5, NULL, 27, 'P000957', 'P', 'mesa', 'cobrado', '2026-05-12 13:54:00', NULL, '2026-05-12 14:43:00', NULL, NULL, NULL, NULL, 61.36, 0.00, 0.00, 6.14, 67.50, 67.50, 0.00, NULL, NULL, 3, 0, NULL, '2026-05-12 18:54:00', '2026-05-12 18:54:00'),
	(958, 8, 6, NULL, 20, 'P000958', 'P', 'mesa', 'cobrado', '2026-05-12 23:12:00', NULL, '2026-05-13 00:05:00', NULL, NULL, NULL, NULL, 28.64, 0.00, 0.00, 2.86, 31.50, 31.50, 0.00, NULL, NULL, 4, 0, NULL, '2026-05-13 04:12:00', '2026-05-13 04:12:00'),
	(959, 8, 1, NULL, 23, 'P000959', 'P', 'mesa', 'anulado', '2026-05-12 12:57:00', NULL, NULL, NULL, NULL, NULL, NULL, 38.18, 0.00, 0.00, 3.82, 42.00, 0.00, 0.00, NULL, NULL, 2, 0, NULL, '2026-05-12 17:57:00', '2026-05-12 17:57:00'),
	(960, 8, 6, NULL, NULL, 'P000960', 'P', 'mostrador', 'anulado', '2026-05-12 16:14:00', NULL, NULL, NULL, NULL, NULL, NULL, 30.00, 0.00, 0.00, 3.00, 33.00, 0.00, 0.00, NULL, NULL, NULL, 0, NULL, '2026-05-12 21:14:00', '2026-05-12 21:14:00'),
	(961, 8, 1, NULL, NULL, 'P000961', 'P', 'mostrador', 'cobrado', '2026-05-12 17:31:00', NULL, '2026-05-12 17:51:00', NULL, NULL, NULL, NULL, 26.73, 0.00, 0.00, 2.67, 29.40, 29.40, 0.00, NULL, NULL, NULL, 0, NULL, '2026-05-12 22:31:00', '2026-05-12 22:31:00'),
	(962, 8, 5, 2, NULL, 'P000962', 'P', 'domicilio', 'cobrado', '2026-05-12 17:17:00', NULL, '2026-05-12 18:15:00', 'María Fernández Ruiz', '932000002', 'Avenida Diagonal', NULL, 41.27, 0.00, 2.50, 4.13, 47.90, 47.90, 0.00, NULL, NULL, NULL, 0, NULL, '2026-05-12 22:17:00', '2026-05-12 22:17:00'),
	(963, 9, 3, 7, NULL, 'P000963', 'P', 'domicilio', 'cobrado', '2026-05-13 22:48:00', NULL, '2026-05-13 23:22:00', 'David Rodríguez Núñez', '976000007', 'Paseo Independencia', NULL, 58.18, 0.00, 2.50, 5.82, 66.50, 66.50, 0.00, NULL, NULL, NULL, 0, NULL, '2026-05-14 03:48:00', '2026-05-14 03:48:00'),
	(964, 9, 5, NULL, NULL, 'P000964', 'P', 'mostrador', 'cobrado', '2026-05-13 12:41:00', NULL, '2026-05-13 13:24:00', NULL, NULL, NULL, NULL, 76.55, 2.09, 0.00, 7.65, 82.11, 82.11, 0.00, NULL, NULL, NULL, 0, NULL, '2026-05-13 17:41:00', '2026-05-13 17:41:00'),
	(965, 9, 4, 8, NULL, 'P000965', 'P', 'domicilio', 'cobrado', '2026-05-13 17:26:00', NULL, '2026-05-13 17:43:00', 'Patricia González Pardo', '948000008', 'Avenida de Carlos III', NULL, 53.82, 0.00, 2.50, 5.38, 61.70, 61.70, 0.00, NULL, NULL, NULL, 0, NULL, '2026-05-13 22:26:00', '2026-05-13 22:26:00'),
	(966, 9, 2, 5, 30, 'P000966', 'P', 'mesa', 'cobrado', '2026-05-13 14:10:00', NULL, '2026-05-13 14:59:00', 'Restaurante Pizza Express', '963000005', NULL, NULL, 136.55, 0.00, 0.00, 13.65, 150.20, 150.20, 0.00, NULL, NULL, 4, 0, NULL, '2026-05-13 19:10:00', '2026-05-13 19:10:00'),
	(967, 9, 2, NULL, NULL, 'P000967', 'P', 'mostrador', 'anulado', '2026-05-13 14:36:00', NULL, NULL, NULL, NULL, NULL, NULL, 30.91, 0.00, 0.00, 3.09, 34.00, 0.00, 0.00, NULL, NULL, NULL, 0, NULL, '2026-05-13 19:36:00', '2026-05-13 19:36:00'),
	(968, 9, 4, NULL, 27, 'P000968', 'P', 'mesa', 'anulado', '2026-05-13 13:28:00', NULL, NULL, NULL, NULL, NULL, NULL, 40.00, 0.00, 0.00, 4.00, 44.00, 0.00, 0.00, NULL, NULL, 3, 0, NULL, '2026-05-13 18:28:00', '2026-05-13 18:28:00'),
	(969, 9, 4, 12, NULL, 'P000969', 'P', 'telefono', 'cobrado', '2026-05-13 18:14:00', NULL, '2026-05-13 18:35:00', 'Roberto Domínguez Castro', '941000012', NULL, NULL, 19.82, 0.00, 0.00, 1.98, 21.80, 21.80, 0.00, NULL, NULL, NULL, 0, NULL, '2026-05-13 23:14:00', '2026-05-13 23:14:00'),
	(970, 9, 3, 9, NULL, 'P000970', 'P', 'mostrador', 'cobrado', '2026-05-13 23:26:00', NULL, '2026-05-14 00:04:00', 'Miguel Torres Aguilar', '957000009', NULL, NULL, 62.64, 0.00, 0.00, 6.26, 68.90, 68.90, 0.00, NULL, NULL, NULL, 0, NULL, '2026-05-14 04:26:00', '2026-05-14 04:26:00'),
	(971, 9, 4, NULL, NULL, 'P000971', 'P', 'mostrador', 'cobrado', '2026-05-13 21:20:00', NULL, '2026-05-13 22:14:00', NULL, NULL, NULL, NULL, 63.64, 0.00, 0.00, 6.36, 70.00, 70.00, 0.00, NULL, NULL, NULL, 0, NULL, '2026-05-14 02:20:00', '2026-05-14 02:20:00'),
	(972, 9, 5, 8, NULL, 'P000972', 'P', 'mostrador', 'cobrado', '2026-05-13 15:28:00', NULL, '2026-05-13 16:06:00', 'Patricia González Pardo', '948000008', NULL, NULL, 49.91, 0.00, 0.00, 4.99, 54.90, 54.90, 0.00, NULL, NULL, NULL, 0, NULL, '2026-05-13 20:28:00', '2026-05-13 20:28:00'),
	(973, 9, 3, 4, NULL, 'P000973', 'P', 'domicilio', 'cobrado', '2026-05-13 21:57:00', NULL, '2026-05-13 22:44:00', 'Lucía Pérez Sanz', '923000004', 'Plaza Mayor', NULL, 29.36, 0.00, 2.50, 2.94, 34.80, 34.80, 0.00, NULL, NULL, NULL, 0, NULL, '2026-05-14 02:57:00', '2026-05-14 02:57:00'),
	(974, 9, 5, NULL, 24, 'P000974', 'P', 'mesa', 'cobrado', '2026-05-13 14:05:00', NULL, '2026-05-13 14:48:00', NULL, NULL, NULL, NULL, 52.27, 0.00, 0.00, 5.23, 57.50, 57.50, 0.00, NULL, NULL, 1, 0, NULL, '2026-05-13 19:05:00', '2026-05-13 19:05:00'),
	(975, 9, 4, 12, NULL, 'P000975', 'P', 'domicilio', 'cobrado', '2026-05-13 15:39:00', NULL, '2026-05-13 16:22:00', 'Roberto Domínguez Castro', '941000012', 'Calle Portales', NULL, 14.09, 0.00, 2.50, 1.41, 18.00, 18.00, 0.00, NULL, NULL, NULL, 0, NULL, '2026-05-13 20:39:00', '2026-05-13 20:39:00'),
	(976, 10, 6, 2, NULL, 'P000976', 'P', 'domicilio', 'cobrado', '2026-05-14 14:10:00', NULL, '2026-05-14 14:56:00', 'María Fernández Ruiz', '932000002', 'Avenida Diagonal', NULL, 42.27, 0.00, 2.50, 4.23, 49.00, 49.00, 0.00, NULL, NULL, NULL, 0, NULL, '2026-05-14 19:10:00', '2026-05-14 19:10:00'),
	(977, 10, 2, 4, NULL, 'P000977', 'P', 'telefono', 'cobrado', '2026-05-14 21:32:00', NULL, '2026-05-14 22:21:00', 'Lucía Pérez Sanz', '923000004', NULL, NULL, 4.09, 0.00, 0.00, 0.41, 4.50, 4.50, 0.00, NULL, NULL, NULL, 0, NULL, '2026-05-15 02:32:00', '2026-05-15 02:32:00'),
	(978, 10, 2, NULL, 4, 'P000978', 'P', 'mesa', 'cobrado', '2026-05-14 14:23:00', NULL, '2026-05-14 15:07:00', NULL, NULL, NULL, NULL, 112.91, 0.00, 0.00, 11.29, 124.20, 124.20, 0.00, NULL, NULL, 2, 0, NULL, '2026-05-14 19:23:00', '2026-05-14 19:23:00'),
	(979, 10, 2, NULL, NULL, 'P000979', 'P', 'mostrador', 'cobrado', '2026-05-14 13:36:00', NULL, '2026-05-14 14:17:00', NULL, NULL, NULL, NULL, 81.27, 0.00, 0.00, 8.13, 89.40, 89.40, 0.00, NULL, NULL, NULL, 0, NULL, '2026-05-14 18:36:00', '2026-05-14 18:36:00'),
	(980, 10, 4, 11, NULL, 'P000980', 'P', 'domicilio', 'cobrado', '2026-05-14 15:29:00', NULL, '2026-05-14 16:01:00', 'Café Bar Central', '928000011', 'Calle Triana', NULL, 107.00, 0.00, 2.50, 10.70, 120.20, 120.20, 0.00, NULL, NULL, NULL, 0, NULL, '2026-05-14 20:29:00', '2026-05-14 20:29:00'),
	(981, 10, 6, NULL, 28, 'P000981', 'P', 'mesa', 'cobrado', '2026-05-14 22:57:00', NULL, '2026-05-14 23:53:00', NULL, NULL, NULL, NULL, 56.73, 1.03, 0.00, 5.67, 61.37, 61.37, 0.00, NULL, NULL, 2, 0, NULL, '2026-05-15 03:57:00', '2026-05-15 03:57:00'),
	(982, 10, 1, NULL, 18, 'P000982', 'P', 'mesa', 'cobrado', '2026-05-14 14:48:00', NULL, '2026-05-14 15:36:00', NULL, NULL, NULL, NULL, 20.73, 0.00, 0.00, 2.07, 22.80, 22.80, 0.00, NULL, NULL, 3, 0, NULL, '2026-05-14 19:48:00', '2026-05-14 19:48:00'),
	(983, 10, 1, 9, NULL, 'P000983', 'P', 'domicilio', 'cobrado', '2026-05-14 22:27:00', NULL, '2026-05-14 22:53:00', 'Miguel Torres Aguilar', '957000009', 'Calle Cruz Conde', NULL, 97.91, 1.05, 2.50, 9.79, 109.15, 109.15, 0.00, NULL, NULL, NULL, 0, NULL, '2026-05-15 03:27:00', '2026-05-15 03:27:00'),
	(984, 10, 5, NULL, NULL, 'P000984', 'P', 'mostrador', 'cobrado', '2026-05-14 19:43:00', NULL, '2026-05-14 20:19:00', NULL, NULL, NULL, NULL, 4.00, 0.00, 0.00, 0.40, 4.40, 4.40, 0.00, NULL, NULL, NULL, 0, NULL, '2026-05-15 00:43:00', '2026-05-15 00:43:00'),
	(985, 10, 4, 2, NULL, 'P000985', 'P', 'domicilio', 'cobrado', '2026-05-14 15:47:00', NULL, '2026-05-14 16:10:00', 'María Fernández Ruiz', '932000002', 'Avenida Diagonal', NULL, 67.64, 0.00, 2.50, 6.76, 76.90, 76.90, 0.00, NULL, NULL, NULL, 0, NULL, '2026-05-14 20:47:00', '2026-05-14 20:47:00'),
	(986, 10, 3, NULL, NULL, 'P000986', 'P', 'mostrador', 'cobrado', '2026-05-14 14:22:00', NULL, '2026-05-14 15:08:00', NULL, NULL, NULL, NULL, 41.55, 0.00, 0.00, 4.15, 45.70, 45.70, 0.00, NULL, NULL, NULL, 0, NULL, '2026-05-14 19:22:00', '2026-05-14 19:22:00'),
	(987, 10, 5, NULL, NULL, 'P000987', 'P', 'mostrador', 'cobrado', '2026-05-14 12:49:00', NULL, '2026-05-14 13:09:00', NULL, NULL, NULL, NULL, 93.91, 0.00, 0.00, 9.39, 103.30, 103.30, 0.00, NULL, NULL, NULL, 0, NULL, '2026-05-14 17:49:00', '2026-05-14 17:49:00'),
	(988, 10, 3, NULL, 30, 'P000988', 'P', 'mesa', 'cobrado', '2026-05-14 23:18:00', NULL, '2026-05-14 23:48:00', NULL, NULL, NULL, NULL, 34.09, 0.00, 0.00, 3.41, 37.50, 37.50, 0.00, NULL, NULL, 3, 0, NULL, '2026-05-15 04:18:00', '2026-05-15 04:18:00'),
	(989, 10, 2, NULL, 6, 'P000989', 'P', 'mesa', 'anulado', '2026-05-14 22:03:00', NULL, NULL, NULL, NULL, NULL, NULL, 6.00, 0.00, 0.00, 0.60, 6.60, 0.00, 0.00, NULL, NULL, 1, 0, NULL, '2026-05-15 03:03:00', '2026-05-15 03:03:00'),
	(990, 10, 4, NULL, NULL, 'P000990', 'P', 'mostrador', 'cobrado', '2026-05-14 22:09:00', NULL, '2026-05-14 23:05:00', NULL, NULL, NULL, NULL, 109.27, 1.23, 0.00, 10.93, 118.97, 118.97, 0.00, NULL, NULL, NULL, 0, NULL, '2026-05-15 03:09:00', '2026-05-15 03:09:00'),
	(991, 10, 1, 9, NULL, 'P000991', 'P', 'telefono', 'cobrado', '2026-05-14 21:26:00', NULL, '2026-05-14 22:00:00', 'Miguel Torres Aguilar', '957000009', NULL, NULL, 47.73, 0.00, 0.00, 4.77, 52.50, 52.50, 0.00, NULL, NULL, NULL, 0, NULL, '2026-05-15 02:26:00', '2026-05-15 02:26:00'),
	(992, NULL, 3, 11, NULL, 'P000992', 'P', 'mostrador', 'cobrado', '2026-05-19 13:15:00', NULL, '2026-05-19 13:57:00', 'Café Bar Central', '928000011', NULL, NULL, 29.27, 0.00, 0.00, 2.93, 32.20, 32.20, 0.00, 'Pedido especial cliente VIP', NULL, NULL, 0, NULL, '2026-05-19 18:15:00', '2026-05-19 18:15:00'),
	(993, NULL, 18, 20, 23, 'P000993', 'P', 'mesa', 'en_preparacion', '2026-05-19 14:30:00', NULL, NULL, 'Daniela Ortiz Bravo', '961001008', NULL, NULL, 17.73, 0.00, 0.00, 1.77, 19.50, 0.00, 0.00, NULL, NULL, 3, 0, NULL, '2026-05-19 19:30:00', '2026-05-19 19:30:00'),
	(994, NULL, 18, 5, NULL, 'P000994', 'P', 'domicilio', 'cobrado', '2026-05-19 20:45:00', NULL, '2026-05-19 21:11:00', 'Restaurante Pizza Express', '963000005', 'Avenida Principal', NULL, 39.55, 0.00, 2.50, 3.95, 46.00, 46.00, 0.00, NULL, NULL, NULL, 0, NULL, '2026-05-20 01:45:00', '2026-05-20 01:45:00'),
	(995, 21, 13, 6, NULL, 'P000995', 'P', 'mostrador', 'cobrado', '2026-05-18 13:50:00', NULL, '2026-05-18 14:27:00', 'Andrea Sánchez Vega', '981000006', NULL, NULL, 64.73, 0.00, 0.00, 6.47, 71.20, 71.20, 0.00, 'Pedido especial cliente VIP', NULL, NULL, 0, NULL, '2026-05-18 18:50:00', '2026-05-18 18:50:00'),
	(996, 21, 12, 4, NULL, 'P000996', 'P', 'recogida', 'cobrado', '2026-05-18 21:10:00', NULL, '2026-05-18 21:39:00', 'Lucía Pérez Sanz', '923000004', NULL, NULL, 49.00, 0.00, 0.00, 4.90, 53.90, 53.90, 0.00, NULL, NULL, NULL, 0, NULL, '2026-05-19 02:10:00', '2026-05-19 02:10:00'),
	(997, 20, 12, 15, NULL, 'P000997', 'P', 'telefono', 'cobrado', '2026-05-16 14:05:00', NULL, '2026-05-16 14:37:00', 'Inés Herrera Caro', '935001003', NULL, NULL, 33.64, 0.00, 0.00, 3.36, 37.00, 37.00, 0.00, NULL, NULL, NULL, 0, NULL, '2026-05-16 19:05:00', '2026-05-16 19:05:00'),
	(998, NULL, 19, 2, 1, 'P000998', 'P', 'mesa', 'cobrado', '2026-05-13 20:30:00', NULL, '2026-05-13 21:10:00', 'María Fernández Ruiz', '932000002', NULL, NULL, 50.45, 0.00, 0.00, 5.05, 55.50, 55.50, 0.00, 'Pedido especial cliente VIP', NULL, 2, 0, NULL, '2026-05-14 01:30:00', '2026-05-14 01:30:00'),
	(999, 17, 1, 4, NULL, 'P000999', 'P', 'domicilio', 'cobrado', '2026-05-07 13:40:00', NULL, '2026-05-07 14:00:00', 'Lucía Pérez Sanz', '923000004', 'Plaza Mayor', NULL, 7.73, 0.00, 2.50, 0.77, 11.00, 11.00, 0.00, NULL, NULL, NULL, 0, NULL, '2026-05-07 18:40:00', '2026-05-07 18:40:00'),
	(1000, 15, 19, 4, NULL, 'P001000', 'P', 'mostrador', 'cobrado', '2026-04-27 21:00:00', NULL, '2026-04-27 21:31:00', 'Lucía Pérez Sanz', '923000004', NULL, NULL, 83.18, 0.00, 0.00, 8.32, 91.50, 91.50, 0.00, NULL, NULL, NULL, 0, NULL, '2026-04-28 02:00:00', '2026-04-28 02:00:00'),
	(1001, NULL, 4, 10, 3, 'P001001', 'P', 'mesa', 'cobrado', '2026-04-09 14:25:00', NULL, '2026-04-09 15:03:00', 'Sara Jiménez Ramos', '925000010', NULL, NULL, 10.18, 0.00, 0.00, 1.02, 11.20, 11.20, 0.00, 'Pedido especial cliente VIP', NULL, 5, 0, NULL, '2026-04-09 19:25:00', '2026-04-09 19:25:00');

-- Volcando estructura para tabla tpv_fastfood_crm.pedido_detalles
